{"id":8271,"date":"2025-10-01T02:16:58","date_gmt":"2025-10-01T02:16:58","guid":{"rendered":"https:\/\/lovme.pt\/?post_type=product&#038;p=8271"},"modified":"2026-04-14T12:35:30","modified_gmt":"2026-04-14T12:35:30","slug":"extreme-toyz-penis-e-masturbador-de-bunda-tudo-em-um-so-xl","status":"publish","type":"product","link":"https:\/\/lovme.pt\/index.php\/produto\/extreme-toyz-penis-e-masturbador-de-bunda-tudo-em-um-so-xl\/","title":{"rendered":"EXTREME TOYZ &#8211; P\u00caNIS E MASTURBADOR DE BUNDA TUDO EM UM S\u00d3 XL"},"content":{"rendered":"<p>Agora voc&ecirc; pode ter o melhor de ambos os sexos com este incr&iacute;vel masturbador.<\/p>\n<p> Voc&ecirc; sempre sonhou em ter um caso anal enquanto masturbava um p&ecirc;nis duro.<\/p>\n<ul>\n<li> 100% livre de falato<\/li>\n<li> Medidas inser&iacute;veis: 17,5 x 5 cm<\/li>\n<\/ul>\n<p> O masturbador tem n&aacute;degas suculentas conectadas a um p&ecirc;nis de 17 cent&iacute;metros.<\/p>\n<p> Este bad boy vai deixar voc&ecirc; fazer isso por tr&aacute;s enquanto voc&ecirc; o toca pela frente. D&ecirc; uma surra nele e ou&ccedil;a o som como se fosse uma bunda de verdade, preencha-o com toda sua masculinidade e descarregue sua masculinidade dentro dele.<\/p>\n<p> Feito com Fanta Flesh, ele abra&ccedil;ar&aacute; cada cent&iacute;metro de sua haste de prazer como um verdadeiro &acirc;nus. Fa&ccedil;a o que voc&ecirc; mais deseja com isso.<\/p>\n<p> Voc&ecirc; pode usar lubrificante para um encontro ideal e depois limp&aacute;-lo com o limpador Pipedream e &aacute;gua morna.<\/p><\/p>\n","protected":false},"excerpt":{"rendered":"<p>EXTREME TOYZ &#8211; P\u00caNIS E MASTURBADOR DE BUNDA TUDO EM UM S\u00d3 XL<\/p>\n","protected":false},"featured_media":95911,"template":"","meta":{"_acf_changed":false},"product_brand":[],"product_cat":[63],"product_tag":[],"class_list":{"0":"post-8271","1":"product","2":"type-product","3":"status-publish","4":"has-post-thumbnail","6":"product_cat-sexo-anal","7":"yith_product_brand-pipedreamsextreme-toyz","9":"first","10":"instock","11":"taxable","12":"shipping-taxable","13":"purchasable","14":"product-type-simple"},"acf":[],"yoast_head":"<!-- This site is optimized with the Yoast SEO plugin v27.4 - https:\/\/yoast.com\/product\/yoast-seo-wordpress\/ -->\n<title>EXTREME TOYZ - P\u00caNIS E MASTURBADOR DE BUNDA TUDO EM UM S\u00d3 XL - Lovme<\/title>\n<meta name=\"robots\" content=\"index, follow, max-snippet:-1, max-image-preview:large, max-video-preview:-1\" \/>\n<link rel=\"canonical\" href=\"https:\/\/lovme.pt\/index.php\/produto\/extreme-toyz-penis-e-masturbador-de-bunda-tudo-em-um-so-xl\/\" \/>\n<meta property=\"og:locale\" content=\"pt_PT\" \/>\n<meta property=\"og:type\" content=\"article\" \/>\n<meta property=\"og:title\" content=\"EXTREME TOYZ - P\u00caNIS E MASTURBADOR DE BUNDA TUDO EM UM S\u00d3 XL - Lovme\" \/>\n<meta property=\"og:description\" content=\"EXTREME TOYZ - P\u00caNIS E MASTURBADOR DE BUNDA TUDO EM UM S\u00d3 XL\" \/>\n<meta property=\"og:url\" content=\"https:\/\/lovme.pt\/index.php\/produto\/extreme-toyz-penis-e-masturbador-de-bunda-tudo-em-um-so-xl\/\" \/>\n<meta property=\"og:site_name\" content=\"Lovme\" \/>\n<meta property=\"article:modified_time\" content=\"2026-04-14T12:35:30+00:00\" \/>\n<meta property=\"og:image\" content=\"https:\/\/erki24nd3ub.exactdn.com\/wp-content\/uploads\/dream\/img\/img_21331_8aad40feb7410817c2380137535af593_1.jpg?strip=all\" \/>\n\t<meta property=\"og:image:width\" content=\"900\" \/>\n\t<meta property=\"og:image:height\" content=\"900\" \/>\n\t<meta property=\"og:image:type\" content=\"image\/jpeg\" \/>\n<meta name=\"twitter:card\" content=\"summary_large_image\" \/>\n<meta name=\"twitter:label1\" content=\"Tempo estimado de leitura\" \/>\n\t<meta name=\"twitter:data1\" content=\"1 minuto\" \/>\n<script type=\"application\/ld+json\" class=\"yoast-schema-graph\">{\"@context\":\"https:\\\/\\\/schema.org\",\"@graph\":[{\"@type\":\"WebPage\",\"@id\":\"https:\\\/\\\/lovme.pt\\\/index.php\\\/produto\\\/extreme-toyz-penis-e-masturbador-de-bunda-tudo-em-um-so-xl\\\/\",\"url\":\"https:\\\/\\\/lovme.pt\\\/index.php\\\/produto\\\/extreme-toyz-penis-e-masturbador-de-bunda-tudo-em-um-so-xl\\\/\",\"name\":\"EXTREME TOYZ - P\u00caNIS E MASTURBADOR DE BUNDA TUDO EM UM S\u00d3 XL - Lovme\",\"isPartOf\":{\"@id\":\"https:\\\/\\\/lovme.pt\\\/#website\"},\"primaryImageOfPage\":{\"@id\":\"https:\\\/\\\/lovme.pt\\\/index.php\\\/produto\\\/extreme-toyz-penis-e-masturbador-de-bunda-tudo-em-um-so-xl\\\/#primaryimage\"},\"image\":{\"@id\":\"https:\\\/\\\/lovme.pt\\\/index.php\\\/produto\\\/extreme-toyz-penis-e-masturbador-de-bunda-tudo-em-um-so-xl\\\/#primaryimage\"},\"thumbnailUrl\":\"https:\\\/\\\/erki24nd3ub.exactdn.com\\\/wp-content\\\/uploads\\\/dream\\\/img\\\/img_21331_8aad40feb7410817c2380137535af593_1.jpg?strip=all\",\"datePublished\":\"2025-10-01T02:16:58+00:00\",\"dateModified\":\"2026-04-14T12:35:30+00:00\",\"breadcrumb\":{\"@id\":\"https:\\\/\\\/lovme.pt\\\/index.php\\\/produto\\\/extreme-toyz-penis-e-masturbador-de-bunda-tudo-em-um-so-xl\\\/#breadcrumb\"},\"inLanguage\":\"pt-PT\",\"potentialAction\":[{\"@type\":\"ReadAction\",\"target\":[\"https:\\\/\\\/lovme.pt\\\/index.php\\\/produto\\\/extreme-toyz-penis-e-masturbador-de-bunda-tudo-em-um-so-xl\\\/\"]}]},{\"@type\":\"ImageObject\",\"inLanguage\":\"pt-PT\",\"@id\":\"https:\\\/\\\/lovme.pt\\\/index.php\\\/produto\\\/extreme-toyz-penis-e-masturbador-de-bunda-tudo-em-um-so-xl\\\/#primaryimage\",\"url\":\"https:\\\/\\\/erki24nd3ub.exactdn.com\\\/wp-content\\\/uploads\\\/dream\\\/img\\\/img_21331_8aad40feb7410817c2380137535af593_1.jpg?strip=all\",\"contentUrl\":\"https:\\\/\\\/erki24nd3ub.exactdn.com\\\/wp-content\\\/uploads\\\/dream\\\/img\\\/img_21331_8aad40feb7410817c2380137535af593_1.jpg?strip=all\",\"width\":900,\"height\":900},{\"@type\":\"BreadcrumbList\",\"@id\":\"https:\\\/\\\/lovme.pt\\\/index.php\\\/produto\\\/extreme-toyz-penis-e-masturbador-de-bunda-tudo-em-um-so-xl\\\/#breadcrumb\",\"itemListElement\":[{\"@type\":\"ListItem\",\"position\":1,\"name\":\"In\u00edcio\",\"item\":\"https:\\\/\\\/lovme.pt\\\/\"},{\"@type\":\"ListItem\",\"position\":2,\"name\":\"Loja\",\"item\":\"https:\\\/\\\/lovme.pt\\\/index.php\\\/loja\\\/\"},{\"@type\":\"ListItem\",\"position\":3,\"name\":\"EXTREME TOYZ &#8211; P\u00caNIS E MASTURBADOR DE BUNDA TUDO EM UM S\u00d3 XL\"}]},{\"@type\":\"WebSite\",\"@id\":\"https:\\\/\\\/lovme.pt\\\/#website\",\"url\":\"https:\\\/\\\/lovme.pt\\\/\",\"name\":\"Lovme Loja Er\u00f3tica N\u00ba1 em Portugal\",\"description\":\"A melhor loja er\u00f3tica de Portugal.\",\"alternateName\":\"Loja Er\u00f3tica Lovme\",\"potentialAction\":[{\"@type\":\"SearchAction\",\"target\":{\"@type\":\"EntryPoint\",\"urlTemplate\":\"https:\\\/\\\/lovme.pt\\\/?s={search_term_string}\"},\"query-input\":{\"@type\":\"PropertyValueSpecification\",\"valueRequired\":true,\"valueName\":\"search_term_string\"}}],\"inLanguage\":\"pt-PT\"}]}<\/script>\n<!-- \/ Yoast SEO plugin. -->","yoast_head_json":{"title":"EXTREME TOYZ - P\u00caNIS E MASTURBADOR DE BUNDA TUDO EM UM S\u00d3 XL - Lovme","robots":{"index":"index","follow":"follow","max-snippet":"max-snippet:-1","max-image-preview":"max-image-preview:large","max-video-preview":"max-video-preview:-1"},"canonical":"https:\/\/lovme.pt\/index.php\/produto\/extreme-toyz-penis-e-masturbador-de-bunda-tudo-em-um-so-xl\/","og_locale":"pt_PT","og_type":"article","og_title":"EXTREME TOYZ - P\u00caNIS E MASTURBADOR DE BUNDA TUDO EM UM S\u00d3 XL - Lovme","og_description":"EXTREME TOYZ - P\u00caNIS E MASTURBADOR DE BUNDA TUDO EM UM S\u00d3 XL","og_url":"https:\/\/lovme.pt\/index.php\/produto\/extreme-toyz-penis-e-masturbador-de-bunda-tudo-em-um-so-xl\/","og_site_name":"Lovme","article_modified_time":"2026-04-14T12:35:30+00:00","og_image":[{"width":900,"height":900,"url":"https:\/\/erki24nd3ub.exactdn.com\/wp-content\/uploads\/dream\/img\/img_21331_8aad40feb7410817c2380137535af593_1.jpg?strip=all","type":"image\/jpeg"}],"twitter_card":"summary_large_image","twitter_misc":{"Tempo estimado de leitura":"1 minuto"},"schema":{"@context":"https:\/\/schema.org","@graph":[{"@type":"WebPage","@id":"https:\/\/lovme.pt\/index.php\/produto\/extreme-toyz-penis-e-masturbador-de-bunda-tudo-em-um-so-xl\/","url":"https:\/\/lovme.pt\/index.php\/produto\/extreme-toyz-penis-e-masturbador-de-bunda-tudo-em-um-so-xl\/","name":"EXTREME TOYZ - P\u00caNIS E MASTURBADOR DE BUNDA TUDO EM UM S\u00d3 XL - Lovme","isPartOf":{"@id":"https:\/\/lovme.pt\/#website"},"primaryImageOfPage":{"@id":"https:\/\/lovme.pt\/index.php\/produto\/extreme-toyz-penis-e-masturbador-de-bunda-tudo-em-um-so-xl\/#primaryimage"},"image":{"@id":"https:\/\/lovme.pt\/index.php\/produto\/extreme-toyz-penis-e-masturbador-de-bunda-tudo-em-um-so-xl\/#primaryimage"},"thumbnailUrl":"https:\/\/erki24nd3ub.exactdn.com\/wp-content\/uploads\/dream\/img\/img_21331_8aad40feb7410817c2380137535af593_1.jpg?strip=all","datePublished":"2025-10-01T02:16:58+00:00","dateModified":"2026-04-14T12:35:30+00:00","breadcrumb":{"@id":"https:\/\/lovme.pt\/index.php\/produto\/extreme-toyz-penis-e-masturbador-de-bunda-tudo-em-um-so-xl\/#breadcrumb"},"inLanguage":"pt-PT","potentialAction":[{"@type":"ReadAction","target":["https:\/\/lovme.pt\/index.php\/produto\/extreme-toyz-penis-e-masturbador-de-bunda-tudo-em-um-so-xl\/"]}]},{"@type":"ImageObject","inLanguage":"pt-PT","@id":"https:\/\/lovme.pt\/index.php\/produto\/extreme-toyz-penis-e-masturbador-de-bunda-tudo-em-um-so-xl\/#primaryimage","url":"https:\/\/erki24nd3ub.exactdn.com\/wp-content\/uploads\/dream\/img\/img_21331_8aad40feb7410817c2380137535af593_1.jpg?strip=all","contentUrl":"https:\/\/erki24nd3ub.exactdn.com\/wp-content\/uploads\/dream\/img\/img_21331_8aad40feb7410817c2380137535af593_1.jpg?strip=all","width":900,"height":900},{"@type":"BreadcrumbList","@id":"https:\/\/lovme.pt\/index.php\/produto\/extreme-toyz-penis-e-masturbador-de-bunda-tudo-em-um-so-xl\/#breadcrumb","itemListElement":[{"@type":"ListItem","position":1,"name":"In\u00edcio","item":"https:\/\/lovme.pt\/"},{"@type":"ListItem","position":2,"name":"Loja","item":"https:\/\/lovme.pt\/index.php\/loja\/"},{"@type":"ListItem","position":3,"name":"EXTREME TOYZ &#8211; P\u00caNIS E MASTURBADOR DE BUNDA TUDO EM UM S\u00d3 XL"}]},{"@type":"WebSite","@id":"https:\/\/lovme.pt\/#website","url":"https:\/\/lovme.pt\/","name":"Lovme Loja Er\u00f3tica N\u00ba1 em Portugal","description":"A melhor loja er\u00f3tica de Portugal.","alternateName":"Loja Er\u00f3tica Lovme","potentialAction":[{"@type":"SearchAction","target":{"@type":"EntryPoint","urlTemplate":"https:\/\/lovme.pt\/?s={search_term_string}"},"query-input":{"@type":"PropertyValueSpecification","valueRequired":true,"valueName":"search_term_string"}}],"inLanguage":"pt-PT"}]}},"_links":{"self":[{"href":"https:\/\/lovme.pt\/index.php\/wp-json\/wp\/v2\/product\/8271","targetHints":{"allow":["GET"]}}],"collection":[{"href":"https:\/\/lovme.pt\/index.php\/wp-json\/wp\/v2\/product"}],"about":[{"href":"https:\/\/lovme.pt\/index.php\/wp-json\/wp\/v2\/types\/product"}],"wp:featuredmedia":[{"embeddable":true,"href":"https:\/\/lovme.pt\/index.php\/wp-json\/wp\/v2\/media\/95911"}],"wp:attachment":[{"href":"https:\/\/lovme.pt\/index.php\/wp-json\/wp\/v2\/media?parent=8271"}],"wp:term":[{"taxonomy":"product_brand","embeddable":true,"href":"https:\/\/lovme.pt\/index.php\/wp-json\/wp\/v2\/product_brand?post=8271"},{"taxonomy":"product_cat","embeddable":true,"href":"https:\/\/lovme.pt\/index.php\/wp-json\/wp\/v2\/product_cat?post=8271"},{"taxonomy":"product_tag","embeddable":true,"href":"https:\/\/lovme.pt\/index.php\/wp-json\/wp\/v2\/product_tag?post=8271"}],"curies":[{"name":"wp","href":"https:\/\/api.w.org\/{rel}","templated":true}]}}