{"id":62214,"date":"2025-09-30T10:05:19","date_gmt":"2025-09-30T10:05:19","guid":{"rendered":"https:\/\/lovme.pt\/?post_type=product&#038;p=62214"},"modified":"2026-02-19T20:06:30","modified_gmt":"2026-02-19T20:06:30","slug":"satisfyer-g-for-foddes-2-coelho-vibrador-garrafa-verde","status":"publish","type":"product","link":"https:\/\/lovme.pt\/index.php\/produto\/satisfyer-g-for-foddes-2-coelho-vibrador-garrafa-verde\/","title":{"rendered":"SATISFYER &#8211; G FOR GODDESS 2 VIBRADOR COELHO VERDE GARRAFA"},"content":{"rendered":"<p><u><strong>Satisfyer G for Goddess 2: Estimula\u00e7\u00e3o intensa do clit\u00f3ris e do ponto G<\/strong><\/u><\/p>\n<p> O G for Goddess 2 oferece estimula\u00e7\u00e3o dupla direcionada ao seu ponto G e clit\u00f3ris, adaptando-se \u00e0s diferentes necessidades de cada Deusa. A haste de silicone \u00e9 flex\u00edvel, garantindo que voc\u00ea encontre o \u00e2ngulo perfeito para estimular suas \u00e1reas mais sens\u00edveis. Dois motores potentes e 60 programas de vibra\u00e7\u00e3o (com 12 ritmos e 5 n\u00edveis de intensidade cada) oferecem uma ampla gama de op\u00e7\u00f5es que voc\u00ea pode controlar intuitivamente de acordo com suas prefer\u00eancias. A haste volumosa estimula o seu ponto G, enquanto o vibrador clitoriano suave permite uma estimula\u00e7\u00e3o mais profunda.<\/p>\n<p> <strong><u>G for Goddess 2<\/u><\/strong> <u><strong>: Vibrador de coelho de silicone \u00e0 prova d\u00e1gua (IPX7)<\/strong><\/u><\/p>\n<p> Seja no chuveiro, na banheira ou na cama, o G for Goddess 2 est\u00e1 pronto para qualquer aventura. Seu silicone hipoalerg\u00eanico \u00e9 altamente flex\u00edvel, enquanto seu design \u00e0 prova d\u00e1gua (IPX7) permite momentos emocionantes debaixo d\u00e1gua. Ap\u00f3s o uso, \u00e9 f\u00e1cil de limpar com \u00e1gua morna, sab\u00e3o neutro e higienizador de brinquedos. Est\u00e1 pronto para a a\u00e7\u00e3o em um instante gra\u00e7as \u00e0 sua bateria recarreg\u00e1vel. Desfrute da combina\u00e7\u00e3o perfeita de flexibilidade, vibra\u00e7\u00f5es potentes e design elegante.<\/p>\n<p> Descubra um novo n\u00edvel de prazer com o G for Goddess 2! Este vibrador em formato de coelho oferece estimula\u00e7\u00e3o perfeita do clit\u00f3ris e do ponto G gra\u00e7as ao seu corpo flex\u00edvel, programas de vibra\u00e7\u00e3o vers\u00e1teis e silicone hipoalerg\u00eanico para orgasmos divinos.<\/p>\n<p> <u><strong>CARACTER\u00cdSTICAS<\/strong><\/u> :<\/p>\n<ul>\n<li> Feito com silicone de grau m\u00e9dico supermacio e seguro para o corpo, suave ao toque e extremamente higi\u00eanico.<\/li>\n<li> Estimula\u00e7\u00e3o simult\u00e2nea do clit\u00f3ris e do ponto G.<\/li>\n<li> Dois motores potentes transmitem ritmos de vibra\u00e7\u00e3o intensos por todo o dispositivo de bem-estar sexual.<\/li>\n<li> 60 programas de vibra\u00e7\u00e3o.<\/li>\n<li> \u00c0 prova d\u00e1gua (IPX7).<\/li>\n<li> F\u00e1cil de limpar<\/li>\n<li> Cabo de carregamento USB magn\u00e9tico inclu\u00eddo.<\/li>\n<li> Formato flex\u00edvel<\/li>\n<li> Modo sussurro<\/li>\n<\/ul>\n","protected":false},"excerpt":{"rendered":"<p>SATISFYER &#8211; G FOR GODDESS 2 VIBRADOR COELHO VERDE GARRAFA<\/p>\n","protected":false},"featured_media":62215,"template":"","meta":{"_acf_changed":false},"product_brand":[],"product_cat":[17,76],"product_tag":[],"class_list":{"0":"post-62214","1":"product","2":"type-product","3":"status-publish","4":"has-post-thumbnail","6":"product_cat-brinquedos-de-bem-estar-sexual","7":"product_cat-vibradores","8":"yith_product_brand-satisfyer","9":"yith_product_brand-satisfyer-satisfyer-vibrator","11":"first","12":"instock","13":"taxable","14":"shipping-taxable","15":"purchasable","16":"product-type-simple"},"acf":[],"yoast_head":"<!-- This site is optimized with the Yoast SEO plugin v27.4 - https:\/\/yoast.com\/product\/yoast-seo-wordpress\/ -->\n<title>SATISFYER - G FOR GODDESS 2 VIBRADOR COELHO VERDE GARRAFA - Lovme<\/title>\n<meta name=\"robots\" content=\"index, follow, max-snippet:-1, max-image-preview:large, max-video-preview:-1\" \/>\n<link rel=\"canonical\" href=\"https:\/\/lovme.pt\/index.php\/produto\/satisfyer-g-for-foddes-2-coelho-vibrador-garrafa-verde\/\" \/>\n<meta property=\"og:locale\" content=\"pt_PT\" \/>\n<meta property=\"og:type\" content=\"article\" \/>\n<meta property=\"og:title\" content=\"SATISFYER - G FOR GODDESS 2 VIBRADOR COELHO VERDE GARRAFA - Lovme\" \/>\n<meta property=\"og:description\" content=\"SATISFYER - G FOR GODDESS 2 VIBRADOR COELHO VERDE GARRAFA\" \/>\n<meta property=\"og:url\" content=\"https:\/\/lovme.pt\/index.php\/produto\/satisfyer-g-for-foddes-2-coelho-vibrador-garrafa-verde\/\" \/>\n<meta property=\"og:site_name\" content=\"Lovme\" \/>\n<meta property=\"article:modified_time\" content=\"2026-02-19T20:06:30+00:00\" \/>\n<meta property=\"og:image\" content=\"https:\/\/erki24nd3ub.exactdn.com\/wp-content\/uploads\/dream\/img\/img_214779_be0e2a2e6210fe489f28e8e1b941ead0_1.jpg?strip=all\" \/>\n\t<meta property=\"og:image:width\" content=\"900\" \/>\n\t<meta property=\"og:image:height\" content=\"900\" \/>\n\t<meta property=\"og:image:type\" content=\"image\/jpeg\" \/>\n<meta name=\"twitter:card\" content=\"summary_large_image\" \/>\n<meta name=\"twitter:label1\" content=\"Tempo estimado de leitura\" \/>\n\t<meta name=\"twitter:data1\" content=\"2 minutos\" \/>\n<script type=\"application\/ld+json\" class=\"yoast-schema-graph\">{\"@context\":\"https:\\\/\\\/schema.org\",\"@graph\":[{\"@type\":\"WebPage\",\"@id\":\"https:\\\/\\\/lovme.pt\\\/index.php\\\/produto\\\/satisfyer-g-for-foddes-2-coelho-vibrador-garrafa-verde\\\/\",\"url\":\"https:\\\/\\\/lovme.pt\\\/index.php\\\/produto\\\/satisfyer-g-for-foddes-2-coelho-vibrador-garrafa-verde\\\/\",\"name\":\"SATISFYER - G FOR GODDESS 2 VIBRADOR COELHO VERDE GARRAFA - Lovme\",\"isPartOf\":{\"@id\":\"https:\\\/\\\/lovme.pt\\\/#website\"},\"primaryImageOfPage\":{\"@id\":\"https:\\\/\\\/lovme.pt\\\/index.php\\\/produto\\\/satisfyer-g-for-foddes-2-coelho-vibrador-garrafa-verde\\\/#primaryimage\"},\"image\":{\"@id\":\"https:\\\/\\\/lovme.pt\\\/index.php\\\/produto\\\/satisfyer-g-for-foddes-2-coelho-vibrador-garrafa-verde\\\/#primaryimage\"},\"thumbnailUrl\":\"https:\\\/\\\/erki24nd3ub.exactdn.com\\\/wp-content\\\/uploads\\\/dream\\\/img\\\/img_214779_be0e2a2e6210fe489f28e8e1b941ead0_1.jpg?strip=all\",\"datePublished\":\"2025-09-30T10:05:19+00:00\",\"dateModified\":\"2026-02-19T20:06:30+00:00\",\"breadcrumb\":{\"@id\":\"https:\\\/\\\/lovme.pt\\\/index.php\\\/produto\\\/satisfyer-g-for-foddes-2-coelho-vibrador-garrafa-verde\\\/#breadcrumb\"},\"inLanguage\":\"pt-PT\",\"potentialAction\":[{\"@type\":\"ReadAction\",\"target\":[\"https:\\\/\\\/lovme.pt\\\/index.php\\\/produto\\\/satisfyer-g-for-foddes-2-coelho-vibrador-garrafa-verde\\\/\"]}]},{\"@type\":\"ImageObject\",\"inLanguage\":\"pt-PT\",\"@id\":\"https:\\\/\\\/lovme.pt\\\/index.php\\\/produto\\\/satisfyer-g-for-foddes-2-coelho-vibrador-garrafa-verde\\\/#primaryimage\",\"url\":\"https:\\\/\\\/erki24nd3ub.exactdn.com\\\/wp-content\\\/uploads\\\/dream\\\/img\\\/img_214779_be0e2a2e6210fe489f28e8e1b941ead0_1.jpg?strip=all\",\"contentUrl\":\"https:\\\/\\\/erki24nd3ub.exactdn.com\\\/wp-content\\\/uploads\\\/dream\\\/img\\\/img_214779_be0e2a2e6210fe489f28e8e1b941ead0_1.jpg?strip=all\",\"width\":900,\"height\":900},{\"@type\":\"BreadcrumbList\",\"@id\":\"https:\\\/\\\/lovme.pt\\\/index.php\\\/produto\\\/satisfyer-g-for-foddes-2-coelho-vibrador-garrafa-verde\\\/#breadcrumb\",\"itemListElement\":[{\"@type\":\"ListItem\",\"position\":1,\"name\":\"In\u00edcio\",\"item\":\"https:\\\/\\\/lovme.pt\\\/\"},{\"@type\":\"ListItem\",\"position\":2,\"name\":\"Loja\",\"item\":\"https:\\\/\\\/lovme.pt\\\/index.php\\\/loja\\\/\"},{\"@type\":\"ListItem\",\"position\":3,\"name\":\"SATISFYER &#8211; G FOR GODDESS 2 VIBRADOR COELHO VERDE GARRAFA\"}]},{\"@type\":\"WebSite\",\"@id\":\"https:\\\/\\\/lovme.pt\\\/#website\",\"url\":\"https:\\\/\\\/lovme.pt\\\/\",\"name\":\"Lovme Loja Er\u00f3tica N\u00ba1 em Portugal\",\"description\":\"A melhor loja er\u00f3tica de Portugal.\",\"alternateName\":\"Loja Er\u00f3tica Lovme\",\"potentialAction\":[{\"@type\":\"SearchAction\",\"target\":{\"@type\":\"EntryPoint\",\"urlTemplate\":\"https:\\\/\\\/lovme.pt\\\/?s={search_term_string}\"},\"query-input\":{\"@type\":\"PropertyValueSpecification\",\"valueRequired\":true,\"valueName\":\"search_term_string\"}}],\"inLanguage\":\"pt-PT\"}]}<\/script>\n<!-- \/ Yoast SEO plugin. -->","yoast_head_json":{"title":"SATISFYER - G FOR GODDESS 2 VIBRADOR COELHO VERDE GARRAFA - Lovme","robots":{"index":"index","follow":"follow","max-snippet":"max-snippet:-1","max-image-preview":"max-image-preview:large","max-video-preview":"max-video-preview:-1"},"canonical":"https:\/\/lovme.pt\/index.php\/produto\/satisfyer-g-for-foddes-2-coelho-vibrador-garrafa-verde\/","og_locale":"pt_PT","og_type":"article","og_title":"SATISFYER - G FOR GODDESS 2 VIBRADOR COELHO VERDE GARRAFA - Lovme","og_description":"SATISFYER - G FOR GODDESS 2 VIBRADOR COELHO VERDE GARRAFA","og_url":"https:\/\/lovme.pt\/index.php\/produto\/satisfyer-g-for-foddes-2-coelho-vibrador-garrafa-verde\/","og_site_name":"Lovme","article_modified_time":"2026-02-19T20:06:30+00:00","og_image":[{"width":900,"height":900,"url":"https:\/\/erki24nd3ub.exactdn.com\/wp-content\/uploads\/dream\/img\/img_214779_be0e2a2e6210fe489f28e8e1b941ead0_1.jpg?strip=all","type":"image\/jpeg"}],"twitter_card":"summary_large_image","twitter_misc":{"Tempo estimado de leitura":"2 minutos"},"schema":{"@context":"https:\/\/schema.org","@graph":[{"@type":"WebPage","@id":"https:\/\/lovme.pt\/index.php\/produto\/satisfyer-g-for-foddes-2-coelho-vibrador-garrafa-verde\/","url":"https:\/\/lovme.pt\/index.php\/produto\/satisfyer-g-for-foddes-2-coelho-vibrador-garrafa-verde\/","name":"SATISFYER - G FOR GODDESS 2 VIBRADOR COELHO VERDE GARRAFA - Lovme","isPartOf":{"@id":"https:\/\/lovme.pt\/#website"},"primaryImageOfPage":{"@id":"https:\/\/lovme.pt\/index.php\/produto\/satisfyer-g-for-foddes-2-coelho-vibrador-garrafa-verde\/#primaryimage"},"image":{"@id":"https:\/\/lovme.pt\/index.php\/produto\/satisfyer-g-for-foddes-2-coelho-vibrador-garrafa-verde\/#primaryimage"},"thumbnailUrl":"https:\/\/erki24nd3ub.exactdn.com\/wp-content\/uploads\/dream\/img\/img_214779_be0e2a2e6210fe489f28e8e1b941ead0_1.jpg?strip=all","datePublished":"2025-09-30T10:05:19+00:00","dateModified":"2026-02-19T20:06:30+00:00","breadcrumb":{"@id":"https:\/\/lovme.pt\/index.php\/produto\/satisfyer-g-for-foddes-2-coelho-vibrador-garrafa-verde\/#breadcrumb"},"inLanguage":"pt-PT","potentialAction":[{"@type":"ReadAction","target":["https:\/\/lovme.pt\/index.php\/produto\/satisfyer-g-for-foddes-2-coelho-vibrador-garrafa-verde\/"]}]},{"@type":"ImageObject","inLanguage":"pt-PT","@id":"https:\/\/lovme.pt\/index.php\/produto\/satisfyer-g-for-foddes-2-coelho-vibrador-garrafa-verde\/#primaryimage","url":"https:\/\/erki24nd3ub.exactdn.com\/wp-content\/uploads\/dream\/img\/img_214779_be0e2a2e6210fe489f28e8e1b941ead0_1.jpg?strip=all","contentUrl":"https:\/\/erki24nd3ub.exactdn.com\/wp-content\/uploads\/dream\/img\/img_214779_be0e2a2e6210fe489f28e8e1b941ead0_1.jpg?strip=all","width":900,"height":900},{"@type":"BreadcrumbList","@id":"https:\/\/lovme.pt\/index.php\/produto\/satisfyer-g-for-foddes-2-coelho-vibrador-garrafa-verde\/#breadcrumb","itemListElement":[{"@type":"ListItem","position":1,"name":"In\u00edcio","item":"https:\/\/lovme.pt\/"},{"@type":"ListItem","position":2,"name":"Loja","item":"https:\/\/lovme.pt\/index.php\/loja\/"},{"@type":"ListItem","position":3,"name":"SATISFYER &#8211; G FOR GODDESS 2 VIBRADOR COELHO VERDE GARRAFA"}]},{"@type":"WebSite","@id":"https:\/\/lovme.pt\/#website","url":"https:\/\/lovme.pt\/","name":"Lovme Loja Er\u00f3tica N\u00ba1 em Portugal","description":"A melhor loja er\u00f3tica de Portugal.","alternateName":"Loja Er\u00f3tica Lovme","potentialAction":[{"@type":"SearchAction","target":{"@type":"EntryPoint","urlTemplate":"https:\/\/lovme.pt\/?s={search_term_string}"},"query-input":{"@type":"PropertyValueSpecification","valueRequired":true,"valueName":"search_term_string"}}],"inLanguage":"pt-PT"}]}},"_links":{"self":[{"href":"https:\/\/lovme.pt\/index.php\/wp-json\/wp\/v2\/product\/62214","targetHints":{"allow":["GET"]}}],"collection":[{"href":"https:\/\/lovme.pt\/index.php\/wp-json\/wp\/v2\/product"}],"about":[{"href":"https:\/\/lovme.pt\/index.php\/wp-json\/wp\/v2\/types\/product"}],"wp:featuredmedia":[{"embeddable":true,"href":"https:\/\/lovme.pt\/index.php\/wp-json\/wp\/v2\/media\/62215"}],"wp:attachment":[{"href":"https:\/\/lovme.pt\/index.php\/wp-json\/wp\/v2\/media?parent=62214"}],"wp:term":[{"taxonomy":"product_brand","embeddable":true,"href":"https:\/\/lovme.pt\/index.php\/wp-json\/wp\/v2\/product_brand?post=62214"},{"taxonomy":"product_cat","embeddable":true,"href":"https:\/\/lovme.pt\/index.php\/wp-json\/wp\/v2\/product_cat?post=62214"},{"taxonomy":"product_tag","embeddable":true,"href":"https:\/\/lovme.pt\/index.php\/wp-json\/wp\/v2\/product_tag?post=62214"}],"curies":[{"name":"wp","href":"https:\/\/api.w.org\/{rel}","templated":true}]}}