{"id":56133,"date":"2025-09-30T09:43:02","date_gmt":"2025-09-30T09:43:02","guid":{"rendered":"https:\/\/lovme.pt\/?post_type=product&p=56133"},"modified":"2026-02-19T20:03:22","modified_gmt":"2026-02-19T20:03:22","slug":"eros-yummy-dubai-delight-lubrificante-de-pistache-e-chocolate-100-ml","status":"publish","type":"product","link":"https:\/\/lovme.pt\/index.php\/produto\/eros-yummy-dubai-delight-lubrificante-de-pistache-e-chocolate-100-ml\/","title":{"rendered":"EROS &#8211; YUMMY DUBAI DELIGHT LUBRIFICANTE DE PISTACHE E CHOCOLATE 100 ML"},"content":{"rendered":"<p>O novo lubrificante sedutor com um sabor requintado de chocolate e pistache. Ideal para momentos de intimidade e prazer, seu sabor delicioso deixar\u00e1 voc\u00ea querendo mais.<\/p>\n<p><u><em><strong>Caracter\u00edsticas:<\/strong><\/em><\/u><\/p>\n<ul>\n<li>100 ml<\/li>\n<li>Sabor chocolate e pistache<\/li>\n<\/ul>\n<p><u><em><strong>Ingredientes<\/strong><\/em><\/u><\/p>\n<p>(INCI): Glicerina, Aqua (\u00c1gua), Hidroxipropil Guar, Propilenoglicol, Pantenol, Sacarina S\u00f3dica, \u00c1cido C\u00edtrico, Aroma (Sabor), Caramelo E150<\/p>\n","protected":false},"excerpt":{"rendered":"<p>EROS &#8211; YUMMY DUBAI DELIGHT LUBRIFICANTE DE PISTACHE E CHOCOLATE 100 ML<\/p>\n","protected":false},"featured_media":56134,"template":"","meta":{"_acf_changed":false},"product_brand":[],"product_cat":[49,53],"product_tag":[],"class_list":{"0":"post-56133","1":"product","2":"type-product","3":"status-publish","4":"has-post-thumbnail","6":"product_cat-cosmeticos","7":"product_cat-lubrificantes-intimos","8":"yith_product_brand-eros","10":"first","11":"instock","12":"taxable","13":"shipping-taxable","14":"purchasable","15":"product-type-simple"},"acf":[],"yoast_head":"<!-- This site is optimized with the Yoast SEO plugin v27.4 - https:\/\/yoast.com\/product\/yoast-seo-wordpress\/ -->\n<title>EROS - YUMMY DUBAI DELIGHT LUBRIFICANTE DE PISTACHE E CHOCOLATE 100 ML - Lovme<\/title>\n<meta name=\"robots\" content=\"index, follow, max-snippet:-1, max-image-preview:large, max-video-preview:-1\" \/>\n<link rel=\"canonical\" href=\"https:\/\/lovme.pt\/index.php\/produto\/eros-yummy-dubai-delight-lubrificante-de-pistache-e-chocolate-100-ml\/\" \/>\n<meta property=\"og:locale\" content=\"pt_PT\" \/>\n<meta property=\"og:type\" content=\"article\" \/>\n<meta property=\"og:title\" content=\"EROS - YUMMY DUBAI DELIGHT LUBRIFICANTE DE PISTACHE E CHOCOLATE 100 ML - Lovme\" \/>\n<meta property=\"og:description\" content=\"EROS - YUMMY DUBAI DELIGHT LUBRIFICANTE DE PISTACHE E CHOCOLATE 100 ML\" \/>\n<meta property=\"og:url\" content=\"https:\/\/lovme.pt\/index.php\/produto\/eros-yummy-dubai-delight-lubrificante-de-pistache-e-chocolate-100-ml\/\" \/>\n<meta property=\"og:site_name\" content=\"Lovme\" \/>\n<meta property=\"article:modified_time\" content=\"2026-02-19T20:03:22+00:00\" \/>\n<meta property=\"og:image\" content=\"https:\/\/erki24nd3ub.exactdn.com\/wp-content\/uploads\/dream\/img\/img_206363_82e4759db73c38ae2d733592e4c29449_1.jpg?strip=all\" \/>\n\t<meta property=\"og:image:width\" content=\"900\" \/>\n\t<meta property=\"og:image:height\" content=\"900\" \/>\n\t<meta property=\"og:image:type\" content=\"image\/jpeg\" \/>\n<meta name=\"twitter:card\" content=\"summary_large_image\" \/>\n<script type=\"application\/ld+json\" class=\"yoast-schema-graph\">{\"@context\":\"https:\\\/\\\/schema.org\",\"@graph\":[{\"@type\":\"WebPage\",\"@id\":\"https:\\\/\\\/lovme.pt\\\/index.php\\\/produto\\\/eros-yummy-dubai-delight-lubrificante-de-pistache-e-chocolate-100-ml\\\/\",\"url\":\"https:\\\/\\\/lovme.pt\\\/index.php\\\/produto\\\/eros-yummy-dubai-delight-lubrificante-de-pistache-e-chocolate-100-ml\\\/\",\"name\":\"EROS - YUMMY DUBAI DELIGHT LUBRIFICANTE DE PISTACHE E CHOCOLATE 100 ML - Lovme\",\"isPartOf\":{\"@id\":\"https:\\\/\\\/lovme.pt\\\/#website\"},\"primaryImageOfPage\":{\"@id\":\"https:\\\/\\\/lovme.pt\\\/index.php\\\/produto\\\/eros-yummy-dubai-delight-lubrificante-de-pistache-e-chocolate-100-ml\\\/#primaryimage\"},\"image\":{\"@id\":\"https:\\\/\\\/lovme.pt\\\/index.php\\\/produto\\\/eros-yummy-dubai-delight-lubrificante-de-pistache-e-chocolate-100-ml\\\/#primaryimage\"},\"thumbnailUrl\":\"https:\\\/\\\/erki24nd3ub.exactdn.com\\\/wp-content\\\/uploads\\\/dream\\\/img\\\/img_206363_82e4759db73c38ae2d733592e4c29449_1.jpg?strip=all\",\"datePublished\":\"2025-09-30T09:43:02+00:00\",\"dateModified\":\"2026-02-19T20:03:22+00:00\",\"breadcrumb\":{\"@id\":\"https:\\\/\\\/lovme.pt\\\/index.php\\\/produto\\\/eros-yummy-dubai-delight-lubrificante-de-pistache-e-chocolate-100-ml\\\/#breadcrumb\"},\"inLanguage\":\"pt-PT\",\"potentialAction\":[{\"@type\":\"ReadAction\",\"target\":[\"https:\\\/\\\/lovme.pt\\\/index.php\\\/produto\\\/eros-yummy-dubai-delight-lubrificante-de-pistache-e-chocolate-100-ml\\\/\"]}]},{\"@type\":\"ImageObject\",\"inLanguage\":\"pt-PT\",\"@id\":\"https:\\\/\\\/lovme.pt\\\/index.php\\\/produto\\\/eros-yummy-dubai-delight-lubrificante-de-pistache-e-chocolate-100-ml\\\/#primaryimage\",\"url\":\"https:\\\/\\\/erki24nd3ub.exactdn.com\\\/wp-content\\\/uploads\\\/dream\\\/img\\\/img_206363_82e4759db73c38ae2d733592e4c29449_1.jpg?strip=all\",\"contentUrl\":\"https:\\\/\\\/erki24nd3ub.exactdn.com\\\/wp-content\\\/uploads\\\/dream\\\/img\\\/img_206363_82e4759db73c38ae2d733592e4c29449_1.jpg?strip=all\",\"width\":900,\"height\":900},{\"@type\":\"BreadcrumbList\",\"@id\":\"https:\\\/\\\/lovme.pt\\\/index.php\\\/produto\\\/eros-yummy-dubai-delight-lubrificante-de-pistache-e-chocolate-100-ml\\\/#breadcrumb\",\"itemListElement\":[{\"@type\":\"ListItem\",\"position\":1,\"name\":\"In\u00edcio\",\"item\":\"https:\\\/\\\/lovme.pt\\\/\"},{\"@type\":\"ListItem\",\"position\":2,\"name\":\"Loja\",\"item\":\"https:\\\/\\\/lovme.pt\\\/index.php\\\/loja\\\/\"},{\"@type\":\"ListItem\",\"position\":3,\"name\":\"EROS &#8211; YUMMY DUBAI DELIGHT LUBRIFICANTE DE PISTACHE E CHOCOLATE 100 ML\"}]},{\"@type\":\"WebSite\",\"@id\":\"https:\\\/\\\/lovme.pt\\\/#website\",\"url\":\"https:\\\/\\\/lovme.pt\\\/\",\"name\":\"Lovme Loja Er\u00f3tica N\u00ba1 em Portugal\",\"description\":\"A melhor loja er\u00f3tica de Portugal.\",\"alternateName\":\"Loja Er\u00f3tica Lovme\",\"potentialAction\":[{\"@type\":\"SearchAction\",\"target\":{\"@type\":\"EntryPoint\",\"urlTemplate\":\"https:\\\/\\\/lovme.pt\\\/?s={search_term_string}\"},\"query-input\":{\"@type\":\"PropertyValueSpecification\",\"valueRequired\":true,\"valueName\":\"search_term_string\"}}],\"inLanguage\":\"pt-PT\"}]}<\/script>\n<!-- \/ Yoast SEO plugin. -->","yoast_head_json":{"title":"EROS - YUMMY DUBAI DELIGHT LUBRIFICANTE DE PISTACHE E CHOCOLATE 100 ML - Lovme","robots":{"index":"index","follow":"follow","max-snippet":"max-snippet:-1","max-image-preview":"max-image-preview:large","max-video-preview":"max-video-preview:-1"},"canonical":"https:\/\/lovme.pt\/index.php\/produto\/eros-yummy-dubai-delight-lubrificante-de-pistache-e-chocolate-100-ml\/","og_locale":"pt_PT","og_type":"article","og_title":"EROS - YUMMY DUBAI DELIGHT LUBRIFICANTE DE PISTACHE E CHOCOLATE 100 ML - Lovme","og_description":"EROS - YUMMY DUBAI DELIGHT LUBRIFICANTE DE PISTACHE E CHOCOLATE 100 ML","og_url":"https:\/\/lovme.pt\/index.php\/produto\/eros-yummy-dubai-delight-lubrificante-de-pistache-e-chocolate-100-ml\/","og_site_name":"Lovme","article_modified_time":"2026-02-19T20:03:22+00:00","og_image":[{"width":900,"height":900,"url":"https:\/\/erki24nd3ub.exactdn.com\/wp-content\/uploads\/dream\/img\/img_206363_82e4759db73c38ae2d733592e4c29449_1.jpg?strip=all","type":"image\/jpeg"}],"twitter_card":"summary_large_image","schema":{"@context":"https:\/\/schema.org","@graph":[{"@type":"WebPage","@id":"https:\/\/lovme.pt\/index.php\/produto\/eros-yummy-dubai-delight-lubrificante-de-pistache-e-chocolate-100-ml\/","url":"https:\/\/lovme.pt\/index.php\/produto\/eros-yummy-dubai-delight-lubrificante-de-pistache-e-chocolate-100-ml\/","name":"EROS - YUMMY DUBAI DELIGHT LUBRIFICANTE DE PISTACHE E CHOCOLATE 100 ML - Lovme","isPartOf":{"@id":"https:\/\/lovme.pt\/#website"},"primaryImageOfPage":{"@id":"https:\/\/lovme.pt\/index.php\/produto\/eros-yummy-dubai-delight-lubrificante-de-pistache-e-chocolate-100-ml\/#primaryimage"},"image":{"@id":"https:\/\/lovme.pt\/index.php\/produto\/eros-yummy-dubai-delight-lubrificante-de-pistache-e-chocolate-100-ml\/#primaryimage"},"thumbnailUrl":"https:\/\/erki24nd3ub.exactdn.com\/wp-content\/uploads\/dream\/img\/img_206363_82e4759db73c38ae2d733592e4c29449_1.jpg?strip=all","datePublished":"2025-09-30T09:43:02+00:00","dateModified":"2026-02-19T20:03:22+00:00","breadcrumb":{"@id":"https:\/\/lovme.pt\/index.php\/produto\/eros-yummy-dubai-delight-lubrificante-de-pistache-e-chocolate-100-ml\/#breadcrumb"},"inLanguage":"pt-PT","potentialAction":[{"@type":"ReadAction","target":["https:\/\/lovme.pt\/index.php\/produto\/eros-yummy-dubai-delight-lubrificante-de-pistache-e-chocolate-100-ml\/"]}]},{"@type":"ImageObject","inLanguage":"pt-PT","@id":"https:\/\/lovme.pt\/index.php\/produto\/eros-yummy-dubai-delight-lubrificante-de-pistache-e-chocolate-100-ml\/#primaryimage","url":"https:\/\/erki24nd3ub.exactdn.com\/wp-content\/uploads\/dream\/img\/img_206363_82e4759db73c38ae2d733592e4c29449_1.jpg?strip=all","contentUrl":"https:\/\/erki24nd3ub.exactdn.com\/wp-content\/uploads\/dream\/img\/img_206363_82e4759db73c38ae2d733592e4c29449_1.jpg?strip=all","width":900,"height":900},{"@type":"BreadcrumbList","@id":"https:\/\/lovme.pt\/index.php\/produto\/eros-yummy-dubai-delight-lubrificante-de-pistache-e-chocolate-100-ml\/#breadcrumb","itemListElement":[{"@type":"ListItem","position":1,"name":"In\u00edcio","item":"https:\/\/lovme.pt\/"},{"@type":"ListItem","position":2,"name":"Loja","item":"https:\/\/lovme.pt\/index.php\/loja\/"},{"@type":"ListItem","position":3,"name":"EROS &#8211; YUMMY DUBAI DELIGHT LUBRIFICANTE DE PISTACHE E CHOCOLATE 100 ML"}]},{"@type":"WebSite","@id":"https:\/\/lovme.pt\/#website","url":"https:\/\/lovme.pt\/","name":"Lovme Loja Er\u00f3tica N\u00ba1 em Portugal","description":"A melhor loja er\u00f3tica de Portugal.","alternateName":"Loja Er\u00f3tica Lovme","potentialAction":[{"@type":"SearchAction","target":{"@type":"EntryPoint","urlTemplate":"https:\/\/lovme.pt\/?s={search_term_string}"},"query-input":{"@type":"PropertyValueSpecification","valueRequired":true,"valueName":"search_term_string"}}],"inLanguage":"pt-PT"}]}},"_links":{"self":[{"href":"https:\/\/lovme.pt\/index.php\/wp-json\/wp\/v2\/product\/56133","targetHints":{"allow":["GET"]}}],"collection":[{"href":"https:\/\/lovme.pt\/index.php\/wp-json\/wp\/v2\/product"}],"about":[{"href":"https:\/\/lovme.pt\/index.php\/wp-json\/wp\/v2\/types\/product"}],"wp:featuredmedia":[{"embeddable":true,"href":"https:\/\/lovme.pt\/index.php\/wp-json\/wp\/v2\/media\/56134"}],"wp:attachment":[{"href":"https:\/\/lovme.pt\/index.php\/wp-json\/wp\/v2\/media?parent=56133"}],"wp:term":[{"taxonomy":"product_brand","embeddable":true,"href":"https:\/\/lovme.pt\/index.php\/wp-json\/wp\/v2\/product_brand?post=56133"},{"taxonomy":"product_cat","embeddable":true,"href":"https:\/\/lovme.pt\/index.php\/wp-json\/wp\/v2\/product_cat?post=56133"},{"taxonomy":"product_tag","embeddable":true,"href":"https:\/\/lovme.pt\/index.php\/wp-json\/wp\/v2\/product_tag?post=56133"}],"curies":[{"name":"wp","href":"https:\/\/api.w.org\/{rel}","templated":true}]}}