{"id":53718,"date":"2025-10-01T02:05:36","date_gmt":"2025-10-01T02:05:36","guid":{"rendered":"https:\/\/lovme.pt\/?post_type=product&#038;p=53718"},"modified":"2026-02-19T20:18:08","modified_gmt":"2026-02-19T20:18:08","slug":"pasante-preservativos-passion-com-caneladas-sache-144-unidades","status":"publish","type":"product","link":"https:\/\/lovme.pt\/index.php\/produto\/pasante-preservativos-passion-com-caneladas-sache-144-unidades\/","title":{"rendered":"PASANTE &#8211; PRESERVATIVOS PASSION COM CANELADAS SACH\u00ca 144 UNIDADES"},"content":{"rendered":"<p><span style=\"font-size:\">Os preservativos <strong>Ribbed Passion<\/strong> foram desenvolvidos para quem busca uma experi\u00eancia mais intensa e estimulante em seus relacionamentos. Feitos com l\u00e1tex de borracha natural de alta qualidade, eles apresentam sulcos pronunciados estrategicamente distribu\u00eddos ao longo da superf\u00edcie para aumentar a fric\u00e7\u00e3o e a estimula\u00e7\u00e3o, proporcionando sensa\u00e7\u00f5es mais intensas para ambos os parceiros. Al\u00e9m disso, esses preservativos s\u00e3o lubrificados para facilitar a penetra\u00e7\u00e3o e reduzir o atrito, contribuindo para uma experi\u00eancia mais suave e prazerosa.<\/span><\/p>\n<div> <span style=\"font-size:\"><u><strong>CARACTER\u00cdSTICAS<\/strong><\/u> :<\/span><\/div>\n<ul>\n<li> <span style=\"font-size:\">Cont\u00e9m 144 preservativos<\/span><\/li>\n<li> <span style=\"font-size:\">Feito de l\u00e1tex de borracha natural, com cor natural<\/span><\/li>\n<li> <span style=\"font-size:\">Formato reto com reservat\u00f3rio para maior seguran\u00e7a<\/span><\/li>\n<li> <span style=\"font-size:\">Marca CE<\/span><\/li>\n<li> <span style=\"font-size:\">Largura nominal de 52 mm<\/span><\/li>\n<\/ul>\n<p> <u><strong><span style=\"font-size:\">PASANTE<\/span><\/strong><\/u><\/p>\n<p> <span style=\"font-size:\">Acreditamos firmemente que todos t\u00eam o direito de desfrutar de sexo seguro e consensual. Temos o compromisso de oferecer produtos de sa\u00fade sexual de qualidade que n\u00e3o apenas protejam, mas tamb\u00e9m inspirem as pessoas a fazer escolhas mais informadas, saud\u00e1veis e respons\u00e1veis. Acessibilidade \u00e9 fundamental: trabalhamos constantemente para incorporar novos produtos que tornem a sa\u00fade sexual acess\u00edvel, segura e, acima de tudo, divertida para todos. Sabemos que o bem-estar sexual n\u00e3o deve ser um luxo. \u00c9 por isso que todos os nossos produtos t\u00eam pre\u00e7os competitivos, garantindo que todos possam desfrutar de uma vida sexual mais segura, sem barreiras financeiras. A qualidade \u00e9 um dos nossos pilares fundamentais. Cada um dos nossos produtos atende aos mais altos padr\u00f5es de seguran\u00e7a, efic\u00e1cia e conforto. Tamb\u00e9m acreditamos no poder da colabora\u00e7\u00e3o. \u00c9 por isso que fazemos parcerias com profissionais do setor, incluindo o NHS (Servi\u00e7o Nacional de Sa\u00fade) e organiza\u00e7\u00f5es sem fins lucrativos, para expandir o acesso a produtos essenciais de sa\u00fade sexual em todas as comunidades. Porque sim, o sexo deve ser bom, prazeroso e respons\u00e1vel. E, acima de tudo, acreditamos no consentimento: n\u00e3o importa quem voc\u00ea seja, quando, como ou com quem decida fazer sexo, o mais importante \u00e9 que seja sempre seguro e consensual.<\/span><\/p>\n","protected":false},"excerpt":{"rendered":"<p>EMBALAGEM DISPON\u00cdVEL EM: \/es\/gb\/nl\/se\/de\/it\/fr\/pl\/lt\/fi\/dk\/no\/<\/p>\n","protected":false},"featured_media":94807,"template":"","meta":{"_acf_changed":false},"product_brand":[],"product_cat":[73],"product_tag":[],"class_list":{"0":"post-53718","1":"product","2":"type-product","3":"status-publish","4":"has-post-thumbnail","6":"product_cat-preservativos","7":"yith_product_brand-pasante","9":"first","10":"instock","11":"taxable","12":"shipping-taxable","13":"purchasable","14":"product-type-simple"},"acf":[],"yoast_head":"<!-- This site is optimized with the Yoast SEO plugin v27.4 - https:\/\/yoast.com\/product\/yoast-seo-wordpress\/ -->\n<title>PASANTE - PRESERVATIVOS PASSION COM CANELADAS SACH\u00ca 144 UNIDADES - Lovme<\/title>\n<meta name=\"robots\" content=\"index, follow, max-snippet:-1, max-image-preview:large, max-video-preview:-1\" \/>\n<link rel=\"canonical\" href=\"https:\/\/lovme.pt\/index.php\/produto\/pasante-preservativos-passion-com-caneladas-sache-144-unidades\/\" \/>\n<meta property=\"og:locale\" content=\"pt_PT\" \/>\n<meta property=\"og:type\" content=\"article\" \/>\n<meta property=\"og:title\" content=\"PASANTE - PRESERVATIVOS PASSION COM CANELADAS SACH\u00ca 144 UNIDADES - Lovme\" \/>\n<meta property=\"og:description\" content=\"EMBALAGEM DISPON\u00cdVEL EM: \/es\/gb\/nl\/se\/de\/it\/fr\/pl\/lt\/fi\/dk\/no\/\" \/>\n<meta property=\"og:url\" content=\"https:\/\/lovme.pt\/index.php\/produto\/pasante-preservativos-passion-com-caneladas-sache-144-unidades\/\" \/>\n<meta property=\"og:site_name\" content=\"Lovme\" \/>\n<meta property=\"article:modified_time\" content=\"2026-02-19T20:18:08+00:00\" \/>\n<meta property=\"og:image\" content=\"https:\/\/erki24nd3ub.exactdn.com\/wp-content\/uploads\/dream\/img\/img_214640_81d068136322076f5aff52b9a6ec69e4_1.jpg?strip=all\" \/>\n\t<meta property=\"og:image:width\" content=\"900\" \/>\n\t<meta property=\"og:image:height\" content=\"900\" \/>\n\t<meta property=\"og:image:type\" content=\"image\/jpeg\" \/>\n<meta name=\"twitter:card\" content=\"summary_large_image\" \/>\n<meta name=\"twitter:label1\" content=\"Tempo estimado de leitura\" \/>\n\t<meta name=\"twitter:data1\" content=\"2 minutos\" \/>\n<script type=\"application\/ld+json\" class=\"yoast-schema-graph\">{\"@context\":\"https:\\\/\\\/schema.org\",\"@graph\":[{\"@type\":\"WebPage\",\"@id\":\"https:\\\/\\\/lovme.pt\\\/index.php\\\/produto\\\/pasante-preservativos-passion-com-caneladas-sache-144-unidades\\\/\",\"url\":\"https:\\\/\\\/lovme.pt\\\/index.php\\\/produto\\\/pasante-preservativos-passion-com-caneladas-sache-144-unidades\\\/\",\"name\":\"PASANTE - PRESERVATIVOS PASSION COM CANELADAS SACH\u00ca 144 UNIDADES - Lovme\",\"isPartOf\":{\"@id\":\"https:\\\/\\\/lovme.pt\\\/#website\"},\"primaryImageOfPage\":{\"@id\":\"https:\\\/\\\/lovme.pt\\\/index.php\\\/produto\\\/pasante-preservativos-passion-com-caneladas-sache-144-unidades\\\/#primaryimage\"},\"image\":{\"@id\":\"https:\\\/\\\/lovme.pt\\\/index.php\\\/produto\\\/pasante-preservativos-passion-com-caneladas-sache-144-unidades\\\/#primaryimage\"},\"thumbnailUrl\":\"https:\\\/\\\/erki24nd3ub.exactdn.com\\\/wp-content\\\/uploads\\\/dream\\\/img\\\/img_214640_81d068136322076f5aff52b9a6ec69e4_1.jpg?strip=all\",\"datePublished\":\"2025-10-01T02:05:36+00:00\",\"dateModified\":\"2026-02-19T20:18:08+00:00\",\"breadcrumb\":{\"@id\":\"https:\\\/\\\/lovme.pt\\\/index.php\\\/produto\\\/pasante-preservativos-passion-com-caneladas-sache-144-unidades\\\/#breadcrumb\"},\"inLanguage\":\"pt-PT\",\"potentialAction\":[{\"@type\":\"ReadAction\",\"target\":[\"https:\\\/\\\/lovme.pt\\\/index.php\\\/produto\\\/pasante-preservativos-passion-com-caneladas-sache-144-unidades\\\/\"]}]},{\"@type\":\"ImageObject\",\"inLanguage\":\"pt-PT\",\"@id\":\"https:\\\/\\\/lovme.pt\\\/index.php\\\/produto\\\/pasante-preservativos-passion-com-caneladas-sache-144-unidades\\\/#primaryimage\",\"url\":\"https:\\\/\\\/erki24nd3ub.exactdn.com\\\/wp-content\\\/uploads\\\/dream\\\/img\\\/img_214640_81d068136322076f5aff52b9a6ec69e4_1.jpg?strip=all\",\"contentUrl\":\"https:\\\/\\\/erki24nd3ub.exactdn.com\\\/wp-content\\\/uploads\\\/dream\\\/img\\\/img_214640_81d068136322076f5aff52b9a6ec69e4_1.jpg?strip=all\",\"width\":900,\"height\":900},{\"@type\":\"BreadcrumbList\",\"@id\":\"https:\\\/\\\/lovme.pt\\\/index.php\\\/produto\\\/pasante-preservativos-passion-com-caneladas-sache-144-unidades\\\/#breadcrumb\",\"itemListElement\":[{\"@type\":\"ListItem\",\"position\":1,\"name\":\"In\u00edcio\",\"item\":\"https:\\\/\\\/lovme.pt\\\/\"},{\"@type\":\"ListItem\",\"position\":2,\"name\":\"Loja\",\"item\":\"https:\\\/\\\/lovme.pt\\\/index.php\\\/loja\\\/\"},{\"@type\":\"ListItem\",\"position\":3,\"name\":\"PASANTE &#8211; PRESERVATIVOS PASSION COM CANELADAS SACH\u00ca 144 UNIDADES\"}]},{\"@type\":\"WebSite\",\"@id\":\"https:\\\/\\\/lovme.pt\\\/#website\",\"url\":\"https:\\\/\\\/lovme.pt\\\/\",\"name\":\"Lovme Loja Er\u00f3tica N\u00ba1 em Portugal\",\"description\":\"A melhor loja er\u00f3tica de Portugal.\",\"alternateName\":\"Loja Er\u00f3tica Lovme\",\"potentialAction\":[{\"@type\":\"SearchAction\",\"target\":{\"@type\":\"EntryPoint\",\"urlTemplate\":\"https:\\\/\\\/lovme.pt\\\/?s={search_term_string}\"},\"query-input\":{\"@type\":\"PropertyValueSpecification\",\"valueRequired\":true,\"valueName\":\"search_term_string\"}}],\"inLanguage\":\"pt-PT\"}]}<\/script>\n<!-- \/ Yoast SEO plugin. -->","yoast_head_json":{"title":"PASANTE - PRESERVATIVOS PASSION COM CANELADAS SACH\u00ca 144 UNIDADES - Lovme","robots":{"index":"index","follow":"follow","max-snippet":"max-snippet:-1","max-image-preview":"max-image-preview:large","max-video-preview":"max-video-preview:-1"},"canonical":"https:\/\/lovme.pt\/index.php\/produto\/pasante-preservativos-passion-com-caneladas-sache-144-unidades\/","og_locale":"pt_PT","og_type":"article","og_title":"PASANTE - PRESERVATIVOS PASSION COM CANELADAS SACH\u00ca 144 UNIDADES - Lovme","og_description":"EMBALAGEM DISPON\u00cdVEL EM: \/es\/gb\/nl\/se\/de\/it\/fr\/pl\/lt\/fi\/dk\/no\/","og_url":"https:\/\/lovme.pt\/index.php\/produto\/pasante-preservativos-passion-com-caneladas-sache-144-unidades\/","og_site_name":"Lovme","article_modified_time":"2026-02-19T20:18:08+00:00","og_image":[{"width":900,"height":900,"url":"https:\/\/erki24nd3ub.exactdn.com\/wp-content\/uploads\/dream\/img\/img_214640_81d068136322076f5aff52b9a6ec69e4_1.jpg?strip=all","type":"image\/jpeg"}],"twitter_card":"summary_large_image","twitter_misc":{"Tempo estimado de leitura":"2 minutos"},"schema":{"@context":"https:\/\/schema.org","@graph":[{"@type":"WebPage","@id":"https:\/\/lovme.pt\/index.php\/produto\/pasante-preservativos-passion-com-caneladas-sache-144-unidades\/","url":"https:\/\/lovme.pt\/index.php\/produto\/pasante-preservativos-passion-com-caneladas-sache-144-unidades\/","name":"PASANTE - PRESERVATIVOS PASSION COM CANELADAS SACH\u00ca 144 UNIDADES - Lovme","isPartOf":{"@id":"https:\/\/lovme.pt\/#website"},"primaryImageOfPage":{"@id":"https:\/\/lovme.pt\/index.php\/produto\/pasante-preservativos-passion-com-caneladas-sache-144-unidades\/#primaryimage"},"image":{"@id":"https:\/\/lovme.pt\/index.php\/produto\/pasante-preservativos-passion-com-caneladas-sache-144-unidades\/#primaryimage"},"thumbnailUrl":"https:\/\/erki24nd3ub.exactdn.com\/wp-content\/uploads\/dream\/img\/img_214640_81d068136322076f5aff52b9a6ec69e4_1.jpg?strip=all","datePublished":"2025-10-01T02:05:36+00:00","dateModified":"2026-02-19T20:18:08+00:00","breadcrumb":{"@id":"https:\/\/lovme.pt\/index.php\/produto\/pasante-preservativos-passion-com-caneladas-sache-144-unidades\/#breadcrumb"},"inLanguage":"pt-PT","potentialAction":[{"@type":"ReadAction","target":["https:\/\/lovme.pt\/index.php\/produto\/pasante-preservativos-passion-com-caneladas-sache-144-unidades\/"]}]},{"@type":"ImageObject","inLanguage":"pt-PT","@id":"https:\/\/lovme.pt\/index.php\/produto\/pasante-preservativos-passion-com-caneladas-sache-144-unidades\/#primaryimage","url":"https:\/\/erki24nd3ub.exactdn.com\/wp-content\/uploads\/dream\/img\/img_214640_81d068136322076f5aff52b9a6ec69e4_1.jpg?strip=all","contentUrl":"https:\/\/erki24nd3ub.exactdn.com\/wp-content\/uploads\/dream\/img\/img_214640_81d068136322076f5aff52b9a6ec69e4_1.jpg?strip=all","width":900,"height":900},{"@type":"BreadcrumbList","@id":"https:\/\/lovme.pt\/index.php\/produto\/pasante-preservativos-passion-com-caneladas-sache-144-unidades\/#breadcrumb","itemListElement":[{"@type":"ListItem","position":1,"name":"In\u00edcio","item":"https:\/\/lovme.pt\/"},{"@type":"ListItem","position":2,"name":"Loja","item":"https:\/\/lovme.pt\/index.php\/loja\/"},{"@type":"ListItem","position":3,"name":"PASANTE &#8211; PRESERVATIVOS PASSION COM CANELADAS SACH\u00ca 144 UNIDADES"}]},{"@type":"WebSite","@id":"https:\/\/lovme.pt\/#website","url":"https:\/\/lovme.pt\/","name":"Lovme Loja Er\u00f3tica N\u00ba1 em Portugal","description":"A melhor loja er\u00f3tica de Portugal.","alternateName":"Loja Er\u00f3tica Lovme","potentialAction":[{"@type":"SearchAction","target":{"@type":"EntryPoint","urlTemplate":"https:\/\/lovme.pt\/?s={search_term_string}"},"query-input":{"@type":"PropertyValueSpecification","valueRequired":true,"valueName":"search_term_string"}}],"inLanguage":"pt-PT"}]}},"_links":{"self":[{"href":"https:\/\/lovme.pt\/index.php\/wp-json\/wp\/v2\/product\/53718","targetHints":{"allow":["GET"]}}],"collection":[{"href":"https:\/\/lovme.pt\/index.php\/wp-json\/wp\/v2\/product"}],"about":[{"href":"https:\/\/lovme.pt\/index.php\/wp-json\/wp\/v2\/types\/product"}],"wp:featuredmedia":[{"embeddable":true,"href":"https:\/\/lovme.pt\/index.php\/wp-json\/wp\/v2\/media\/94807"}],"wp:attachment":[{"href":"https:\/\/lovme.pt\/index.php\/wp-json\/wp\/v2\/media?parent=53718"}],"wp:term":[{"taxonomy":"product_brand","embeddable":true,"href":"https:\/\/lovme.pt\/index.php\/wp-json\/wp\/v2\/product_brand?post=53718"},{"taxonomy":"product_cat","embeddable":true,"href":"https:\/\/lovme.pt\/index.php\/wp-json\/wp\/v2\/product_cat?post=53718"},{"taxonomy":"product_tag","embeddable":true,"href":"https:\/\/lovme.pt\/index.php\/wp-json\/wp\/v2\/product_tag?post=53718"}],"curies":[{"name":"wp","href":"https:\/\/api.w.org\/{rel}","templated":true}]}}