{"id":53699,"date":"2025-10-01T02:32:44","date_gmt":"2025-10-01T02:32:44","guid":{"rendered":"https:\/\/lovme.pt\/?post_type=product&#038;p=53699"},"modified":"2026-02-19T20:23:29","modified_gmt":"2026-02-19T20:23:29","slug":"lelo-vibrador-switch-wanda-dupla-estimulacao-lilas","status":"publish","type":"product","link":"https:\/\/lovme.pt\/index.php\/produto\/lelo-vibrador-switch-wanda-dupla-estimulacao-lilas\/","title":{"rendered":"LELO &#8211; SWITCH VIBRADOR WANDA ESTIMULACION DOBLE LILA"},"content":{"rendered":"<p><strong>O LELO SWITCH\u2122<\/strong> \u00e9 um vibrador com extremidade dupla projetado para um prazer vers\u00e1til. Feito com uma silhueta ergon\u00f4mica e sem costuras, possui sulcos sensoriais ultrassuaves para maior estimula\u00e7\u00e3o nervosa e resposta t\u00e1til. Ele se conecta ao aplicativo <strong>LELO\u2122<\/strong> , permitindo controle remoto e configura\u00e7\u00f5es personaliz\u00e1veis. Compacto, elegante e funcional, \u00e9 ideal para quem busca mais prazer com seus produtos, oferecendo o melhor dos dois mundos em um design elegante.<\/p>\n<p><strong>&#8211; DUPLA ESTIMULA\u00c7\u00c3O<\/strong> : Um vibrador de extremidade dupla com dois motores integrados permite uma altern\u00e2ncia perfeita entre massagem externa e estimula\u00e7\u00e3o interna, para o dobro de prazer todas as vezes.<\/p>\n<p><strong>&#8211; COSTELA SENSORIAL<\/strong> : As cristas texturizadas e ultra suaves aumentam a sensibilidade ao estimular mais termina\u00e7\u00f5es nervosas e aumentar o fluxo sangu\u00edneo para sensa\u00e7\u00f5es mais profundas e completas.<\/p>\n<p><strong>&#8211; CONECTIVIDADE COM APLICATIVO INTELIGENTE:<\/strong> Conecte-se ao aplicativo LELO\u2122 para controle remoto, padr\u00f5es de vibra\u00e7\u00e3o personalizados e brincadeiras com o parceiro \u2014 prazer no seu ritmo ou no dele.<\/p>\n<p><strong>&#8211; SILICONE ULTRAMACIOSO E SEGURO PARA O CORPO<\/strong> : Feito com silicone premium, macio e quente ao toque.<\/p>\n<p>\u00a0<\/p>\n<p><u><strong>CARACTER\u00cdSTICAS<\/strong><\/u> :<\/p>\n<ul>\n<li>Materiais: Silicone seguro para o corpo, pl\u00e1stico ABS<\/li>\n<li>Acabamento: Liso<\/li>\n<li>Tamanho: 217 x 64 x 43 mm<\/li>\n<li>Comprimento inser\u00edvel: 83 mm<\/li>\n<li>Peso: 167 g \u00b110%<\/li>\n<li>Bateria: L\u00edtio 3,7 V, 1000 mAh<\/li>\n<li>Tempo de carregamento: menos de 2 horas<\/li>\n<li>Pot\u00eancia: Entrada 5 V 1000 mA (5 W) \/ Sa\u00edda 3,7 V 800 mA (2,96 W)<\/li>\n<li>Tempo de uso: at\u00e9 2 horas (desliga automaticamente a cada 20 minutos)<\/li>\n<li>Modo de espera: at\u00e9 90 dias<\/li>\n<li>Frequ\u00eancia m\u00e1xima do motor: 100 Hz<\/li>\n<li>Frequ\u00eancia do motor de manivela: 93 Hz<\/li>\n<li>N\u00edvel m\u00e1ximo de ru\u00eddo: <63 dB<\/li>\n<li>Interface: 3 bot\u00f5es e 2 luzes LED<\/li>\n<\/ul>\n","protected":false},"excerpt":{"rendered":"<p>LELO &#8211; VIBRADOR SWITCH WANDA DUPLA ESTIMULA\u00c7\u00c3O LILAS<\/p>\n","protected":false},"featured_media":97571,"template":"","meta":{"_acf_changed":false},"product_brand":[],"product_cat":[17,61,76],"product_tag":[],"class_list":{"0":"post-53699","1":"product","2":"type-product","3":"status-publish","4":"has-post-thumbnail","6":"product_cat-brinquedos-de-bem-estar-sexual","7":"product_cat-para-elas","8":"product_cat-vibradores","9":"yith_product_brand-lelo","11":"first","12":"instock","13":"taxable","14":"shipping-taxable","15":"purchasable","16":"product-type-variable","17":"has-default-attributes"},"acf":[],"yoast_head":"<!-- This site is optimized with the Yoast SEO plugin v27.4 - https:\/\/yoast.com\/product\/yoast-seo-wordpress\/ -->\n<title>LELO - SWITCH VIBRADOR WANDA ESTIMULACION DOBLE LILA - Lovme<\/title>\n<meta name=\"robots\" content=\"index, follow, max-snippet:-1, max-image-preview:large, max-video-preview:-1\" \/>\n<link rel=\"canonical\" href=\"https:\/\/lovme.pt\/index.php\/produto\/lelo-vibrador-switch-wanda-dupla-estimulacao-lilas\/\" \/>\n<meta property=\"og:locale\" content=\"pt_PT\" \/>\n<meta property=\"og:type\" content=\"article\" \/>\n<meta property=\"og:title\" content=\"LELO - SWITCH VIBRADOR WANDA ESTIMULACION DOBLE LILA - Lovme\" \/>\n<meta property=\"og:description\" content=\"LELO - VIBRADOR SWITCH WANDA DUPLA ESTIMULA\u00c7\u00c3O LILAS\" \/>\n<meta property=\"og:url\" content=\"https:\/\/lovme.pt\/index.php\/produto\/lelo-vibrador-switch-wanda-dupla-estimulacao-lilas\/\" \/>\n<meta property=\"og:site_name\" content=\"Lovme\" \/>\n<meta property=\"article:modified_time\" content=\"2026-02-19T20:23:29+00:00\" \/>\n<meta property=\"og:image\" content=\"https:\/\/erki24nd3ub.exactdn.com\/wp-content\/uploads\/dream\/img\/img_214400_8414cbde5a92b3284d1a4b126b1edb5e_1.jpg?strip=all\" \/>\n\t<meta property=\"og:image:width\" content=\"900\" \/>\n\t<meta property=\"og:image:height\" content=\"900\" \/>\n\t<meta property=\"og:image:type\" content=\"image\/jpeg\" \/>\n<meta name=\"twitter:card\" content=\"summary_large_image\" \/>\n<meta name=\"twitter:label1\" content=\"Tempo estimado de leitura\" \/>\n\t<meta name=\"twitter:data1\" content=\"1 minuto\" \/>\n<script type=\"application\/ld+json\" class=\"yoast-schema-graph\">{\"@context\":\"https:\\\/\\\/schema.org\",\"@graph\":[{\"@type\":\"WebPage\",\"@id\":\"https:\\\/\\\/lovme.pt\\\/index.php\\\/produto\\\/lelo-vibrador-switch-wanda-dupla-estimulacao-lilas\\\/\",\"url\":\"https:\\\/\\\/lovme.pt\\\/index.php\\\/produto\\\/lelo-vibrador-switch-wanda-dupla-estimulacao-lilas\\\/\",\"name\":\"LELO - SWITCH VIBRADOR WANDA ESTIMULACION DOBLE LILA - Lovme\",\"isPartOf\":{\"@id\":\"https:\\\/\\\/lovme.pt\\\/#website\"},\"primaryImageOfPage\":{\"@id\":\"https:\\\/\\\/lovme.pt\\\/index.php\\\/produto\\\/lelo-vibrador-switch-wanda-dupla-estimulacao-lilas\\\/#primaryimage\"},\"image\":{\"@id\":\"https:\\\/\\\/lovme.pt\\\/index.php\\\/produto\\\/lelo-vibrador-switch-wanda-dupla-estimulacao-lilas\\\/#primaryimage\"},\"thumbnailUrl\":\"https:\\\/\\\/erki24nd3ub.exactdn.com\\\/wp-content\\\/uploads\\\/dream\\\/img\\\/img_214400_8414cbde5a92b3284d1a4b126b1edb5e_1.jpg?strip=all\",\"datePublished\":\"2025-10-01T02:32:44+00:00\",\"dateModified\":\"2026-02-19T20:23:29+00:00\",\"breadcrumb\":{\"@id\":\"https:\\\/\\\/lovme.pt\\\/index.php\\\/produto\\\/lelo-vibrador-switch-wanda-dupla-estimulacao-lilas\\\/#breadcrumb\"},\"inLanguage\":\"pt-PT\",\"potentialAction\":[{\"@type\":\"ReadAction\",\"target\":[\"https:\\\/\\\/lovme.pt\\\/index.php\\\/produto\\\/lelo-vibrador-switch-wanda-dupla-estimulacao-lilas\\\/\"]}]},{\"@type\":\"ImageObject\",\"inLanguage\":\"pt-PT\",\"@id\":\"https:\\\/\\\/lovme.pt\\\/index.php\\\/produto\\\/lelo-vibrador-switch-wanda-dupla-estimulacao-lilas\\\/#primaryimage\",\"url\":\"https:\\\/\\\/erki24nd3ub.exactdn.com\\\/wp-content\\\/uploads\\\/dream\\\/img\\\/img_214400_8414cbde5a92b3284d1a4b126b1edb5e_1.jpg?strip=all\",\"contentUrl\":\"https:\\\/\\\/erki24nd3ub.exactdn.com\\\/wp-content\\\/uploads\\\/dream\\\/img\\\/img_214400_8414cbde5a92b3284d1a4b126b1edb5e_1.jpg?strip=all\",\"width\":900,\"height\":900},{\"@type\":\"BreadcrumbList\",\"@id\":\"https:\\\/\\\/lovme.pt\\\/index.php\\\/produto\\\/lelo-vibrador-switch-wanda-dupla-estimulacao-lilas\\\/#breadcrumb\",\"itemListElement\":[{\"@type\":\"ListItem\",\"position\":1,\"name\":\"In\u00edcio\",\"item\":\"https:\\\/\\\/lovme.pt\\\/\"},{\"@type\":\"ListItem\",\"position\":2,\"name\":\"Loja\",\"item\":\"https:\\\/\\\/lovme.pt\\\/index.php\\\/loja\\\/\"},{\"@type\":\"ListItem\",\"position\":3,\"name\":\"LELO &#8211; SWITCH VIBRADOR WANDA ESTIMULACION DOBLE LILA\"}]},{\"@type\":\"WebSite\",\"@id\":\"https:\\\/\\\/lovme.pt\\\/#website\",\"url\":\"https:\\\/\\\/lovme.pt\\\/\",\"name\":\"Lovme Loja Er\u00f3tica N\u00ba1 em Portugal\",\"description\":\"A melhor loja er\u00f3tica de Portugal.\",\"alternateName\":\"Loja Er\u00f3tica Lovme\",\"potentialAction\":[{\"@type\":\"SearchAction\",\"target\":{\"@type\":\"EntryPoint\",\"urlTemplate\":\"https:\\\/\\\/lovme.pt\\\/?s={search_term_string}\"},\"query-input\":{\"@type\":\"PropertyValueSpecification\",\"valueRequired\":true,\"valueName\":\"search_term_string\"}}],\"inLanguage\":\"pt-PT\"}]}<\/script>\n<!-- \/ Yoast SEO plugin. -->","yoast_head_json":{"title":"LELO - SWITCH VIBRADOR WANDA ESTIMULACION DOBLE LILA - Lovme","robots":{"index":"index","follow":"follow","max-snippet":"max-snippet:-1","max-image-preview":"max-image-preview:large","max-video-preview":"max-video-preview:-1"},"canonical":"https:\/\/lovme.pt\/index.php\/produto\/lelo-vibrador-switch-wanda-dupla-estimulacao-lilas\/","og_locale":"pt_PT","og_type":"article","og_title":"LELO - SWITCH VIBRADOR WANDA ESTIMULACION DOBLE LILA - Lovme","og_description":"LELO - VIBRADOR SWITCH WANDA DUPLA ESTIMULA\u00c7\u00c3O LILAS","og_url":"https:\/\/lovme.pt\/index.php\/produto\/lelo-vibrador-switch-wanda-dupla-estimulacao-lilas\/","og_site_name":"Lovme","article_modified_time":"2026-02-19T20:23:29+00:00","og_image":[{"width":900,"height":900,"url":"https:\/\/erki24nd3ub.exactdn.com\/wp-content\/uploads\/dream\/img\/img_214400_8414cbde5a92b3284d1a4b126b1edb5e_1.jpg?strip=all","type":"image\/jpeg"}],"twitter_card":"summary_large_image","twitter_misc":{"Tempo estimado de leitura":"1 minuto"},"schema":{"@context":"https:\/\/schema.org","@graph":[{"@type":"WebPage","@id":"https:\/\/lovme.pt\/index.php\/produto\/lelo-vibrador-switch-wanda-dupla-estimulacao-lilas\/","url":"https:\/\/lovme.pt\/index.php\/produto\/lelo-vibrador-switch-wanda-dupla-estimulacao-lilas\/","name":"LELO - SWITCH VIBRADOR WANDA ESTIMULACION DOBLE LILA - Lovme","isPartOf":{"@id":"https:\/\/lovme.pt\/#website"},"primaryImageOfPage":{"@id":"https:\/\/lovme.pt\/index.php\/produto\/lelo-vibrador-switch-wanda-dupla-estimulacao-lilas\/#primaryimage"},"image":{"@id":"https:\/\/lovme.pt\/index.php\/produto\/lelo-vibrador-switch-wanda-dupla-estimulacao-lilas\/#primaryimage"},"thumbnailUrl":"https:\/\/erki24nd3ub.exactdn.com\/wp-content\/uploads\/dream\/img\/img_214400_8414cbde5a92b3284d1a4b126b1edb5e_1.jpg?strip=all","datePublished":"2025-10-01T02:32:44+00:00","dateModified":"2026-02-19T20:23:29+00:00","breadcrumb":{"@id":"https:\/\/lovme.pt\/index.php\/produto\/lelo-vibrador-switch-wanda-dupla-estimulacao-lilas\/#breadcrumb"},"inLanguage":"pt-PT","potentialAction":[{"@type":"ReadAction","target":["https:\/\/lovme.pt\/index.php\/produto\/lelo-vibrador-switch-wanda-dupla-estimulacao-lilas\/"]}]},{"@type":"ImageObject","inLanguage":"pt-PT","@id":"https:\/\/lovme.pt\/index.php\/produto\/lelo-vibrador-switch-wanda-dupla-estimulacao-lilas\/#primaryimage","url":"https:\/\/erki24nd3ub.exactdn.com\/wp-content\/uploads\/dream\/img\/img_214400_8414cbde5a92b3284d1a4b126b1edb5e_1.jpg?strip=all","contentUrl":"https:\/\/erki24nd3ub.exactdn.com\/wp-content\/uploads\/dream\/img\/img_214400_8414cbde5a92b3284d1a4b126b1edb5e_1.jpg?strip=all","width":900,"height":900},{"@type":"BreadcrumbList","@id":"https:\/\/lovme.pt\/index.php\/produto\/lelo-vibrador-switch-wanda-dupla-estimulacao-lilas\/#breadcrumb","itemListElement":[{"@type":"ListItem","position":1,"name":"In\u00edcio","item":"https:\/\/lovme.pt\/"},{"@type":"ListItem","position":2,"name":"Loja","item":"https:\/\/lovme.pt\/index.php\/loja\/"},{"@type":"ListItem","position":3,"name":"LELO &#8211; SWITCH VIBRADOR WANDA ESTIMULACION DOBLE LILA"}]},{"@type":"WebSite","@id":"https:\/\/lovme.pt\/#website","url":"https:\/\/lovme.pt\/","name":"Lovme Loja Er\u00f3tica N\u00ba1 em Portugal","description":"A melhor loja er\u00f3tica de Portugal.","alternateName":"Loja Er\u00f3tica Lovme","potentialAction":[{"@type":"SearchAction","target":{"@type":"EntryPoint","urlTemplate":"https:\/\/lovme.pt\/?s={search_term_string}"},"query-input":{"@type":"PropertyValueSpecification","valueRequired":true,"valueName":"search_term_string"}}],"inLanguage":"pt-PT"}]}},"_links":{"self":[{"href":"https:\/\/lovme.pt\/index.php\/wp-json\/wp\/v2\/product\/53699","targetHints":{"allow":["GET"]}}],"collection":[{"href":"https:\/\/lovme.pt\/index.php\/wp-json\/wp\/v2\/product"}],"about":[{"href":"https:\/\/lovme.pt\/index.php\/wp-json\/wp\/v2\/types\/product"}],"wp:featuredmedia":[{"embeddable":true,"href":"https:\/\/lovme.pt\/index.php\/wp-json\/wp\/v2\/media\/97571"}],"wp:attachment":[{"href":"https:\/\/lovme.pt\/index.php\/wp-json\/wp\/v2\/media?parent=53699"}],"wp:term":[{"taxonomy":"product_brand","embeddable":true,"href":"https:\/\/lovme.pt\/index.php\/wp-json\/wp\/v2\/product_brand?post=53699"},{"taxonomy":"product_cat","embeddable":true,"href":"https:\/\/lovme.pt\/index.php\/wp-json\/wp\/v2\/product_cat?post=53699"},{"taxonomy":"product_tag","embeddable":true,"href":"https:\/\/lovme.pt\/index.php\/wp-json\/wp\/v2\/product_tag?post=53699"}],"curies":[{"name":"wp","href":"https:\/\/api.w.org\/{rel}","templated":true}]}}