{"id":53661,"date":"2025-09-30T10:01:24","date_gmt":"2025-09-30T10:01:24","guid":{"rendered":"https:\/\/lovme.pt\/?post_type=product&p=53661"},"modified":"2026-02-19T20:06:16","modified_gmt":"2026-02-19T20:06:16","slug":"climaximum-vibrador-de-dedo-coaxial","status":"publish","type":"product","link":"https:\/\/lovme.pt\/index.php\/produto\/climaximum-vibrador-de-dedo-coaxial\/","title":{"rendered":"CLIMAXIMUM &#8211; VIBRADOR DE DEDO COAXIAL"},"content":{"rendered":"<p>Voc\u00ea conseguiria resistir ao toque sensual do dedo de um amante enquanto ele acaricia sedutoramente seus l\u00e1bios, pesco\u00e7o e corpo para te satisfazer e excitar? <strong>O Coax<\/strong> foi projetado de forma intuitiva e ergon\u00f4mica para se encaixar perfeitamente e aprimorar momentos \u00edntimos e sensuais para casais. Quando o dedo \u00e9 posicionado, fortes vibra\u00e7\u00f5es viajam diretamente para a ponta do dedo, proporcionando a voc\u00ea e ao seu parceiro o m\u00e1ximo prazer pele a pele. Basta fechar os olhos e se deixar levar.<\/p>\n<p> <strong>CARACTER\u00cdSTICAS<\/strong> :<\/p>\n<ul>\n<li> 10 velocidades<\/li>\n<li> Casais sensuais brincam<\/li>\n<li> Design ergon\u00f4mico &#8211; Vibra\u00e7\u00f5es potentes<\/li>\n<li> IPX7 \u00e0 prova d\u00e1gua<\/li>\n<li> Materiais: Silicone seguro para o corpo<\/li>\n<li> Bateria: Cabo USB recarreg\u00e1vel inclu\u00eddo<\/li>\n<li> 1,5 horas de carregamento para 1,5 horas de jogo<\/li>\n<li> Tamanho do produto: 67 mm x 111 mm x 41 mm largura x altura x profundidade<\/li>\n<li> Peso do produto: 97 gg<\/li>\n<\/ul>\n<p> <u><strong>CLIMAXIMUM<\/strong><\/u><\/p>\n<p> A cole\u00e7\u00e3o Climaximum foca em indulg\u00eancia, poder e prazer. Projetados para quem busca mais, esses brinquedos combinam est\u00e9tica sedutora com sensa\u00e7\u00f5es intensas para levar suas experi\u00eancias mais \u00edntimas a novos patamares. Seja para satisfa\u00e7\u00e3o individual ou para explorar conex\u00f5es mais profundas com seu parceiro, a Climaximum tem algo para satisfazer todos os seus desejos.<\/p>\n<ul>\n<li> Mais pot\u00eancia, mais prazer: a cole\u00e7\u00e3o inclui brinquedos com fio e balas que proporcionam vibra\u00e7\u00f5es profundas e estrondosas exatamente onde voc\u00ea precisa.<\/li>\n<li> Projetado para cada experi\u00eancia: explore uma variedade de kits divertidos para casais ou viva uma aventura solo com vibradores e estimuladores potentes.<\/li>\n<li> Sele\u00e7\u00e3o vers\u00e1til: aproveite uma combina\u00e7\u00e3o de intensificadores de desempenho vaginal, clitoriano, anal e anel peniano, projetados para quem deseja experimentar todos os tipos de prazer.<\/li>\n<li> PX7 \u00e0 prova d\u00e1gua e seguro para o corpo: leve seu prazer para qualquer lugar, sabendo que cada brinquedo \u00e9 feito de materiais premium projetados para seguran\u00e7a e satisfa\u00e7\u00e3o.<\/li>\n<\/ul>\n","protected":false},"excerpt":{"rendered":"<p>CLIMAXIMUM &#8211; VIBRADOR DE DEDO COAXIAL<\/p>\n","protected":false},"featured_media":61058,"template":"","meta":{"_acf_changed":false},"product_brand":[],"product_cat":[17,76],"product_tag":[],"class_list":{"0":"post-53661","1":"product","2":"type-product","3":"status-publish","4":"has-post-thumbnail","6":"product_cat-brinquedos-de-bem-estar-sexual","7":"product_cat-vibradores","8":"yith_product_brand-rocks-offclimaximum","9":"yith_product_brand-rocks-off","11":"first","12":"instock","13":"taxable","14":"shipping-taxable","15":"purchasable","16":"product-type-simple"},"acf":[],"yoast_head":"<!-- This site is optimized with the Yoast SEO plugin v27.4 - https:\/\/yoast.com\/product\/yoast-seo-wordpress\/ -->\n<title>CLIMAXIMUM - VIBRADOR DE DEDO COAXIAL - Lovme<\/title>\n<meta name=\"robots\" content=\"index, follow, max-snippet:-1, max-image-preview:large, max-video-preview:-1\" \/>\n<link rel=\"canonical\" href=\"https:\/\/lovme.pt\/index.php\/produto\/climaximum-vibrador-de-dedo-coaxial\/\" \/>\n<meta property=\"og:locale\" content=\"pt_PT\" \/>\n<meta property=\"og:type\" content=\"article\" \/>\n<meta property=\"og:title\" content=\"CLIMAXIMUM - VIBRADOR DE DEDO COAXIAL - Lovme\" \/>\n<meta property=\"og:description\" content=\"CLIMAXIMUM - VIBRADOR DE DEDO COAXIAL\" \/>\n<meta property=\"og:url\" content=\"https:\/\/lovme.pt\/index.php\/produto\/climaximum-vibrador-de-dedo-coaxial\/\" \/>\n<meta property=\"og:site_name\" content=\"Lovme\" \/>\n<meta property=\"article:modified_time\" content=\"2026-02-19T20:06:16+00:00\" \/>\n<meta property=\"og:image\" content=\"https:\/\/erki24nd3ub.exactdn.com\/wp-content\/uploads\/dream\/img\/img_214215_374ad2c6e15b9ae787865ae3548d61db_1.jpg?strip=all\" \/>\n\t<meta property=\"og:image:width\" content=\"900\" \/>\n\t<meta property=\"og:image:height\" content=\"900\" \/>\n\t<meta property=\"og:image:type\" content=\"image\/jpeg\" \/>\n<meta name=\"twitter:card\" content=\"summary_large_image\" \/>\n<meta name=\"twitter:label1\" content=\"Tempo estimado de leitura\" \/>\n\t<meta name=\"twitter:data1\" content=\"2 minutos\" \/>\n<script type=\"application\/ld+json\" class=\"yoast-schema-graph\">{\"@context\":\"https:\\\/\\\/schema.org\",\"@graph\":[{\"@type\":\"WebPage\",\"@id\":\"https:\\\/\\\/lovme.pt\\\/index.php\\\/produto\\\/climaximum-vibrador-de-dedo-coaxial\\\/\",\"url\":\"https:\\\/\\\/lovme.pt\\\/index.php\\\/produto\\\/climaximum-vibrador-de-dedo-coaxial\\\/\",\"name\":\"CLIMAXIMUM - VIBRADOR DE DEDO COAXIAL - Lovme\",\"isPartOf\":{\"@id\":\"https:\\\/\\\/lovme.pt\\\/#website\"},\"primaryImageOfPage\":{\"@id\":\"https:\\\/\\\/lovme.pt\\\/index.php\\\/produto\\\/climaximum-vibrador-de-dedo-coaxial\\\/#primaryimage\"},\"image\":{\"@id\":\"https:\\\/\\\/lovme.pt\\\/index.php\\\/produto\\\/climaximum-vibrador-de-dedo-coaxial\\\/#primaryimage\"},\"thumbnailUrl\":\"https:\\\/\\\/erki24nd3ub.exactdn.com\\\/wp-content\\\/uploads\\\/dream\\\/img\\\/img_214215_374ad2c6e15b9ae787865ae3548d61db_1.jpg?strip=all\",\"datePublished\":\"2025-09-30T10:01:24+00:00\",\"dateModified\":\"2026-02-19T20:06:16+00:00\",\"breadcrumb\":{\"@id\":\"https:\\\/\\\/lovme.pt\\\/index.php\\\/produto\\\/climaximum-vibrador-de-dedo-coaxial\\\/#breadcrumb\"},\"inLanguage\":\"pt-PT\",\"potentialAction\":[{\"@type\":\"ReadAction\",\"target\":[\"https:\\\/\\\/lovme.pt\\\/index.php\\\/produto\\\/climaximum-vibrador-de-dedo-coaxial\\\/\"]}]},{\"@type\":\"ImageObject\",\"inLanguage\":\"pt-PT\",\"@id\":\"https:\\\/\\\/lovme.pt\\\/index.php\\\/produto\\\/climaximum-vibrador-de-dedo-coaxial\\\/#primaryimage\",\"url\":\"https:\\\/\\\/erki24nd3ub.exactdn.com\\\/wp-content\\\/uploads\\\/dream\\\/img\\\/img_214215_374ad2c6e15b9ae787865ae3548d61db_1.jpg?strip=all\",\"contentUrl\":\"https:\\\/\\\/erki24nd3ub.exactdn.com\\\/wp-content\\\/uploads\\\/dream\\\/img\\\/img_214215_374ad2c6e15b9ae787865ae3548d61db_1.jpg?strip=all\",\"width\":900,\"height\":900},{\"@type\":\"BreadcrumbList\",\"@id\":\"https:\\\/\\\/lovme.pt\\\/index.php\\\/produto\\\/climaximum-vibrador-de-dedo-coaxial\\\/#breadcrumb\",\"itemListElement\":[{\"@type\":\"ListItem\",\"position\":1,\"name\":\"In\u00edcio\",\"item\":\"https:\\\/\\\/lovme.pt\\\/\"},{\"@type\":\"ListItem\",\"position\":2,\"name\":\"Loja\",\"item\":\"https:\\\/\\\/lovme.pt\\\/index.php\\\/loja\\\/\"},{\"@type\":\"ListItem\",\"position\":3,\"name\":\"CLIMAXIMUM &#8211; VIBRADOR DE DEDO COAXIAL\"}]},{\"@type\":\"WebSite\",\"@id\":\"https:\\\/\\\/lovme.pt\\\/#website\",\"url\":\"https:\\\/\\\/lovme.pt\\\/\",\"name\":\"Lovme Loja Er\u00f3tica N\u00ba1 em Portugal\",\"description\":\"A melhor loja er\u00f3tica de Portugal.\",\"alternateName\":\"Loja Er\u00f3tica Lovme\",\"potentialAction\":[{\"@type\":\"SearchAction\",\"target\":{\"@type\":\"EntryPoint\",\"urlTemplate\":\"https:\\\/\\\/lovme.pt\\\/?s={search_term_string}\"},\"query-input\":{\"@type\":\"PropertyValueSpecification\",\"valueRequired\":true,\"valueName\":\"search_term_string\"}}],\"inLanguage\":\"pt-PT\"}]}<\/script>\n<!-- \/ Yoast SEO plugin. -->","yoast_head_json":{"title":"CLIMAXIMUM - VIBRADOR DE DEDO COAXIAL - Lovme","robots":{"index":"index","follow":"follow","max-snippet":"max-snippet:-1","max-image-preview":"max-image-preview:large","max-video-preview":"max-video-preview:-1"},"canonical":"https:\/\/lovme.pt\/index.php\/produto\/climaximum-vibrador-de-dedo-coaxial\/","og_locale":"pt_PT","og_type":"article","og_title":"CLIMAXIMUM - VIBRADOR DE DEDO COAXIAL - Lovme","og_description":"CLIMAXIMUM - VIBRADOR DE DEDO COAXIAL","og_url":"https:\/\/lovme.pt\/index.php\/produto\/climaximum-vibrador-de-dedo-coaxial\/","og_site_name":"Lovme","article_modified_time":"2026-02-19T20:06:16+00:00","og_image":[{"width":900,"height":900,"url":"https:\/\/erki24nd3ub.exactdn.com\/wp-content\/uploads\/dream\/img\/img_214215_374ad2c6e15b9ae787865ae3548d61db_1.jpg?strip=all","type":"image\/jpeg"}],"twitter_card":"summary_large_image","twitter_misc":{"Tempo estimado de leitura":"2 minutos"},"schema":{"@context":"https:\/\/schema.org","@graph":[{"@type":"WebPage","@id":"https:\/\/lovme.pt\/index.php\/produto\/climaximum-vibrador-de-dedo-coaxial\/","url":"https:\/\/lovme.pt\/index.php\/produto\/climaximum-vibrador-de-dedo-coaxial\/","name":"CLIMAXIMUM - VIBRADOR DE DEDO COAXIAL - Lovme","isPartOf":{"@id":"https:\/\/lovme.pt\/#website"},"primaryImageOfPage":{"@id":"https:\/\/lovme.pt\/index.php\/produto\/climaximum-vibrador-de-dedo-coaxial\/#primaryimage"},"image":{"@id":"https:\/\/lovme.pt\/index.php\/produto\/climaximum-vibrador-de-dedo-coaxial\/#primaryimage"},"thumbnailUrl":"https:\/\/erki24nd3ub.exactdn.com\/wp-content\/uploads\/dream\/img\/img_214215_374ad2c6e15b9ae787865ae3548d61db_1.jpg?strip=all","datePublished":"2025-09-30T10:01:24+00:00","dateModified":"2026-02-19T20:06:16+00:00","breadcrumb":{"@id":"https:\/\/lovme.pt\/index.php\/produto\/climaximum-vibrador-de-dedo-coaxial\/#breadcrumb"},"inLanguage":"pt-PT","potentialAction":[{"@type":"ReadAction","target":["https:\/\/lovme.pt\/index.php\/produto\/climaximum-vibrador-de-dedo-coaxial\/"]}]},{"@type":"ImageObject","inLanguage":"pt-PT","@id":"https:\/\/lovme.pt\/index.php\/produto\/climaximum-vibrador-de-dedo-coaxial\/#primaryimage","url":"https:\/\/erki24nd3ub.exactdn.com\/wp-content\/uploads\/dream\/img\/img_214215_374ad2c6e15b9ae787865ae3548d61db_1.jpg?strip=all","contentUrl":"https:\/\/erki24nd3ub.exactdn.com\/wp-content\/uploads\/dream\/img\/img_214215_374ad2c6e15b9ae787865ae3548d61db_1.jpg?strip=all","width":900,"height":900},{"@type":"BreadcrumbList","@id":"https:\/\/lovme.pt\/index.php\/produto\/climaximum-vibrador-de-dedo-coaxial\/#breadcrumb","itemListElement":[{"@type":"ListItem","position":1,"name":"In\u00edcio","item":"https:\/\/lovme.pt\/"},{"@type":"ListItem","position":2,"name":"Loja","item":"https:\/\/lovme.pt\/index.php\/loja\/"},{"@type":"ListItem","position":3,"name":"CLIMAXIMUM &#8211; VIBRADOR DE DEDO COAXIAL"}]},{"@type":"WebSite","@id":"https:\/\/lovme.pt\/#website","url":"https:\/\/lovme.pt\/","name":"Lovme Loja Er\u00f3tica N\u00ba1 em Portugal","description":"A melhor loja er\u00f3tica de Portugal.","alternateName":"Loja Er\u00f3tica Lovme","potentialAction":[{"@type":"SearchAction","target":{"@type":"EntryPoint","urlTemplate":"https:\/\/lovme.pt\/?s={search_term_string}"},"query-input":{"@type":"PropertyValueSpecification","valueRequired":true,"valueName":"search_term_string"}}],"inLanguage":"pt-PT"}]}},"_links":{"self":[{"href":"https:\/\/lovme.pt\/index.php\/wp-json\/wp\/v2\/product\/53661","targetHints":{"allow":["GET"]}}],"collection":[{"href":"https:\/\/lovme.pt\/index.php\/wp-json\/wp\/v2\/product"}],"about":[{"href":"https:\/\/lovme.pt\/index.php\/wp-json\/wp\/v2\/types\/product"}],"wp:featuredmedia":[{"embeddable":true,"href":"https:\/\/lovme.pt\/index.php\/wp-json\/wp\/v2\/media\/61058"}],"wp:attachment":[{"href":"https:\/\/lovme.pt\/index.php\/wp-json\/wp\/v2\/media?parent=53661"}],"wp:term":[{"taxonomy":"product_brand","embeddable":true,"href":"https:\/\/lovme.pt\/index.php\/wp-json\/wp\/v2\/product_brand?post=53661"},{"taxonomy":"product_cat","embeddable":true,"href":"https:\/\/lovme.pt\/index.php\/wp-json\/wp\/v2\/product_cat?post=53661"},{"taxonomy":"product_tag","embeddable":true,"href":"https:\/\/lovme.pt\/index.php\/wp-json\/wp\/v2\/product_tag?post=53661"}],"curies":[{"name":"wp","href":"https:\/\/api.w.org\/{rel}","templated":true}]}}