{"id":53563,"date":"2025-10-01T02:10:00","date_gmt":"2025-10-01T02:10:00","guid":{"rendered":"https:\/\/lovme.pt\/?post_type=product&p=53563"},"modified":"2026-02-19T20:18:31","modified_gmt":"2026-02-19T20:18:31","slug":"skins-preservativos-ultra-finos-premium-pacote-com-16","status":"publish","type":"product","link":"https:\/\/lovme.pt\/index.php\/produto\/skins-preservativos-ultra-finos-premium-pacote-com-16\/","title":{"rendered":"SKINS &#8211; PRESERVATIVOS ULTRA FINOS PREMIUM PACOTE COM 16"},"content":{"rendered":"<p>Presentamos el Skins Ultra Thin 16-Pack: un producto econ\u00f3mico y listo para usar que ofrece hasta un 33 % m\u00e1s de condones por paquete que el l\u00edder del mercado. Dise\u00f1ado para clientes que buscan la m\u00e1xima intimidad con protecci\u00f3n confiable, este paquete es ideal para tiendas que buscan un producto esencial premium y de alto rendimiento.\u00a0Los condones Skins Ultra Thin ofrecen todas las ventajas de Skins Natural, pero con un dise\u00f1o a\u00fan m\u00e1s fino para una mayor sensaci\u00f3n de intimidad. Fabricados con l\u00e1tex natural de primera calidad, ofrecen resistencia, transparencia y una sensaci\u00f3n de segunda piel, lo que los convierte en la opci\u00f3n ideal para quienes priorizan la sensaci\u00f3n.\u00a0Si\u00e9ntete a\u00fan m\u00e1s cerca de tu pareja con el cond\u00f3n Skins Ultra Thin, resistente pero incre\u00edblemente fino. Con todas las caracter\u00edsticas de Skins Natural, pero a\u00fan m\u00e1s fino, usar un Skins Ultra Thin es tan parecido a una segunda piel.<\/p>\n<p>\u00a0<\/p>\n<p><strong>CARACTERISTICAS<\/strong>:<\/p>\n<ul>\n<li>Dise\u00f1o ultradelgado: proporciona una sensibilidad mejorada y una conexi\u00f3n m\u00e1s cercana.<\/li>\n<li>Extra lubricado: garantiza comodidad y protecci\u00f3n confiable durante el uso.<\/li>\n<li>Aroma sutil a vainilla: elimina el olor t\u00edpico del l\u00e1tex para una experiencia m\u00e1s agradable.<\/li>\n<li>L\u00e1tex natural de alta calidad: transparente, duradero y elaborado seg\u00fan est\u00e1ndares premium.<\/li>\n<li>Envueltos individualmente individuales: se suministran en unidades individuales higi\u00e9nicas y f\u00e1ciles de manipular, sin necesidad de tiras ni rasgaduras.<\/li>\n<li>Longitud: 180 mm<\/li>\n<li>Ancho: 55 mm<\/li>\n<li>Sencillos, no tiras: listos sin rotura<\/li>\n<\/ul>\n","protected":false},"excerpt":{"rendered":"<p>SKINS &#8211; PRESERVATIVOS ULTRA FINOS PREMIUM PACOTE COM 16<\/p>\n","protected":false},"featured_media":95240,"template":"","meta":{"_acf_changed":false},"product_brand":[],"product_cat":[73],"product_tag":[],"class_list":{"0":"post-53563","1":"product","2":"type-product","3":"status-publish","4":"has-post-thumbnail","6":"product_cat-preservativos","7":"yith_product_brand-skins","9":"first","10":"instock","11":"taxable","12":"shipping-taxable","13":"purchasable","14":"product-type-simple"},"acf":[],"yoast_head":"<!-- This site is optimized with the Yoast SEO plugin v27.4 - https:\/\/yoast.com\/product\/yoast-seo-wordpress\/ -->\n<title>SKINS - PRESERVATIVOS ULTRA FINOS PREMIUM PACOTE COM 16 - Lovme<\/title>\n<meta name=\"robots\" content=\"index, follow, max-snippet:-1, max-image-preview:large, max-video-preview:-1\" \/>\n<link rel=\"canonical\" href=\"https:\/\/lovme.pt\/index.php\/produto\/skins-preservativos-ultra-finos-premium-pacote-com-16\/\" \/>\n<meta property=\"og:locale\" content=\"pt_PT\" \/>\n<meta property=\"og:type\" content=\"article\" \/>\n<meta property=\"og:title\" content=\"SKINS - PRESERVATIVOS ULTRA FINOS PREMIUM PACOTE COM 16 - Lovme\" \/>\n<meta property=\"og:description\" content=\"SKINS - PRESERVATIVOS ULTRA FINOS PREMIUM PACOTE COM 16\" \/>\n<meta property=\"og:url\" content=\"https:\/\/lovme.pt\/index.php\/produto\/skins-preservativos-ultra-finos-premium-pacote-com-16\/\" \/>\n<meta property=\"og:site_name\" content=\"Lovme\" \/>\n<meta property=\"article:modified_time\" content=\"2026-02-19T20:18:31+00:00\" \/>\n<meta property=\"og:image\" content=\"https:\/\/erki24nd3ub.exactdn.com\/wp-content\/uploads\/dream\/img\/img_213420_4969f3892fdb77fb76b6596f05a9a3e2_1.jpg?strip=all\" \/>\n\t<meta property=\"og:image:width\" content=\"900\" \/>\n\t<meta property=\"og:image:height\" content=\"900\" \/>\n\t<meta property=\"og:image:type\" content=\"image\/jpeg\" \/>\n<meta name=\"twitter:card\" content=\"summary_large_image\" \/>\n<meta name=\"twitter:label1\" content=\"Tempo estimado de leitura\" \/>\n\t<meta name=\"twitter:data1\" content=\"1 minuto\" \/>\n<script type=\"application\/ld+json\" class=\"yoast-schema-graph\">{\"@context\":\"https:\\\/\\\/schema.org\",\"@graph\":[{\"@type\":\"WebPage\",\"@id\":\"https:\\\/\\\/lovme.pt\\\/index.php\\\/produto\\\/skins-preservativos-ultra-finos-premium-pacote-com-16\\\/\",\"url\":\"https:\\\/\\\/lovme.pt\\\/index.php\\\/produto\\\/skins-preservativos-ultra-finos-premium-pacote-com-16\\\/\",\"name\":\"SKINS - PRESERVATIVOS ULTRA FINOS PREMIUM PACOTE COM 16 - Lovme\",\"isPartOf\":{\"@id\":\"https:\\\/\\\/lovme.pt\\\/#website\"},\"primaryImageOfPage\":{\"@id\":\"https:\\\/\\\/lovme.pt\\\/index.php\\\/produto\\\/skins-preservativos-ultra-finos-premium-pacote-com-16\\\/#primaryimage\"},\"image\":{\"@id\":\"https:\\\/\\\/lovme.pt\\\/index.php\\\/produto\\\/skins-preservativos-ultra-finos-premium-pacote-com-16\\\/#primaryimage\"},\"thumbnailUrl\":\"https:\\\/\\\/erki24nd3ub.exactdn.com\\\/wp-content\\\/uploads\\\/dream\\\/img\\\/img_213420_4969f3892fdb77fb76b6596f05a9a3e2_1.jpg?strip=all\",\"datePublished\":\"2025-10-01T02:10:00+00:00\",\"dateModified\":\"2026-02-19T20:18:31+00:00\",\"breadcrumb\":{\"@id\":\"https:\\\/\\\/lovme.pt\\\/index.php\\\/produto\\\/skins-preservativos-ultra-finos-premium-pacote-com-16\\\/#breadcrumb\"},\"inLanguage\":\"pt-PT\",\"potentialAction\":[{\"@type\":\"ReadAction\",\"target\":[\"https:\\\/\\\/lovme.pt\\\/index.php\\\/produto\\\/skins-preservativos-ultra-finos-premium-pacote-com-16\\\/\"]}]},{\"@type\":\"ImageObject\",\"inLanguage\":\"pt-PT\",\"@id\":\"https:\\\/\\\/lovme.pt\\\/index.php\\\/produto\\\/skins-preservativos-ultra-finos-premium-pacote-com-16\\\/#primaryimage\",\"url\":\"https:\\\/\\\/erki24nd3ub.exactdn.com\\\/wp-content\\\/uploads\\\/dream\\\/img\\\/img_213420_4969f3892fdb77fb76b6596f05a9a3e2_1.jpg?strip=all\",\"contentUrl\":\"https:\\\/\\\/erki24nd3ub.exactdn.com\\\/wp-content\\\/uploads\\\/dream\\\/img\\\/img_213420_4969f3892fdb77fb76b6596f05a9a3e2_1.jpg?strip=all\",\"width\":900,\"height\":900},{\"@type\":\"BreadcrumbList\",\"@id\":\"https:\\\/\\\/lovme.pt\\\/index.php\\\/produto\\\/skins-preservativos-ultra-finos-premium-pacote-com-16\\\/#breadcrumb\",\"itemListElement\":[{\"@type\":\"ListItem\",\"position\":1,\"name\":\"In\u00edcio\",\"item\":\"https:\\\/\\\/lovme.pt\\\/\"},{\"@type\":\"ListItem\",\"position\":2,\"name\":\"Loja\",\"item\":\"https:\\\/\\\/lovme.pt\\\/index.php\\\/loja\\\/\"},{\"@type\":\"ListItem\",\"position\":3,\"name\":\"SKINS &#8211; PRESERVATIVOS ULTRA FINOS PREMIUM PACOTE COM 16\"}]},{\"@type\":\"WebSite\",\"@id\":\"https:\\\/\\\/lovme.pt\\\/#website\",\"url\":\"https:\\\/\\\/lovme.pt\\\/\",\"name\":\"Lovme Loja Er\u00f3tica N\u00ba1 em Portugal\",\"description\":\"A melhor loja er\u00f3tica de Portugal.\",\"alternateName\":\"Loja Er\u00f3tica Lovme\",\"potentialAction\":[{\"@type\":\"SearchAction\",\"target\":{\"@type\":\"EntryPoint\",\"urlTemplate\":\"https:\\\/\\\/lovme.pt\\\/?s={search_term_string}\"},\"query-input\":{\"@type\":\"PropertyValueSpecification\",\"valueRequired\":true,\"valueName\":\"search_term_string\"}}],\"inLanguage\":\"pt-PT\"}]}<\/script>\n<!-- \/ Yoast SEO plugin. -->","yoast_head_json":{"title":"SKINS - PRESERVATIVOS ULTRA FINOS PREMIUM PACOTE COM 16 - Lovme","robots":{"index":"index","follow":"follow","max-snippet":"max-snippet:-1","max-image-preview":"max-image-preview:large","max-video-preview":"max-video-preview:-1"},"canonical":"https:\/\/lovme.pt\/index.php\/produto\/skins-preservativos-ultra-finos-premium-pacote-com-16\/","og_locale":"pt_PT","og_type":"article","og_title":"SKINS - PRESERVATIVOS ULTRA FINOS PREMIUM PACOTE COM 16 - Lovme","og_description":"SKINS - PRESERVATIVOS ULTRA FINOS PREMIUM PACOTE COM 16","og_url":"https:\/\/lovme.pt\/index.php\/produto\/skins-preservativos-ultra-finos-premium-pacote-com-16\/","og_site_name":"Lovme","article_modified_time":"2026-02-19T20:18:31+00:00","og_image":[{"width":900,"height":900,"url":"https:\/\/erki24nd3ub.exactdn.com\/wp-content\/uploads\/dream\/img\/img_213420_4969f3892fdb77fb76b6596f05a9a3e2_1.jpg?strip=all","type":"image\/jpeg"}],"twitter_card":"summary_large_image","twitter_misc":{"Tempo estimado de leitura":"1 minuto"},"schema":{"@context":"https:\/\/schema.org","@graph":[{"@type":"WebPage","@id":"https:\/\/lovme.pt\/index.php\/produto\/skins-preservativos-ultra-finos-premium-pacote-com-16\/","url":"https:\/\/lovme.pt\/index.php\/produto\/skins-preservativos-ultra-finos-premium-pacote-com-16\/","name":"SKINS - PRESERVATIVOS ULTRA FINOS PREMIUM PACOTE COM 16 - Lovme","isPartOf":{"@id":"https:\/\/lovme.pt\/#website"},"primaryImageOfPage":{"@id":"https:\/\/lovme.pt\/index.php\/produto\/skins-preservativos-ultra-finos-premium-pacote-com-16\/#primaryimage"},"image":{"@id":"https:\/\/lovme.pt\/index.php\/produto\/skins-preservativos-ultra-finos-premium-pacote-com-16\/#primaryimage"},"thumbnailUrl":"https:\/\/erki24nd3ub.exactdn.com\/wp-content\/uploads\/dream\/img\/img_213420_4969f3892fdb77fb76b6596f05a9a3e2_1.jpg?strip=all","datePublished":"2025-10-01T02:10:00+00:00","dateModified":"2026-02-19T20:18:31+00:00","breadcrumb":{"@id":"https:\/\/lovme.pt\/index.php\/produto\/skins-preservativos-ultra-finos-premium-pacote-com-16\/#breadcrumb"},"inLanguage":"pt-PT","potentialAction":[{"@type":"ReadAction","target":["https:\/\/lovme.pt\/index.php\/produto\/skins-preservativos-ultra-finos-premium-pacote-com-16\/"]}]},{"@type":"ImageObject","inLanguage":"pt-PT","@id":"https:\/\/lovme.pt\/index.php\/produto\/skins-preservativos-ultra-finos-premium-pacote-com-16\/#primaryimage","url":"https:\/\/erki24nd3ub.exactdn.com\/wp-content\/uploads\/dream\/img\/img_213420_4969f3892fdb77fb76b6596f05a9a3e2_1.jpg?strip=all","contentUrl":"https:\/\/erki24nd3ub.exactdn.com\/wp-content\/uploads\/dream\/img\/img_213420_4969f3892fdb77fb76b6596f05a9a3e2_1.jpg?strip=all","width":900,"height":900},{"@type":"BreadcrumbList","@id":"https:\/\/lovme.pt\/index.php\/produto\/skins-preservativos-ultra-finos-premium-pacote-com-16\/#breadcrumb","itemListElement":[{"@type":"ListItem","position":1,"name":"In\u00edcio","item":"https:\/\/lovme.pt\/"},{"@type":"ListItem","position":2,"name":"Loja","item":"https:\/\/lovme.pt\/index.php\/loja\/"},{"@type":"ListItem","position":3,"name":"SKINS &#8211; PRESERVATIVOS ULTRA FINOS PREMIUM PACOTE COM 16"}]},{"@type":"WebSite","@id":"https:\/\/lovme.pt\/#website","url":"https:\/\/lovme.pt\/","name":"Lovme Loja Er\u00f3tica N\u00ba1 em Portugal","description":"A melhor loja er\u00f3tica de Portugal.","alternateName":"Loja Er\u00f3tica Lovme","potentialAction":[{"@type":"SearchAction","target":{"@type":"EntryPoint","urlTemplate":"https:\/\/lovme.pt\/?s={search_term_string}"},"query-input":{"@type":"PropertyValueSpecification","valueRequired":true,"valueName":"search_term_string"}}],"inLanguage":"pt-PT"}]}},"_links":{"self":[{"href":"https:\/\/lovme.pt\/index.php\/wp-json\/wp\/v2\/product\/53563","targetHints":{"allow":["GET"]}}],"collection":[{"href":"https:\/\/lovme.pt\/index.php\/wp-json\/wp\/v2\/product"}],"about":[{"href":"https:\/\/lovme.pt\/index.php\/wp-json\/wp\/v2\/types\/product"}],"wp:featuredmedia":[{"embeddable":true,"href":"https:\/\/lovme.pt\/index.php\/wp-json\/wp\/v2\/media\/95240"}],"wp:attachment":[{"href":"https:\/\/lovme.pt\/index.php\/wp-json\/wp\/v2\/media?parent=53563"}],"wp:term":[{"taxonomy":"product_brand","embeddable":true,"href":"https:\/\/lovme.pt\/index.php\/wp-json\/wp\/v2\/product_brand?post=53563"},{"taxonomy":"product_cat","embeddable":true,"href":"https:\/\/lovme.pt\/index.php\/wp-json\/wp\/v2\/product_cat?post=53563"},{"taxonomy":"product_tag","embeddable":true,"href":"https:\/\/lovme.pt\/index.php\/wp-json\/wp\/v2\/product_tag?post=53563"}],"curies":[{"name":"wp","href":"https:\/\/api.w.org\/{rel}","templated":true}]}}