{"id":53520,"date":"2025-09-30T09:34:40","date_gmt":"2025-09-30T09:34:40","guid":{"rendered":"https:\/\/lovme.pt\/?post_type=product&p=53520"},"modified":"2026-02-19T20:00:58","modified_gmt":"2026-02-19T20:00:58","slug":"classix-kit-para-casais-de-prazer-supremo-azul","status":"publish","type":"product","link":"https:\/\/lovme.pt\/index.php\/produto\/classix-kit-para-casais-de-prazer-supremo-azul\/","title":{"rendered":"CLASSIX &#8211; KIT PARA CASAIS DE PRAZER SUPREMO AZUL"},"content":{"rendered":"<p>Desfrute de uma variedade emocionante e versatilidade infinita com o Kit Ultimate Pleasure Couples! Os quatro cl\u00e1ssicos favoritos podem ser usados juntos ou separadamente. O vibrador fino de 7 velocidades pode ser combinado com a capa texturizada ultrael\u00e1stica e o potente vibrador para criar seu pr\u00f3prio vibrador superestimulante. Experimente colocar o anel em forma de C em volta do membro ou das bolas dele, com ou sem o vibrador, para uma experi\u00eancia sexual emocionante. As possibilidades s\u00e3o infinitas para horas de prazer sexual a dois!<\/p>\n<p><u><strong>CARACTER\u00cdSTICAS:<\/strong><\/u><\/p>\n<ul>\n<li>Modelo fino e elegante de 7 polegadas<\/li>\n<li>Manga texturizada<\/li>\n<li>Mini bala vibrat\u00f3ria<\/li>\n<li>Anel C superel\u00e1stico<\/li>\n<li>Perfeito para iniciantes<\/li>\n<li>Imperme\u00e1vel<\/li>\n<\/ul>\n<p><strong>Instru\u00e7\u00f5es de opera\u00e7\u00e3o<\/strong> : Use bastante lubrificante para uma experi\u00eancia mais molhada e selvagem.<\/p>\n<p><strong>Instru\u00e7\u00f5es de cuidado<\/strong> : A limpeza \u00e9 f\u00e1cil depois da divers\u00e3o com limpador de brinquedos antibacteriano e \u00e1gua morna.<\/p>\n<p>\u00a0<\/p>\n<p><u><strong>SONHO<\/strong><\/u><\/p>\n<p>H\u00e1 mais de 45 anos, a Pipedream Products redefine o contexto e a percep\u00e7\u00e3o do cuidado \u00edntimo e do bem-estar sexual. Fundada em 1973 como uma empresa familiar em Ohio, a empresa cresceu e se tornou uma das maiores fabricantes de produtos para bem-estar sexual do mundo. A Pipedream combina inova\u00e7\u00e3o e tecnologia propriet\u00e1ria para oferecer produtos que fortalecem a conex\u00e3o, inspiram momentos \u00edntimos e intensificam o prazer. A fam\u00edlia de marcas Pipedream abrange praticamente todas as categorias de produtos de prazer e, por meio de seu portf\u00f3lio de parceiros, a Pipedream atende a uma ampla gama de clientes em todo o mundo. A Pipedream orgulha-se de ter recebido mais de 100 pr\u00eamios de prestigiosas fontes do setor e de ter recebido in\u00fameros pr\u00eamios de design da AIGA, ID e IDEA.<\/p>\n","protected":false},"excerpt":{"rendered":"<p>CLASSIX &#8211; KIT PARA CASAIS DE PRAZER SUPREMO AZUL<\/p>\n","protected":false},"featured_media":53831,"template":"","meta":{"_acf_changed":false},"product_brand":[],"product_cat":[17,65],"product_tag":[],"class_list":{"0":"post-53520","1":"product","2":"type-product","3":"status-publish","4":"has-post-thumbnail","6":"product_cat-brinquedos-de-bem-estar-sexual","7":"product_cat-kits","8":"yith_product_brand-pipedreamsclassix","9":"yith_product_brand-pipedreams","11":"first","12":"instock","13":"taxable","14":"shipping-taxable","15":"purchasable","16":"product-type-simple"},"acf":[],"yoast_head":"<!-- This site is optimized with the Yoast SEO plugin v27.4 - https:\/\/yoast.com\/product\/yoast-seo-wordpress\/ -->\n<title>CLASSIX - KIT PARA CASAIS DE PRAZER SUPREMO AZUL - Lovme<\/title>\n<meta name=\"robots\" content=\"index, follow, max-snippet:-1, max-image-preview:large, max-video-preview:-1\" \/>\n<link rel=\"canonical\" href=\"https:\/\/lovme.pt\/index.php\/produto\/classix-kit-para-casais-de-prazer-supremo-azul\/\" \/>\n<meta property=\"og:locale\" content=\"pt_PT\" \/>\n<meta property=\"og:type\" content=\"article\" \/>\n<meta property=\"og:title\" content=\"CLASSIX - KIT PARA CASAIS DE PRAZER SUPREMO AZUL - Lovme\" \/>\n<meta property=\"og:description\" content=\"CLASSIX - KIT PARA CASAIS DE PRAZER SUPREMO AZUL\" \/>\n<meta property=\"og:url\" content=\"https:\/\/lovme.pt\/index.php\/produto\/classix-kit-para-casais-de-prazer-supremo-azul\/\" \/>\n<meta property=\"og:site_name\" content=\"Lovme\" \/>\n<meta property=\"article:modified_time\" content=\"2026-02-19T20:00:58+00:00\" \/>\n<meta property=\"og:image\" content=\"https:\/\/erki24nd3ub.exactdn.com\/wp-content\/uploads\/dream\/img\/img_212897_ddc481facbbde595dfe3f30aa079eff3_1.jpg?strip=all\" \/>\n\t<meta property=\"og:image:width\" content=\"900\" \/>\n\t<meta property=\"og:image:height\" content=\"900\" \/>\n\t<meta property=\"og:image:type\" content=\"image\/jpeg\" \/>\n<meta name=\"twitter:card\" content=\"summary_large_image\" \/>\n<meta name=\"twitter:label1\" content=\"Tempo estimado de leitura\" \/>\n\t<meta name=\"twitter:data1\" content=\"1 minuto\" \/>\n<script type=\"application\/ld+json\" class=\"yoast-schema-graph\">{\"@context\":\"https:\\\/\\\/schema.org\",\"@graph\":[{\"@type\":\"WebPage\",\"@id\":\"https:\\\/\\\/lovme.pt\\\/index.php\\\/produto\\\/classix-kit-para-casais-de-prazer-supremo-azul\\\/\",\"url\":\"https:\\\/\\\/lovme.pt\\\/index.php\\\/produto\\\/classix-kit-para-casais-de-prazer-supremo-azul\\\/\",\"name\":\"CLASSIX - KIT PARA CASAIS DE PRAZER SUPREMO AZUL - Lovme\",\"isPartOf\":{\"@id\":\"https:\\\/\\\/lovme.pt\\\/#website\"},\"primaryImageOfPage\":{\"@id\":\"https:\\\/\\\/lovme.pt\\\/index.php\\\/produto\\\/classix-kit-para-casais-de-prazer-supremo-azul\\\/#primaryimage\"},\"image\":{\"@id\":\"https:\\\/\\\/lovme.pt\\\/index.php\\\/produto\\\/classix-kit-para-casais-de-prazer-supremo-azul\\\/#primaryimage\"},\"thumbnailUrl\":\"https:\\\/\\\/erki24nd3ub.exactdn.com\\\/wp-content\\\/uploads\\\/dream\\\/img\\\/img_212897_ddc481facbbde595dfe3f30aa079eff3_1.jpg?strip=all\",\"datePublished\":\"2025-09-30T09:34:40+00:00\",\"dateModified\":\"2026-02-19T20:00:58+00:00\",\"breadcrumb\":{\"@id\":\"https:\\\/\\\/lovme.pt\\\/index.php\\\/produto\\\/classix-kit-para-casais-de-prazer-supremo-azul\\\/#breadcrumb\"},\"inLanguage\":\"pt-PT\",\"potentialAction\":[{\"@type\":\"ReadAction\",\"target\":[\"https:\\\/\\\/lovme.pt\\\/index.php\\\/produto\\\/classix-kit-para-casais-de-prazer-supremo-azul\\\/\"]}]},{\"@type\":\"ImageObject\",\"inLanguage\":\"pt-PT\",\"@id\":\"https:\\\/\\\/lovme.pt\\\/index.php\\\/produto\\\/classix-kit-para-casais-de-prazer-supremo-azul\\\/#primaryimage\",\"url\":\"https:\\\/\\\/erki24nd3ub.exactdn.com\\\/wp-content\\\/uploads\\\/dream\\\/img\\\/img_212897_ddc481facbbde595dfe3f30aa079eff3_1.jpg?strip=all\",\"contentUrl\":\"https:\\\/\\\/erki24nd3ub.exactdn.com\\\/wp-content\\\/uploads\\\/dream\\\/img\\\/img_212897_ddc481facbbde595dfe3f30aa079eff3_1.jpg?strip=all\",\"width\":900,\"height\":900},{\"@type\":\"BreadcrumbList\",\"@id\":\"https:\\\/\\\/lovme.pt\\\/index.php\\\/produto\\\/classix-kit-para-casais-de-prazer-supremo-azul\\\/#breadcrumb\",\"itemListElement\":[{\"@type\":\"ListItem\",\"position\":1,\"name\":\"In\u00edcio\",\"item\":\"https:\\\/\\\/lovme.pt\\\/\"},{\"@type\":\"ListItem\",\"position\":2,\"name\":\"Loja\",\"item\":\"https:\\\/\\\/lovme.pt\\\/index.php\\\/loja\\\/\"},{\"@type\":\"ListItem\",\"position\":3,\"name\":\"CLASSIX &#8211; KIT PARA CASAIS DE PRAZER SUPREMO AZUL\"}]},{\"@type\":\"WebSite\",\"@id\":\"https:\\\/\\\/lovme.pt\\\/#website\",\"url\":\"https:\\\/\\\/lovme.pt\\\/\",\"name\":\"Lovme Loja Er\u00f3tica N\u00ba1 em Portugal\",\"description\":\"A melhor loja er\u00f3tica de Portugal.\",\"alternateName\":\"Loja Er\u00f3tica Lovme\",\"potentialAction\":[{\"@type\":\"SearchAction\",\"target\":{\"@type\":\"EntryPoint\",\"urlTemplate\":\"https:\\\/\\\/lovme.pt\\\/?s={search_term_string}\"},\"query-input\":{\"@type\":\"PropertyValueSpecification\",\"valueRequired\":true,\"valueName\":\"search_term_string\"}}],\"inLanguage\":\"pt-PT\"}]}<\/script>\n<!-- \/ Yoast SEO plugin. -->","yoast_head_json":{"title":"CLASSIX - KIT PARA CASAIS DE PRAZER SUPREMO AZUL - Lovme","robots":{"index":"index","follow":"follow","max-snippet":"max-snippet:-1","max-image-preview":"max-image-preview:large","max-video-preview":"max-video-preview:-1"},"canonical":"https:\/\/lovme.pt\/index.php\/produto\/classix-kit-para-casais-de-prazer-supremo-azul\/","og_locale":"pt_PT","og_type":"article","og_title":"CLASSIX - KIT PARA CASAIS DE PRAZER SUPREMO AZUL - Lovme","og_description":"CLASSIX - KIT PARA CASAIS DE PRAZER SUPREMO AZUL","og_url":"https:\/\/lovme.pt\/index.php\/produto\/classix-kit-para-casais-de-prazer-supremo-azul\/","og_site_name":"Lovme","article_modified_time":"2026-02-19T20:00:58+00:00","og_image":[{"width":900,"height":900,"url":"https:\/\/erki24nd3ub.exactdn.com\/wp-content\/uploads\/dream\/img\/img_212897_ddc481facbbde595dfe3f30aa079eff3_1.jpg?strip=all","type":"image\/jpeg"}],"twitter_card":"summary_large_image","twitter_misc":{"Tempo estimado de leitura":"1 minuto"},"schema":{"@context":"https:\/\/schema.org","@graph":[{"@type":"WebPage","@id":"https:\/\/lovme.pt\/index.php\/produto\/classix-kit-para-casais-de-prazer-supremo-azul\/","url":"https:\/\/lovme.pt\/index.php\/produto\/classix-kit-para-casais-de-prazer-supremo-azul\/","name":"CLASSIX - KIT PARA CASAIS DE PRAZER SUPREMO AZUL - Lovme","isPartOf":{"@id":"https:\/\/lovme.pt\/#website"},"primaryImageOfPage":{"@id":"https:\/\/lovme.pt\/index.php\/produto\/classix-kit-para-casais-de-prazer-supremo-azul\/#primaryimage"},"image":{"@id":"https:\/\/lovme.pt\/index.php\/produto\/classix-kit-para-casais-de-prazer-supremo-azul\/#primaryimage"},"thumbnailUrl":"https:\/\/erki24nd3ub.exactdn.com\/wp-content\/uploads\/dream\/img\/img_212897_ddc481facbbde595dfe3f30aa079eff3_1.jpg?strip=all","datePublished":"2025-09-30T09:34:40+00:00","dateModified":"2026-02-19T20:00:58+00:00","breadcrumb":{"@id":"https:\/\/lovme.pt\/index.php\/produto\/classix-kit-para-casais-de-prazer-supremo-azul\/#breadcrumb"},"inLanguage":"pt-PT","potentialAction":[{"@type":"ReadAction","target":["https:\/\/lovme.pt\/index.php\/produto\/classix-kit-para-casais-de-prazer-supremo-azul\/"]}]},{"@type":"ImageObject","inLanguage":"pt-PT","@id":"https:\/\/lovme.pt\/index.php\/produto\/classix-kit-para-casais-de-prazer-supremo-azul\/#primaryimage","url":"https:\/\/erki24nd3ub.exactdn.com\/wp-content\/uploads\/dream\/img\/img_212897_ddc481facbbde595dfe3f30aa079eff3_1.jpg?strip=all","contentUrl":"https:\/\/erki24nd3ub.exactdn.com\/wp-content\/uploads\/dream\/img\/img_212897_ddc481facbbde595dfe3f30aa079eff3_1.jpg?strip=all","width":900,"height":900},{"@type":"BreadcrumbList","@id":"https:\/\/lovme.pt\/index.php\/produto\/classix-kit-para-casais-de-prazer-supremo-azul\/#breadcrumb","itemListElement":[{"@type":"ListItem","position":1,"name":"In\u00edcio","item":"https:\/\/lovme.pt\/"},{"@type":"ListItem","position":2,"name":"Loja","item":"https:\/\/lovme.pt\/index.php\/loja\/"},{"@type":"ListItem","position":3,"name":"CLASSIX &#8211; KIT PARA CASAIS DE PRAZER SUPREMO AZUL"}]},{"@type":"WebSite","@id":"https:\/\/lovme.pt\/#website","url":"https:\/\/lovme.pt\/","name":"Lovme Loja Er\u00f3tica N\u00ba1 em Portugal","description":"A melhor loja er\u00f3tica de Portugal.","alternateName":"Loja Er\u00f3tica Lovme","potentialAction":[{"@type":"SearchAction","target":{"@type":"EntryPoint","urlTemplate":"https:\/\/lovme.pt\/?s={search_term_string}"},"query-input":{"@type":"PropertyValueSpecification","valueRequired":true,"valueName":"search_term_string"}}],"inLanguage":"pt-PT"}]}},"_links":{"self":[{"href":"https:\/\/lovme.pt\/index.php\/wp-json\/wp\/v2\/product\/53520","targetHints":{"allow":["GET"]}}],"collection":[{"href":"https:\/\/lovme.pt\/index.php\/wp-json\/wp\/v2\/product"}],"about":[{"href":"https:\/\/lovme.pt\/index.php\/wp-json\/wp\/v2\/types\/product"}],"wp:featuredmedia":[{"embeddable":true,"href":"https:\/\/lovme.pt\/index.php\/wp-json\/wp\/v2\/media\/53831"}],"wp:attachment":[{"href":"https:\/\/lovme.pt\/index.php\/wp-json\/wp\/v2\/media?parent=53520"}],"wp:term":[{"taxonomy":"product_brand","embeddable":true,"href":"https:\/\/lovme.pt\/index.php\/wp-json\/wp\/v2\/product_brand?post=53520"},{"taxonomy":"product_cat","embeddable":true,"href":"https:\/\/lovme.pt\/index.php\/wp-json\/wp\/v2\/product_cat?post=53520"},{"taxonomy":"product_tag","embeddable":true,"href":"https:\/\/lovme.pt\/index.php\/wp-json\/wp\/v2\/product_tag?post=53520"}],"curies":[{"name":"wp","href":"https:\/\/api.w.org\/{rel}","templated":true}]}}