{"id":53518,"date":"2025-09-30T09:34:39","date_gmt":"2025-09-30T09:34:39","guid":{"rendered":"https:\/\/lovme.pt\/?post_type=product&p=53518"},"modified":"2026-02-19T20:00:58","modified_gmt":"2026-02-19T20:00:58","slug":"anal-fantasy-elite-collection-kit-anal-fantasy-para-iniciantes-preto","status":"publish","type":"product","link":"https:\/\/lovme.pt\/index.php\/produto\/anal-fantasy-elite-collection-kit-anal-fantasy-para-iniciantes-preto\/","title":{"rendered":"ANAL FANTASY ELITE COLLECTION &#8211; KIT ANAL FANTASY PARA INICIANTES PRETO"},"content":{"rendered":"<p>Elimine o tabu associado ao sexo anal e descubra um prazer incr\u00edvel com a nossa Cole\u00e7\u00e3o Fantasia Anal. Se voc\u00ea nunca experimentou sexo anal, o Kit Fantasia para Iniciantes \u00e9 exatamente o que voc\u00ea precisa para explorar o fascinante mundo da estimula\u00e7\u00e3o anal. O Kit Fantasia para Iniciantes inclui cinco pe\u00e7as exclusivas, perfeitas para sua primeira experi\u00eancia anal. Experimente a sonda com contas para estimula\u00e7\u00e3o anal gradual, o estimulador de pr\u00f3stata Classix para atingir o ponto ideal ou o plug com ventosa para prazer intenso. Experimente qualquer pe\u00e7a durante outra estimula\u00e7\u00e3o sexual e voc\u00ea chegar\u00e1 ao cl\u00edmax mais r\u00e1pido do que nunca!<\/p>\n<p><strong>Instru\u00e7\u00f5es de uso:<\/strong> O segredo da penetra\u00e7\u00e3o anal \u00e9 ir devagar. Tentar a penetra\u00e7\u00e3o anal antes de estar totalmente excitada pode ser desagrad\u00e1vel, ent\u00e3o volte \u00e0 experi\u00eancia aos poucos. A masturba\u00e7\u00e3o com os dedos \u00e9 uma \u00f3tima maneira de relaxar o \u00e2nus. O \u00e2nus e o reto n\u00e3o t\u00eam um sistema de lubrifica\u00e7\u00e3o autom\u00e1tica como a vagina, ent\u00e3o use bastante Moist\u2122 para reduzir o atrito e aumentar o prazer.<\/p>\n<p><strong>Instru\u00e7\u00f5es de cuidado<\/strong> : Limpeza: Ap\u00f3s a divers\u00e3o, lave as Deluxe Vibro Balls com um limpador de brinquedos antibacteriano e \u00e1gua morna.<\/p>\n<p>\u00a0<\/p>\n<p><u><strong>SONHO<\/strong><\/u><\/p>\n<p>H\u00e1 mais de 45 anos, a Pipedream Products redefine o contexto e a percep\u00e7\u00e3o dos cuidados \u00edntimos e do bem-estar sexual. Fundada em 1973 como uma empresa familiar em Ohio, a empresa cresceu e se tornou uma das maiores fabricantes de produtos para bem-estar sexual do mundo. A Pipedream combina inova\u00e7\u00e3o e tecnologia propriet\u00e1ria para oferecer produtos que fortalecem a conex\u00e3o, inspiram momentos \u00edntimos e intensificam o prazer. A fam\u00edlia de marcas Pipedream abrange praticamente todas as categorias de produtos de prazer e, por meio de seu portf\u00f3lio de parceiros, a Pipedream atende a uma gama diversificada de clientes em todo o mundo. A Pipedream orgulha-se de ter recebido mais de 100 pr\u00eamios de prestigiosas fontes do setor e de ter recebido in\u00fameros pr\u00eamios de design da AIGA, ID e IDEA.<\/p>\n","protected":false},"excerpt":{"rendered":"<p>ANAL FANTASY ELITE COLLECTION &#8211; KIT ANAL FANTASY PARA INICIANTES PRETO<\/p>\n","protected":false},"featured_media":53826,"template":"","meta":{"_acf_changed":false},"product_brand":[],"product_cat":[17,65,63],"product_tag":[],"class_list":{"0":"post-53518","1":"product","2":"type-product","3":"status-publish","4":"has-post-thumbnail","6":"product_cat-brinquedos-de-bem-estar-sexual","7":"product_cat-kits","8":"product_cat-sexo-anal","9":"yith_product_brand-pipedreamsanal-fantasy-elite-collection","10":"yith_product_brand-pipedreams","12":"first","13":"instock","14":"taxable","15":"shipping-taxable","16":"purchasable","17":"product-type-simple"},"acf":[],"yoast_head":"<!-- This site is optimized with the Yoast SEO plugin v27.4 - https:\/\/yoast.com\/product\/yoast-seo-wordpress\/ -->\n<title>ANAL FANTASY ELITE COLLECTION - KIT ANAL FANTASY PARA INICIANTES PRETO - Lovme<\/title>\n<meta name=\"robots\" content=\"index, follow, max-snippet:-1, max-image-preview:large, max-video-preview:-1\" \/>\n<link rel=\"canonical\" href=\"https:\/\/lovme.pt\/index.php\/produto\/anal-fantasy-elite-collection-kit-anal-fantasy-para-iniciantes-preto\/\" \/>\n<meta property=\"og:locale\" content=\"pt_PT\" \/>\n<meta property=\"og:type\" content=\"article\" \/>\n<meta property=\"og:title\" content=\"ANAL FANTASY ELITE COLLECTION - KIT ANAL FANTASY PARA INICIANTES PRETO - Lovme\" \/>\n<meta property=\"og:description\" content=\"ANAL FANTASY ELITE COLLECTION - KIT ANAL FANTASY PARA INICIANTES PRETO\" \/>\n<meta property=\"og:url\" content=\"https:\/\/lovme.pt\/index.php\/produto\/anal-fantasy-elite-collection-kit-anal-fantasy-para-iniciantes-preto\/\" \/>\n<meta property=\"og:site_name\" content=\"Lovme\" \/>\n<meta property=\"article:modified_time\" content=\"2026-02-19T20:00:58+00:00\" \/>\n<meta property=\"og:image\" content=\"https:\/\/erki24nd3ub.exactdn.com\/wp-content\/uploads\/dream\/img\/img_212887_c1da62f6c08b3c8849869bb15ea1c291_1.jpg?strip=all\" \/>\n\t<meta property=\"og:image:width\" content=\"900\" \/>\n\t<meta property=\"og:image:height\" content=\"900\" \/>\n\t<meta property=\"og:image:type\" content=\"image\/jpeg\" \/>\n<meta name=\"twitter:card\" content=\"summary_large_image\" \/>\n<meta name=\"twitter:label1\" content=\"Tempo estimado de leitura\" \/>\n\t<meta name=\"twitter:data1\" content=\"2 minutos\" \/>\n<script type=\"application\/ld+json\" class=\"yoast-schema-graph\">{\"@context\":\"https:\\\/\\\/schema.org\",\"@graph\":[{\"@type\":\"WebPage\",\"@id\":\"https:\\\/\\\/lovme.pt\\\/index.php\\\/produto\\\/anal-fantasy-elite-collection-kit-anal-fantasy-para-iniciantes-preto\\\/\",\"url\":\"https:\\\/\\\/lovme.pt\\\/index.php\\\/produto\\\/anal-fantasy-elite-collection-kit-anal-fantasy-para-iniciantes-preto\\\/\",\"name\":\"ANAL FANTASY ELITE COLLECTION - KIT ANAL FANTASY PARA INICIANTES PRETO - Lovme\",\"isPartOf\":{\"@id\":\"https:\\\/\\\/lovme.pt\\\/#website\"},\"primaryImageOfPage\":{\"@id\":\"https:\\\/\\\/lovme.pt\\\/index.php\\\/produto\\\/anal-fantasy-elite-collection-kit-anal-fantasy-para-iniciantes-preto\\\/#primaryimage\"},\"image\":{\"@id\":\"https:\\\/\\\/lovme.pt\\\/index.php\\\/produto\\\/anal-fantasy-elite-collection-kit-anal-fantasy-para-iniciantes-preto\\\/#primaryimage\"},\"thumbnailUrl\":\"https:\\\/\\\/erki24nd3ub.exactdn.com\\\/wp-content\\\/uploads\\\/dream\\\/img\\\/img_212887_c1da62f6c08b3c8849869bb15ea1c291_1.jpg?strip=all\",\"datePublished\":\"2025-09-30T09:34:39+00:00\",\"dateModified\":\"2026-02-19T20:00:58+00:00\",\"breadcrumb\":{\"@id\":\"https:\\\/\\\/lovme.pt\\\/index.php\\\/produto\\\/anal-fantasy-elite-collection-kit-anal-fantasy-para-iniciantes-preto\\\/#breadcrumb\"},\"inLanguage\":\"pt-PT\",\"potentialAction\":[{\"@type\":\"ReadAction\",\"target\":[\"https:\\\/\\\/lovme.pt\\\/index.php\\\/produto\\\/anal-fantasy-elite-collection-kit-anal-fantasy-para-iniciantes-preto\\\/\"]}]},{\"@type\":\"ImageObject\",\"inLanguage\":\"pt-PT\",\"@id\":\"https:\\\/\\\/lovme.pt\\\/index.php\\\/produto\\\/anal-fantasy-elite-collection-kit-anal-fantasy-para-iniciantes-preto\\\/#primaryimage\",\"url\":\"https:\\\/\\\/erki24nd3ub.exactdn.com\\\/wp-content\\\/uploads\\\/dream\\\/img\\\/img_212887_c1da62f6c08b3c8849869bb15ea1c291_1.jpg?strip=all\",\"contentUrl\":\"https:\\\/\\\/erki24nd3ub.exactdn.com\\\/wp-content\\\/uploads\\\/dream\\\/img\\\/img_212887_c1da62f6c08b3c8849869bb15ea1c291_1.jpg?strip=all\",\"width\":900,\"height\":900},{\"@type\":\"BreadcrumbList\",\"@id\":\"https:\\\/\\\/lovme.pt\\\/index.php\\\/produto\\\/anal-fantasy-elite-collection-kit-anal-fantasy-para-iniciantes-preto\\\/#breadcrumb\",\"itemListElement\":[{\"@type\":\"ListItem\",\"position\":1,\"name\":\"In\u00edcio\",\"item\":\"https:\\\/\\\/lovme.pt\\\/\"},{\"@type\":\"ListItem\",\"position\":2,\"name\":\"Loja\",\"item\":\"https:\\\/\\\/lovme.pt\\\/index.php\\\/loja\\\/\"},{\"@type\":\"ListItem\",\"position\":3,\"name\":\"ANAL FANTASY ELITE COLLECTION &#8211; KIT ANAL FANTASY PARA INICIANTES PRETO\"}]},{\"@type\":\"WebSite\",\"@id\":\"https:\\\/\\\/lovme.pt\\\/#website\",\"url\":\"https:\\\/\\\/lovme.pt\\\/\",\"name\":\"Lovme Loja Er\u00f3tica N\u00ba1 em Portugal\",\"description\":\"A melhor loja er\u00f3tica de Portugal.\",\"alternateName\":\"Loja Er\u00f3tica Lovme\",\"potentialAction\":[{\"@type\":\"SearchAction\",\"target\":{\"@type\":\"EntryPoint\",\"urlTemplate\":\"https:\\\/\\\/lovme.pt\\\/?s={search_term_string}\"},\"query-input\":{\"@type\":\"PropertyValueSpecification\",\"valueRequired\":true,\"valueName\":\"search_term_string\"}}],\"inLanguage\":\"pt-PT\"}]}<\/script>\n<!-- \/ Yoast SEO plugin. -->","yoast_head_json":{"title":"ANAL FANTASY ELITE COLLECTION - KIT ANAL FANTASY PARA INICIANTES PRETO - Lovme","robots":{"index":"index","follow":"follow","max-snippet":"max-snippet:-1","max-image-preview":"max-image-preview:large","max-video-preview":"max-video-preview:-1"},"canonical":"https:\/\/lovme.pt\/index.php\/produto\/anal-fantasy-elite-collection-kit-anal-fantasy-para-iniciantes-preto\/","og_locale":"pt_PT","og_type":"article","og_title":"ANAL FANTASY ELITE COLLECTION - KIT ANAL FANTASY PARA INICIANTES PRETO - Lovme","og_description":"ANAL FANTASY ELITE COLLECTION - KIT ANAL FANTASY PARA INICIANTES PRETO","og_url":"https:\/\/lovme.pt\/index.php\/produto\/anal-fantasy-elite-collection-kit-anal-fantasy-para-iniciantes-preto\/","og_site_name":"Lovme","article_modified_time":"2026-02-19T20:00:58+00:00","og_image":[{"width":900,"height":900,"url":"https:\/\/erki24nd3ub.exactdn.com\/wp-content\/uploads\/dream\/img\/img_212887_c1da62f6c08b3c8849869bb15ea1c291_1.jpg?strip=all","type":"image\/jpeg"}],"twitter_card":"summary_large_image","twitter_misc":{"Tempo estimado de leitura":"2 minutos"},"schema":{"@context":"https:\/\/schema.org","@graph":[{"@type":"WebPage","@id":"https:\/\/lovme.pt\/index.php\/produto\/anal-fantasy-elite-collection-kit-anal-fantasy-para-iniciantes-preto\/","url":"https:\/\/lovme.pt\/index.php\/produto\/anal-fantasy-elite-collection-kit-anal-fantasy-para-iniciantes-preto\/","name":"ANAL FANTASY ELITE COLLECTION - KIT ANAL FANTASY PARA INICIANTES PRETO - Lovme","isPartOf":{"@id":"https:\/\/lovme.pt\/#website"},"primaryImageOfPage":{"@id":"https:\/\/lovme.pt\/index.php\/produto\/anal-fantasy-elite-collection-kit-anal-fantasy-para-iniciantes-preto\/#primaryimage"},"image":{"@id":"https:\/\/lovme.pt\/index.php\/produto\/anal-fantasy-elite-collection-kit-anal-fantasy-para-iniciantes-preto\/#primaryimage"},"thumbnailUrl":"https:\/\/erki24nd3ub.exactdn.com\/wp-content\/uploads\/dream\/img\/img_212887_c1da62f6c08b3c8849869bb15ea1c291_1.jpg?strip=all","datePublished":"2025-09-30T09:34:39+00:00","dateModified":"2026-02-19T20:00:58+00:00","breadcrumb":{"@id":"https:\/\/lovme.pt\/index.php\/produto\/anal-fantasy-elite-collection-kit-anal-fantasy-para-iniciantes-preto\/#breadcrumb"},"inLanguage":"pt-PT","potentialAction":[{"@type":"ReadAction","target":["https:\/\/lovme.pt\/index.php\/produto\/anal-fantasy-elite-collection-kit-anal-fantasy-para-iniciantes-preto\/"]}]},{"@type":"ImageObject","inLanguage":"pt-PT","@id":"https:\/\/lovme.pt\/index.php\/produto\/anal-fantasy-elite-collection-kit-anal-fantasy-para-iniciantes-preto\/#primaryimage","url":"https:\/\/erki24nd3ub.exactdn.com\/wp-content\/uploads\/dream\/img\/img_212887_c1da62f6c08b3c8849869bb15ea1c291_1.jpg?strip=all","contentUrl":"https:\/\/erki24nd3ub.exactdn.com\/wp-content\/uploads\/dream\/img\/img_212887_c1da62f6c08b3c8849869bb15ea1c291_1.jpg?strip=all","width":900,"height":900},{"@type":"BreadcrumbList","@id":"https:\/\/lovme.pt\/index.php\/produto\/anal-fantasy-elite-collection-kit-anal-fantasy-para-iniciantes-preto\/#breadcrumb","itemListElement":[{"@type":"ListItem","position":1,"name":"In\u00edcio","item":"https:\/\/lovme.pt\/"},{"@type":"ListItem","position":2,"name":"Loja","item":"https:\/\/lovme.pt\/index.php\/loja\/"},{"@type":"ListItem","position":3,"name":"ANAL FANTASY ELITE COLLECTION &#8211; KIT ANAL FANTASY PARA INICIANTES PRETO"}]},{"@type":"WebSite","@id":"https:\/\/lovme.pt\/#website","url":"https:\/\/lovme.pt\/","name":"Lovme Loja Er\u00f3tica N\u00ba1 em Portugal","description":"A melhor loja er\u00f3tica de Portugal.","alternateName":"Loja Er\u00f3tica Lovme","potentialAction":[{"@type":"SearchAction","target":{"@type":"EntryPoint","urlTemplate":"https:\/\/lovme.pt\/?s={search_term_string}"},"query-input":{"@type":"PropertyValueSpecification","valueRequired":true,"valueName":"search_term_string"}}],"inLanguage":"pt-PT"}]}},"_links":{"self":[{"href":"https:\/\/lovme.pt\/index.php\/wp-json\/wp\/v2\/product\/53518","targetHints":{"allow":["GET"]}}],"collection":[{"href":"https:\/\/lovme.pt\/index.php\/wp-json\/wp\/v2\/product"}],"about":[{"href":"https:\/\/lovme.pt\/index.php\/wp-json\/wp\/v2\/types\/product"}],"wp:featuredmedia":[{"embeddable":true,"href":"https:\/\/lovme.pt\/index.php\/wp-json\/wp\/v2\/media\/53826"}],"wp:attachment":[{"href":"https:\/\/lovme.pt\/index.php\/wp-json\/wp\/v2\/media?parent=53518"}],"wp:term":[{"taxonomy":"product_brand","embeddable":true,"href":"https:\/\/lovme.pt\/index.php\/wp-json\/wp\/v2\/product_brand?post=53518"},{"taxonomy":"product_cat","embeddable":true,"href":"https:\/\/lovme.pt\/index.php\/wp-json\/wp\/v2\/product_cat?post=53518"},{"taxonomy":"product_tag","embeddable":true,"href":"https:\/\/lovme.pt\/index.php\/wp-json\/wp\/v2\/product_tag?post=53518"}],"curies":[{"name":"wp","href":"https:\/\/api.w.org\/{rel}","templated":true}]}}