{"id":53504,"date":"2025-09-30T22:21:58","date_gmt":"2025-09-30T22:21:58","guid":{"rendered":"https:\/\/lovme.pt\/?post_type=product&p=53504"},"modified":"2026-02-19T20:11:25","modified_gmt":"2026-02-19T20:11:25","slug":"medica-group-busto-maior-firmante-90-capsulas","status":"publish","type":"product","link":"https:\/\/lovme.pt\/index.php\/produto\/medica-group-busto-maior-firmante-90-capsulas\/","title":{"rendered":"MEDICA GROUP &#8211; BUSTO MAIOR FIRMANTE 90 C\u00c1PSULAS"},"content":{"rendered":"<p><strong>BiggerBust<\/strong> \u00e9 um suplemento alimentar inovador desenvolvido especificamente para mulheres que desejam melhorar a apar\u00eancia e a firmeza dos seios. Sua f\u00f3rmula \u00e9 baseada em ingredientes ativos naturais cujas propriedades promovem aumento do volume dos seios, firmeza da pele e melhora da elasticidade. O uso regular e a a\u00e7\u00e3o de seus ingredientes ativos podem ajudar a alcan\u00e7ar seios mais volumosos e definidos sem a necessidade de m\u00e9todos invasivos.<\/p>\n<p>As c\u00e1psulas BiggerBust s\u00e3o um complexo de ingredientes naturais que promovem o processo natural de aumento dos seios, estimulando o tecido glandular e melhorando a elasticidade da pele. Gra\u00e7as aos extratos vegetais com propriedades fitoestrog\u00eanicas, as mulheres podem obter uma pele fortalecida.<\/p>\n<p>\u00a0<\/p>\n<p><strong>ESPECIFICA\u00c7\u00d5ES T\u00c9CNICAS:<\/strong><\/p>\n<ul>\n<li><strong>Aplica\u00e7\u00e3o do produto:<\/strong> Firmeza natural e melhora da apar\u00eancia do busto.<\/li>\n<li><strong>Ingredientes<\/strong> : l\u00fapulo, gelatina, extrato de trevo vermelho padronizado para 8% de isoflavonas, trigo sarraceno, soja, milho, cevada, centeio, fibra de ma\u00e7\u00e3, agente de volume: celulose microcristalina, antiaglomerantes: sais de magn\u00e9sio de \u00e1cidos graxos e di\u00f3xido de sil\u00edcio.<\/li>\n<li><strong>Ingredientes Ingredientes ativos<\/strong>\n<ul>\n<li>Extrato de cone de l\u00fapulo: promove firmeza e elasticidade da pele dos seios.<\/li>\n<li>Extrato de trevo vermelho: fonte natural de isoflavonas que influenciam a silhueta feminina.<\/li>\n<li>Trigo sarraceno: promove a microcircula\u00e7\u00e3o e fortalece os vasos sangu\u00edneos, o que pode ter um efeito ben\u00e9fico na apar\u00eancia e firmeza dos seios.<\/li>\n<\/ul>\n<\/li>\n<li><strong>Instru\u00e7\u00f5es<\/strong> : Tomar 3 c\u00e1psulas por dia com bastante \u00e1gua. Os melhores resultados s\u00e3o alcan\u00e7ados com o uso regular por pelo menos 3 meses.<\/li>\n<li><strong>Nota de seguran\u00e7a:<\/strong> N\u00e3o use se voc\u00ea for al\u00e9rgico a qualquer um dos ingredientes. N\u00e3o exceda a dose di\u00e1ria recomendada. Este produto n\u00e3o \u00e9 adequado para gestantes ou lactantes. Mantenha fora do alcance de crian\u00e7as. Uma dieta rica em isoflavonas contendo leguminosas, incluindo soja, n\u00e3o requer suplementa\u00e7\u00e3o. Para mulheres com c\u00e2ncer, use somente ap\u00f3s consultar um m\u00e9dico.<\/li>\n<\/ul>\n<p>\u00a0<\/p>\n<p><strong>GRUPO M\u00c9DICO<\/strong><\/p>\n<p>Esta \u00e9 uma empresa com vasta experi\u00eancia na venda de suplementos alimentares e cosm\u00e9ticos, adquirida desde 1999. Nossos produtos atendem a todos os requisitos poloneses e da UE, garantindo a mais alta qualidade e seguran\u00e7a. Somos conhecidos por utilizar extratos com propriedades excepcionais que distinguem nossos suplementos e cosm\u00e9ticos dos de outras empresas. Gra\u00e7as \u00e0s nossas composi\u00e7\u00f5es \u00fanicas e \u00e0s mais altas concentra\u00e7\u00f5es de mat\u00e9rias-primas utilizadas, podemos afirmar com orgulho que nossos produtos s\u00e3o os melhores do mercado.<\/p>\n","protected":false},"excerpt":{"rendered":"<p>MEDICA GROUP &#8211; BUSTO MAIOR FIRMANTE 90 C\u00c1PSULAS<\/p>\n","protected":false},"featured_media":77168,"template":"","meta":{"_acf_changed":false},"product_brand":[],"product_cat":[49,52,70],"product_tag":[],"class_list":{"0":"post-53504","1":"product","2":"type-product","3":"status-publish","4":"has-post-thumbnail","6":"product_cat-cosmeticos","7":"product_cat-estimulantes","8":"product_cat-saude","9":"yith_product_brand-medica-group","11":"first","12":"instock","13":"taxable","14":"shipping-taxable","15":"purchasable","16":"product-type-simple"},"acf":[],"yoast_head":"<!-- This site is optimized with the Yoast SEO plugin v27.4 - https:\/\/yoast.com\/product\/yoast-seo-wordpress\/ -->\n<title>MEDICA GROUP - BUSTO MAIOR FIRMANTE 90 C\u00c1PSULAS - Lovme<\/title>\n<meta name=\"robots\" content=\"index, follow, max-snippet:-1, max-image-preview:large, max-video-preview:-1\" \/>\n<link rel=\"canonical\" href=\"https:\/\/lovme.pt\/index.php\/produto\/medica-group-busto-maior-firmante-90-capsulas\/\" \/>\n<meta property=\"og:locale\" content=\"pt_PT\" \/>\n<meta property=\"og:type\" content=\"article\" \/>\n<meta property=\"og:title\" content=\"MEDICA GROUP - BUSTO MAIOR FIRMANTE 90 C\u00c1PSULAS - Lovme\" \/>\n<meta property=\"og:description\" content=\"MEDICA GROUP - BUSTO MAIOR FIRMANTE 90 C\u00c1PSULAS\" \/>\n<meta property=\"og:url\" content=\"https:\/\/lovme.pt\/index.php\/produto\/medica-group-busto-maior-firmante-90-capsulas\/\" \/>\n<meta property=\"og:site_name\" content=\"Lovme\" \/>\n<meta property=\"article:modified_time\" content=\"2026-02-19T20:11:25+00:00\" \/>\n<meta property=\"og:image\" content=\"https:\/\/erki24nd3ub.exactdn.com\/wp-content\/uploads\/dream\/img\/img_212806_209331b6b3fef348e8ba9baca9a41423_1.jpg?strip=all\" \/>\n\t<meta property=\"og:image:width\" content=\"900\" \/>\n\t<meta property=\"og:image:height\" content=\"900\" \/>\n\t<meta property=\"og:image:type\" content=\"image\/jpeg\" \/>\n<meta name=\"twitter:card\" content=\"summary_large_image\" \/>\n<meta name=\"twitter:label1\" content=\"Tempo estimado de leitura\" \/>\n\t<meta name=\"twitter:data1\" content=\"2 minutos\" \/>\n<script type=\"application\/ld+json\" class=\"yoast-schema-graph\">{\"@context\":\"https:\\\/\\\/schema.org\",\"@graph\":[{\"@type\":\"WebPage\",\"@id\":\"https:\\\/\\\/lovme.pt\\\/index.php\\\/produto\\\/medica-group-busto-maior-firmante-90-capsulas\\\/\",\"url\":\"https:\\\/\\\/lovme.pt\\\/index.php\\\/produto\\\/medica-group-busto-maior-firmante-90-capsulas\\\/\",\"name\":\"MEDICA GROUP - BUSTO MAIOR FIRMANTE 90 C\u00c1PSULAS - Lovme\",\"isPartOf\":{\"@id\":\"https:\\\/\\\/lovme.pt\\\/#website\"},\"primaryImageOfPage\":{\"@id\":\"https:\\\/\\\/lovme.pt\\\/index.php\\\/produto\\\/medica-group-busto-maior-firmante-90-capsulas\\\/#primaryimage\"},\"image\":{\"@id\":\"https:\\\/\\\/lovme.pt\\\/index.php\\\/produto\\\/medica-group-busto-maior-firmante-90-capsulas\\\/#primaryimage\"},\"thumbnailUrl\":\"https:\\\/\\\/erki24nd3ub.exactdn.com\\\/wp-content\\\/uploads\\\/dream\\\/img\\\/img_212806_209331b6b3fef348e8ba9baca9a41423_1.jpg?strip=all\",\"datePublished\":\"2025-09-30T22:21:58+00:00\",\"dateModified\":\"2026-02-19T20:11:25+00:00\",\"breadcrumb\":{\"@id\":\"https:\\\/\\\/lovme.pt\\\/index.php\\\/produto\\\/medica-group-busto-maior-firmante-90-capsulas\\\/#breadcrumb\"},\"inLanguage\":\"pt-PT\",\"potentialAction\":[{\"@type\":\"ReadAction\",\"target\":[\"https:\\\/\\\/lovme.pt\\\/index.php\\\/produto\\\/medica-group-busto-maior-firmante-90-capsulas\\\/\"]}]},{\"@type\":\"ImageObject\",\"inLanguage\":\"pt-PT\",\"@id\":\"https:\\\/\\\/lovme.pt\\\/index.php\\\/produto\\\/medica-group-busto-maior-firmante-90-capsulas\\\/#primaryimage\",\"url\":\"https:\\\/\\\/erki24nd3ub.exactdn.com\\\/wp-content\\\/uploads\\\/dream\\\/img\\\/img_212806_209331b6b3fef348e8ba9baca9a41423_1.jpg?strip=all\",\"contentUrl\":\"https:\\\/\\\/erki24nd3ub.exactdn.com\\\/wp-content\\\/uploads\\\/dream\\\/img\\\/img_212806_209331b6b3fef348e8ba9baca9a41423_1.jpg?strip=all\",\"width\":900,\"height\":900},{\"@type\":\"BreadcrumbList\",\"@id\":\"https:\\\/\\\/lovme.pt\\\/index.php\\\/produto\\\/medica-group-busto-maior-firmante-90-capsulas\\\/#breadcrumb\",\"itemListElement\":[{\"@type\":\"ListItem\",\"position\":1,\"name\":\"In\u00edcio\",\"item\":\"https:\\\/\\\/lovme.pt\\\/\"},{\"@type\":\"ListItem\",\"position\":2,\"name\":\"Loja\",\"item\":\"https:\\\/\\\/lovme.pt\\\/index.php\\\/loja\\\/\"},{\"@type\":\"ListItem\",\"position\":3,\"name\":\"MEDICA GROUP &#8211; BUSTO MAIOR FIRMANTE 90 C\u00c1PSULAS\"}]},{\"@type\":\"WebSite\",\"@id\":\"https:\\\/\\\/lovme.pt\\\/#website\",\"url\":\"https:\\\/\\\/lovme.pt\\\/\",\"name\":\"Lovme Loja Er\u00f3tica N\u00ba1 em Portugal\",\"description\":\"A melhor loja er\u00f3tica de Portugal.\",\"alternateName\":\"Loja Er\u00f3tica Lovme\",\"potentialAction\":[{\"@type\":\"SearchAction\",\"target\":{\"@type\":\"EntryPoint\",\"urlTemplate\":\"https:\\\/\\\/lovme.pt\\\/?s={search_term_string}\"},\"query-input\":{\"@type\":\"PropertyValueSpecification\",\"valueRequired\":true,\"valueName\":\"search_term_string\"}}],\"inLanguage\":\"pt-PT\"}]}<\/script>\n<!-- \/ Yoast SEO plugin. -->","yoast_head_json":{"title":"MEDICA GROUP - BUSTO MAIOR FIRMANTE 90 C\u00c1PSULAS - Lovme","robots":{"index":"index","follow":"follow","max-snippet":"max-snippet:-1","max-image-preview":"max-image-preview:large","max-video-preview":"max-video-preview:-1"},"canonical":"https:\/\/lovme.pt\/index.php\/produto\/medica-group-busto-maior-firmante-90-capsulas\/","og_locale":"pt_PT","og_type":"article","og_title":"MEDICA GROUP - BUSTO MAIOR FIRMANTE 90 C\u00c1PSULAS - Lovme","og_description":"MEDICA GROUP - BUSTO MAIOR FIRMANTE 90 C\u00c1PSULAS","og_url":"https:\/\/lovme.pt\/index.php\/produto\/medica-group-busto-maior-firmante-90-capsulas\/","og_site_name":"Lovme","article_modified_time":"2026-02-19T20:11:25+00:00","og_image":[{"width":900,"height":900,"url":"https:\/\/erki24nd3ub.exactdn.com\/wp-content\/uploads\/dream\/img\/img_212806_209331b6b3fef348e8ba9baca9a41423_1.jpg?strip=all","type":"image\/jpeg"}],"twitter_card":"summary_large_image","twitter_misc":{"Tempo estimado de leitura":"2 minutos"},"schema":{"@context":"https:\/\/schema.org","@graph":[{"@type":"WebPage","@id":"https:\/\/lovme.pt\/index.php\/produto\/medica-group-busto-maior-firmante-90-capsulas\/","url":"https:\/\/lovme.pt\/index.php\/produto\/medica-group-busto-maior-firmante-90-capsulas\/","name":"MEDICA GROUP - BUSTO MAIOR FIRMANTE 90 C\u00c1PSULAS - Lovme","isPartOf":{"@id":"https:\/\/lovme.pt\/#website"},"primaryImageOfPage":{"@id":"https:\/\/lovme.pt\/index.php\/produto\/medica-group-busto-maior-firmante-90-capsulas\/#primaryimage"},"image":{"@id":"https:\/\/lovme.pt\/index.php\/produto\/medica-group-busto-maior-firmante-90-capsulas\/#primaryimage"},"thumbnailUrl":"https:\/\/erki24nd3ub.exactdn.com\/wp-content\/uploads\/dream\/img\/img_212806_209331b6b3fef348e8ba9baca9a41423_1.jpg?strip=all","datePublished":"2025-09-30T22:21:58+00:00","dateModified":"2026-02-19T20:11:25+00:00","breadcrumb":{"@id":"https:\/\/lovme.pt\/index.php\/produto\/medica-group-busto-maior-firmante-90-capsulas\/#breadcrumb"},"inLanguage":"pt-PT","potentialAction":[{"@type":"ReadAction","target":["https:\/\/lovme.pt\/index.php\/produto\/medica-group-busto-maior-firmante-90-capsulas\/"]}]},{"@type":"ImageObject","inLanguage":"pt-PT","@id":"https:\/\/lovme.pt\/index.php\/produto\/medica-group-busto-maior-firmante-90-capsulas\/#primaryimage","url":"https:\/\/erki24nd3ub.exactdn.com\/wp-content\/uploads\/dream\/img\/img_212806_209331b6b3fef348e8ba9baca9a41423_1.jpg?strip=all","contentUrl":"https:\/\/erki24nd3ub.exactdn.com\/wp-content\/uploads\/dream\/img\/img_212806_209331b6b3fef348e8ba9baca9a41423_1.jpg?strip=all","width":900,"height":900},{"@type":"BreadcrumbList","@id":"https:\/\/lovme.pt\/index.php\/produto\/medica-group-busto-maior-firmante-90-capsulas\/#breadcrumb","itemListElement":[{"@type":"ListItem","position":1,"name":"In\u00edcio","item":"https:\/\/lovme.pt\/"},{"@type":"ListItem","position":2,"name":"Loja","item":"https:\/\/lovme.pt\/index.php\/loja\/"},{"@type":"ListItem","position":3,"name":"MEDICA GROUP &#8211; BUSTO MAIOR FIRMANTE 90 C\u00c1PSULAS"}]},{"@type":"WebSite","@id":"https:\/\/lovme.pt\/#website","url":"https:\/\/lovme.pt\/","name":"Lovme Loja Er\u00f3tica N\u00ba1 em Portugal","description":"A melhor loja er\u00f3tica de Portugal.","alternateName":"Loja Er\u00f3tica Lovme","potentialAction":[{"@type":"SearchAction","target":{"@type":"EntryPoint","urlTemplate":"https:\/\/lovme.pt\/?s={search_term_string}"},"query-input":{"@type":"PropertyValueSpecification","valueRequired":true,"valueName":"search_term_string"}}],"inLanguage":"pt-PT"}]}},"_links":{"self":[{"href":"https:\/\/lovme.pt\/index.php\/wp-json\/wp\/v2\/product\/53504","targetHints":{"allow":["GET"]}}],"collection":[{"href":"https:\/\/lovme.pt\/index.php\/wp-json\/wp\/v2\/product"}],"about":[{"href":"https:\/\/lovme.pt\/index.php\/wp-json\/wp\/v2\/types\/product"}],"wp:featuredmedia":[{"embeddable":true,"href":"https:\/\/lovme.pt\/index.php\/wp-json\/wp\/v2\/media\/77168"}],"wp:attachment":[{"href":"https:\/\/lovme.pt\/index.php\/wp-json\/wp\/v2\/media?parent=53504"}],"wp:term":[{"taxonomy":"product_brand","embeddable":true,"href":"https:\/\/lovme.pt\/index.php\/wp-json\/wp\/v2\/product_brand?post=53504"},{"taxonomy":"product_cat","embeddable":true,"href":"https:\/\/lovme.pt\/index.php\/wp-json\/wp\/v2\/product_cat?post=53504"},{"taxonomy":"product_tag","embeddable":true,"href":"https:\/\/lovme.pt\/index.php\/wp-json\/wp\/v2\/product_tag?post=53504"}],"curies":[{"name":"wp","href":"https:\/\/api.w.org\/{rel}","templated":true}]}}