{"id":53502,"date":"2025-09-30T22:22:15","date_gmt":"2025-09-30T22:22:15","guid":{"rendered":"https:\/\/lovme.pt\/?post_type=product&p=53502"},"modified":"2026-02-19T20:11:26","modified_gmt":"2026-02-19T20:11:26","slug":"medica-group-super-orgasmo-parar-de-retardar-para-homens-60-capsulas","status":"publish","type":"product","link":"https:\/\/lovme.pt\/index.php\/produto\/medica-group-super-orgasmo-parar-de-retardar-para-homens-60-capsulas\/","title":{"rendered":"MEDICA GROUP &#8211; SUPER ORGASMO PARAR DE RETARDAR PARA HOMENS 60 C\u00c1PSULAS"},"content":{"rendered":"<p>As C\u00e1psulas <strong>Super Orgasm Stop<\/strong> s\u00e3o um suplemento alimentar avan\u00e7ado desenvolvido para homens que desejam controlar melhor sua resist\u00eancia e retardar o cl\u00edmax. Sua f\u00f3rmula especialmente desenvolvida combina ingredientes naturais que promovem rela\u00e7\u00f5es sexuais prolongadas, melhoram o controle ejaculat\u00f3rio e aumentam a satisfa\u00e7\u00e3o sexual.<\/p>\n<p>As c\u00e1psulas <strong>Super Orgasm Stop<\/strong> s\u00e3o uma composi\u00e7\u00e3o \u00fanica de ingredientes naturais que ajudam os homens a controlar o momento da ejacula\u00e7\u00e3o, prolongando a dura\u00e7\u00e3o da rela\u00e7\u00e3o sexual e aumentando a autoconfian\u00e7a na cama. Os extratos vegetais, amino\u00e1cidos e vitaminas que cont\u00eam foram selecionados para fortalecer o sistema nervoso, melhorar a circula\u00e7\u00e3o e reduzir a hipersensibilidade a est\u00edmulos. Com o uso regular das c\u00e1psulas, os usu\u00e1rios podem desfrutar de um melhor controle da ejacula\u00e7\u00e3o, permitindo rela\u00e7\u00f5es sexuais mais longas e satisfat\u00f3rias. <strong>Super Orgasm Stop<\/strong> \u00e9 a solu\u00e7\u00e3o perfeita para homens que desejam melhorar sua qualidade de vida sexual e proporcionar \u00e0 sua parceira experi\u00eancias inesquec\u00edveis.<\/p>\n<p>\u00a0<\/p>\n<p><strong>ESPECIFICA\u00c7\u00d5ES T\u00c9CNICAS:<\/strong><\/p>\n<ul>\n<li><strong>Aplica\u00e7\u00e3o do produto:<\/strong> Para auxiliar no controle da ejacula\u00e7\u00e3o e prolongar a rela\u00e7\u00e3o sexual.<\/li>\n<li><strong>Ingredientes<\/strong> : Extrato de maca, L-arginina, gelatina, extrato de salsaparrilha, extrato de Tribulus Terrestris, extrato de ginseng americano, extrato de Avena Sativa, agente de volume: celulose microcristalina.<\/li>\n<li><strong>Ingredientes ativos<\/strong>\n<ul>\n<li>L-Arginina: melhora a circula\u00e7\u00e3o sangu\u00ednea, o que promove melhor resist\u00eancia sexual.<\/li>\n<li>Extrato de Ginseng: Aumenta a energia, melhora a fun\u00e7\u00e3o sexual e reduz a fadiga.<\/li>\n<li>Extrato de Aveia: Tem efeito calmante, ajuda a controlar as rea\u00e7\u00f5es do corpo e ajuda a manter o equil\u00edbrio emocional.<\/li>\n<\/ul>\n<\/li>\n<li><strong>Instru\u00e7\u00f5es<\/strong> : Recomenda-se tomar 2 c\u00e1psulas por dia, de prefer\u00eancia cerca de 30 minutos antes da atividade sexual. A c\u00e1psula deve ser tomada com um copo de \u00e1gua. N\u00e3o exceda a dose di\u00e1ria recomendada. Para melhores resultados, use regularmente.<\/li>\n<li><strong>Nota de seguran\u00e7a:<\/strong> Este suplemento alimentar n\u00e3o pode ser usado como substituto de uma dieta variada. Armazene em local fresco e seco, longe da luz solar direta. Este produto n\u00e3o se destina a menores de 18 anos. N\u00e3o use se voc\u00ea tiver hipersensibilidade a qualquer um dos ingredientes. Em caso de d\u00favida, consulte um m\u00e9dico antes de usar.<\/li>\n<\/ul>\n<p>\u00a0<\/p>\n<p><strong>GRUPO M\u00c9DICO<\/strong><\/p>\n<p>Esta \u00e9 uma empresa com vasta experi\u00eancia na venda de suplementos alimentares e cosm\u00e9ticos, adquirida desde 1999. Nossos produtos atendem a todos os requisitos poloneses e da UE, garantindo a mais alta qualidade e seguran\u00e7a. Somos conhecidos por utilizar extratos com propriedades excepcionais que distinguem nossos suplementos e cosm\u00e9ticos dos de outras empresas. Gra\u00e7as \u00e0s nossas composi\u00e7\u00f5es \u00fanicas e \u00e0s mais altas concentra\u00e7\u00f5es de mat\u00e9rias-primas utilizadas, podemos afirmar com orgulho que nossos produtos s\u00e3o os melhores do mercado.<\/p>\n","protected":false},"excerpt":{"rendered":"<p>MEDICA GROUP &#8211; SUPER ORGASMO PARAR DE RETARDAR PARA HOMENS 60 C\u00c1PSULAS<\/p>\n","protected":false},"featured_media":77208,"template":"","meta":{"_acf_changed":false},"product_brand":[],"product_cat":[49,52,70],"product_tag":[],"class_list":{"0":"post-53502","1":"product","2":"type-product","3":"status-publish","4":"has-post-thumbnail","6":"product_cat-cosmeticos","7":"product_cat-estimulantes","8":"product_cat-saude","9":"yith_product_brand-medica-group","11":"first","12":"instock","13":"taxable","14":"shipping-taxable","15":"purchasable","16":"product-type-simple"},"acf":[],"yoast_head":"<!-- This site is optimized with the Yoast SEO plugin v27.4 - https:\/\/yoast.com\/product\/yoast-seo-wordpress\/ -->\n<title>MEDICA GROUP - SUPER ORGASMO PARAR DE RETARDAR PARA HOMENS 60 C\u00c1PSULAS - Lovme<\/title>\n<meta name=\"robots\" content=\"index, follow, max-snippet:-1, max-image-preview:large, max-video-preview:-1\" \/>\n<link rel=\"canonical\" href=\"https:\/\/lovme.pt\/index.php\/produto\/medica-group-super-orgasmo-parar-de-retardar-para-homens-60-capsulas\/\" \/>\n<meta property=\"og:locale\" content=\"pt_PT\" \/>\n<meta property=\"og:type\" content=\"article\" \/>\n<meta property=\"og:title\" content=\"MEDICA GROUP - SUPER ORGASMO PARAR DE RETARDAR PARA HOMENS 60 C\u00c1PSULAS - Lovme\" \/>\n<meta property=\"og:description\" content=\"MEDICA GROUP - SUPER ORGASMO PARAR DE RETARDAR PARA HOMENS 60 C\u00c1PSULAS\" \/>\n<meta property=\"og:url\" content=\"https:\/\/lovme.pt\/index.php\/produto\/medica-group-super-orgasmo-parar-de-retardar-para-homens-60-capsulas\/\" \/>\n<meta property=\"og:site_name\" content=\"Lovme\" \/>\n<meta property=\"article:modified_time\" content=\"2026-02-19T20:11:26+00:00\" \/>\n<meta property=\"og:image\" content=\"https:\/\/erki24nd3ub.exactdn.com\/wp-content\/uploads\/dream\/img\/img_212842_27b4cb793a2fade6a4fab09d32a8784b_1.jpg?strip=all\" \/>\n\t<meta property=\"og:image:width\" content=\"900\" \/>\n\t<meta property=\"og:image:height\" content=\"900\" \/>\n\t<meta property=\"og:image:type\" content=\"image\/jpeg\" \/>\n<meta name=\"twitter:card\" content=\"summary_large_image\" \/>\n<meta name=\"twitter:label1\" content=\"Tempo estimado de leitura\" \/>\n\t<meta name=\"twitter:data1\" content=\"2 minutos\" \/>\n<script type=\"application\/ld+json\" class=\"yoast-schema-graph\">{\"@context\":\"https:\\\/\\\/schema.org\",\"@graph\":[{\"@type\":\"WebPage\",\"@id\":\"https:\\\/\\\/lovme.pt\\\/index.php\\\/produto\\\/medica-group-super-orgasmo-parar-de-retardar-para-homens-60-capsulas\\\/\",\"url\":\"https:\\\/\\\/lovme.pt\\\/index.php\\\/produto\\\/medica-group-super-orgasmo-parar-de-retardar-para-homens-60-capsulas\\\/\",\"name\":\"MEDICA GROUP - SUPER ORGASMO PARAR DE RETARDAR PARA HOMENS 60 C\u00c1PSULAS - Lovme\",\"isPartOf\":{\"@id\":\"https:\\\/\\\/lovme.pt\\\/#website\"},\"primaryImageOfPage\":{\"@id\":\"https:\\\/\\\/lovme.pt\\\/index.php\\\/produto\\\/medica-group-super-orgasmo-parar-de-retardar-para-homens-60-capsulas\\\/#primaryimage\"},\"image\":{\"@id\":\"https:\\\/\\\/lovme.pt\\\/index.php\\\/produto\\\/medica-group-super-orgasmo-parar-de-retardar-para-homens-60-capsulas\\\/#primaryimage\"},\"thumbnailUrl\":\"https:\\\/\\\/erki24nd3ub.exactdn.com\\\/wp-content\\\/uploads\\\/dream\\\/img\\\/img_212842_27b4cb793a2fade6a4fab09d32a8784b_1.jpg?strip=all\",\"datePublished\":\"2025-09-30T22:22:15+00:00\",\"dateModified\":\"2026-02-19T20:11:26+00:00\",\"breadcrumb\":{\"@id\":\"https:\\\/\\\/lovme.pt\\\/index.php\\\/produto\\\/medica-group-super-orgasmo-parar-de-retardar-para-homens-60-capsulas\\\/#breadcrumb\"},\"inLanguage\":\"pt-PT\",\"potentialAction\":[{\"@type\":\"ReadAction\",\"target\":[\"https:\\\/\\\/lovme.pt\\\/index.php\\\/produto\\\/medica-group-super-orgasmo-parar-de-retardar-para-homens-60-capsulas\\\/\"]}]},{\"@type\":\"ImageObject\",\"inLanguage\":\"pt-PT\",\"@id\":\"https:\\\/\\\/lovme.pt\\\/index.php\\\/produto\\\/medica-group-super-orgasmo-parar-de-retardar-para-homens-60-capsulas\\\/#primaryimage\",\"url\":\"https:\\\/\\\/erki24nd3ub.exactdn.com\\\/wp-content\\\/uploads\\\/dream\\\/img\\\/img_212842_27b4cb793a2fade6a4fab09d32a8784b_1.jpg?strip=all\",\"contentUrl\":\"https:\\\/\\\/erki24nd3ub.exactdn.com\\\/wp-content\\\/uploads\\\/dream\\\/img\\\/img_212842_27b4cb793a2fade6a4fab09d32a8784b_1.jpg?strip=all\",\"width\":900,\"height\":900},{\"@type\":\"BreadcrumbList\",\"@id\":\"https:\\\/\\\/lovme.pt\\\/index.php\\\/produto\\\/medica-group-super-orgasmo-parar-de-retardar-para-homens-60-capsulas\\\/#breadcrumb\",\"itemListElement\":[{\"@type\":\"ListItem\",\"position\":1,\"name\":\"In\u00edcio\",\"item\":\"https:\\\/\\\/lovme.pt\\\/\"},{\"@type\":\"ListItem\",\"position\":2,\"name\":\"Loja\",\"item\":\"https:\\\/\\\/lovme.pt\\\/index.php\\\/loja\\\/\"},{\"@type\":\"ListItem\",\"position\":3,\"name\":\"MEDICA GROUP &#8211; SUPER ORGASMO PARAR DE RETARDAR PARA HOMENS 60 C\u00c1PSULAS\"}]},{\"@type\":\"WebSite\",\"@id\":\"https:\\\/\\\/lovme.pt\\\/#website\",\"url\":\"https:\\\/\\\/lovme.pt\\\/\",\"name\":\"Lovme Loja Er\u00f3tica N\u00ba1 em Portugal\",\"description\":\"A melhor loja er\u00f3tica de Portugal.\",\"alternateName\":\"Loja Er\u00f3tica Lovme\",\"potentialAction\":[{\"@type\":\"SearchAction\",\"target\":{\"@type\":\"EntryPoint\",\"urlTemplate\":\"https:\\\/\\\/lovme.pt\\\/?s={search_term_string}\"},\"query-input\":{\"@type\":\"PropertyValueSpecification\",\"valueRequired\":true,\"valueName\":\"search_term_string\"}}],\"inLanguage\":\"pt-PT\"}]}<\/script>\n<!-- \/ Yoast SEO plugin. -->","yoast_head_json":{"title":"MEDICA GROUP - SUPER ORGASMO PARAR DE RETARDAR PARA HOMENS 60 C\u00c1PSULAS - Lovme","robots":{"index":"index","follow":"follow","max-snippet":"max-snippet:-1","max-image-preview":"max-image-preview:large","max-video-preview":"max-video-preview:-1"},"canonical":"https:\/\/lovme.pt\/index.php\/produto\/medica-group-super-orgasmo-parar-de-retardar-para-homens-60-capsulas\/","og_locale":"pt_PT","og_type":"article","og_title":"MEDICA GROUP - SUPER ORGASMO PARAR DE RETARDAR PARA HOMENS 60 C\u00c1PSULAS - Lovme","og_description":"MEDICA GROUP - SUPER ORGASMO PARAR DE RETARDAR PARA HOMENS 60 C\u00c1PSULAS","og_url":"https:\/\/lovme.pt\/index.php\/produto\/medica-group-super-orgasmo-parar-de-retardar-para-homens-60-capsulas\/","og_site_name":"Lovme","article_modified_time":"2026-02-19T20:11:26+00:00","og_image":[{"width":900,"height":900,"url":"https:\/\/erki24nd3ub.exactdn.com\/wp-content\/uploads\/dream\/img\/img_212842_27b4cb793a2fade6a4fab09d32a8784b_1.jpg?strip=all","type":"image\/jpeg"}],"twitter_card":"summary_large_image","twitter_misc":{"Tempo estimado de leitura":"2 minutos"},"schema":{"@context":"https:\/\/schema.org","@graph":[{"@type":"WebPage","@id":"https:\/\/lovme.pt\/index.php\/produto\/medica-group-super-orgasmo-parar-de-retardar-para-homens-60-capsulas\/","url":"https:\/\/lovme.pt\/index.php\/produto\/medica-group-super-orgasmo-parar-de-retardar-para-homens-60-capsulas\/","name":"MEDICA GROUP - SUPER ORGASMO PARAR DE RETARDAR PARA HOMENS 60 C\u00c1PSULAS - Lovme","isPartOf":{"@id":"https:\/\/lovme.pt\/#website"},"primaryImageOfPage":{"@id":"https:\/\/lovme.pt\/index.php\/produto\/medica-group-super-orgasmo-parar-de-retardar-para-homens-60-capsulas\/#primaryimage"},"image":{"@id":"https:\/\/lovme.pt\/index.php\/produto\/medica-group-super-orgasmo-parar-de-retardar-para-homens-60-capsulas\/#primaryimage"},"thumbnailUrl":"https:\/\/erki24nd3ub.exactdn.com\/wp-content\/uploads\/dream\/img\/img_212842_27b4cb793a2fade6a4fab09d32a8784b_1.jpg?strip=all","datePublished":"2025-09-30T22:22:15+00:00","dateModified":"2026-02-19T20:11:26+00:00","breadcrumb":{"@id":"https:\/\/lovme.pt\/index.php\/produto\/medica-group-super-orgasmo-parar-de-retardar-para-homens-60-capsulas\/#breadcrumb"},"inLanguage":"pt-PT","potentialAction":[{"@type":"ReadAction","target":["https:\/\/lovme.pt\/index.php\/produto\/medica-group-super-orgasmo-parar-de-retardar-para-homens-60-capsulas\/"]}]},{"@type":"ImageObject","inLanguage":"pt-PT","@id":"https:\/\/lovme.pt\/index.php\/produto\/medica-group-super-orgasmo-parar-de-retardar-para-homens-60-capsulas\/#primaryimage","url":"https:\/\/erki24nd3ub.exactdn.com\/wp-content\/uploads\/dream\/img\/img_212842_27b4cb793a2fade6a4fab09d32a8784b_1.jpg?strip=all","contentUrl":"https:\/\/erki24nd3ub.exactdn.com\/wp-content\/uploads\/dream\/img\/img_212842_27b4cb793a2fade6a4fab09d32a8784b_1.jpg?strip=all","width":900,"height":900},{"@type":"BreadcrumbList","@id":"https:\/\/lovme.pt\/index.php\/produto\/medica-group-super-orgasmo-parar-de-retardar-para-homens-60-capsulas\/#breadcrumb","itemListElement":[{"@type":"ListItem","position":1,"name":"In\u00edcio","item":"https:\/\/lovme.pt\/"},{"@type":"ListItem","position":2,"name":"Loja","item":"https:\/\/lovme.pt\/index.php\/loja\/"},{"@type":"ListItem","position":3,"name":"MEDICA GROUP &#8211; SUPER ORGASMO PARAR DE RETARDAR PARA HOMENS 60 C\u00c1PSULAS"}]},{"@type":"WebSite","@id":"https:\/\/lovme.pt\/#website","url":"https:\/\/lovme.pt\/","name":"Lovme Loja Er\u00f3tica N\u00ba1 em Portugal","description":"A melhor loja er\u00f3tica de Portugal.","alternateName":"Loja Er\u00f3tica Lovme","potentialAction":[{"@type":"SearchAction","target":{"@type":"EntryPoint","urlTemplate":"https:\/\/lovme.pt\/?s={search_term_string}"},"query-input":{"@type":"PropertyValueSpecification","valueRequired":true,"valueName":"search_term_string"}}],"inLanguage":"pt-PT"}]}},"_links":{"self":[{"href":"https:\/\/lovme.pt\/index.php\/wp-json\/wp\/v2\/product\/53502","targetHints":{"allow":["GET"]}}],"collection":[{"href":"https:\/\/lovme.pt\/index.php\/wp-json\/wp\/v2\/product"}],"about":[{"href":"https:\/\/lovme.pt\/index.php\/wp-json\/wp\/v2\/types\/product"}],"wp:featuredmedia":[{"embeddable":true,"href":"https:\/\/lovme.pt\/index.php\/wp-json\/wp\/v2\/media\/77208"}],"wp:attachment":[{"href":"https:\/\/lovme.pt\/index.php\/wp-json\/wp\/v2\/media?parent=53502"}],"wp:term":[{"taxonomy":"product_brand","embeddable":true,"href":"https:\/\/lovme.pt\/index.php\/wp-json\/wp\/v2\/product_brand?post=53502"},{"taxonomy":"product_cat","embeddable":true,"href":"https:\/\/lovme.pt\/index.php\/wp-json\/wp\/v2\/product_cat?post=53502"},{"taxonomy":"product_tag","embeddable":true,"href":"https:\/\/lovme.pt\/index.php\/wp-json\/wp\/v2\/product_tag?post=53502"}],"curies":[{"name":"wp","href":"https:\/\/api.w.org\/{rel}","templated":true}]}}