{"id":53495,"date":"2025-09-30T09:44:05","date_gmt":"2025-09-30T09:44:05","guid":{"rendered":"https:\/\/lovme.pt\/?post_type=product&p=53495"},"modified":"2026-02-19T20:03:46","modified_gmt":"2026-02-19T20:03:46","slug":"medica-group-gel-anal-intimo-fisting-strong-150-ml","status":"publish","type":"product","link":"https:\/\/lovme.pt\/index.php\/produto\/medica-group-gel-anal-intimo-fisting-strong-150-ml\/","title":{"rendered":"MEDICA GROUP &#8211; GEL ANAL \u00cdNTIMO FISTING STRONG 150 ML"},"content":{"rendered":"<p>Experimente o m\u00e1ximo prazer com <strong>Fisting Strong<\/strong> , um gel desenvolvido para relaxar os m\u00fasculos e aumentar o conforto dos momentos \u00edntimos.<\/p>\n<p><strong>O Fisting Strong<\/strong> Gel \u00e9 um gel inovador para relaxamento anal, criado para aumentar o conforto durante a intimidade. Gra\u00e7as \u00e0 sua f\u00f3rmula exclusiva, baseada em ingredientes cuidadosamente selecionados, o gel minimiza o atrito, elimina a sensa\u00e7\u00e3o de ressecamento e reduz o risco de irrita\u00e7\u00e3o. Sua f\u00f3rmula especial relaxa os m\u00fasculos anais, proporcionando uma experi\u00eancia suave e confort\u00e1vel. O \u00e1cido l\u00e1tico ajuda a manter o pH natural e promove a sa\u00fade da flora bacteriana, protegendo contra microrganismos. <strong>O Fisting Strong<\/strong> atua como um lubrificante vers\u00e1til que aumenta o prazer tanto para iniciantes quanto para usu\u00e1rios experientes. O produto \u00e9 compat\u00edvel com preservativos e pode ser facilmente enxaguado com \u00e1gua, tornando-se uma solu\u00e7\u00e3o ideal para o uso di\u00e1rio.<\/p>\n<p>\u00a0<\/p>\n<p><strong>ESPECIFICA\u00c7\u00d5ES T\u00c9CNICAS:<\/strong><\/p>\n<ul>\n<li><strong>Aplica\u00e7\u00e3o do produto:<\/strong> Hidrata\u00e7\u00e3o e relaxamento dos m\u00fasculos anais.<\/li>\n<li><strong>Ingredientes<\/strong> : \u00c1gua, propilenoglicol, hidroxietilcelulose, polissorbato 20, \u00e1lcool desnaturado, fenoxietanol, etilhexilglicerina, \u00f3leo de hortel\u00e3-pimenta Mentha Piperita, limoneno, linalol, mentol, \u00e1cido l\u00e1ctico.<\/li>\n<li><strong>Ingredientes ativos<\/strong>\n<ul>\n<li>\u00d3leo de hortel\u00e3-pimenta Mentha Piperita: Tem um efeito refrescante e ajuda a relaxar os m\u00fasculos.<\/li>\n<li>Mentol: Proporciona um efeito refrescante e aumenta o conforto durante o uso.<\/li>\n<li>\u00c1cido l\u00e1tico: ajuda a manter o pH natural e promove a flora bacteriana nas \u00e1reas \u00edntimas.<\/li>\n<\/ul>\n<\/li>\n<li><strong>Instru\u00e7\u00f5es<\/strong> : Aplique uma pequena quantidade de gel na \u00e1rea selecionada e massageie suavemente at\u00e9 completa absor\u00e7\u00e3o. Se necess\u00e1rio, adicione mais gel. O produto \u00e9 compat\u00edvel com preservativos e acess\u00f3rios er\u00f3ticos. Ap\u00f3s o uso, lave a pele com \u00e1gua morna.<\/li>\n<li><strong>Nota de seguran\u00e7a: Armazene em local seco, longe da luz solar direta e fora do alcance de crian\u00e7as. Para uso externo. Evite contato com os olhos. Em caso de irrita\u00e7\u00e3o, interrompa o uso. Antes do primeiro uso, teste o produto em uma pequena \u00e1rea da pele, como a parte interna do antebra\u00e7o.<\/strong><\/li>\n<\/ul>\n<p>\u00a0<\/p>\n<p><strong><strong>GRUPO M\u00c9DICO<\/strong><\/strong><\/p>\n<p><strong>Esta \u00e9 uma empresa com vasta experi\u00eancia na venda de suplementos alimentares e cosm\u00e9ticos, adquirida desde 1999. Nossos produtos atendem a todos os requisitos poloneses e da UE, garantindo a mais alta qualidade e seguran\u00e7a. Somos conhecidos por utilizar extratos com propriedades excepcionais que distinguem nossos suplementos e cosm\u00e9ticos dos de outras empresas. Gra\u00e7as \u00e0s nossas composi\u00e7\u00f5es \u00fanicas e \u00e0s mais altas concentra\u00e7\u00f5es de mat\u00e9rias-primas utilizadas, podemos afirmar com orgulho que nossos produtos s\u00e3o os melhores do mercado.<\/strong><\/p>\n","protected":false},"excerpt":{"rendered":"<p>MEDICA GROUP &#8211; GEL ANAL \u00cdNTIMO FISTING STRONG 150 ML<\/p>\n","protected":false},"featured_media":56339,"template":"","meta":{"_acf_changed":false},"product_brand":[],"product_cat":[49,53],"product_tag":[],"class_list":{"0":"post-53495","1":"product","2":"type-product","3":"status-publish","4":"has-post-thumbnail","6":"product_cat-cosmeticos","7":"product_cat-lubrificantes-intimos","8":"yith_product_brand-medica-group","10":"first","11":"instock","12":"taxable","13":"shipping-taxable","14":"purchasable","15":"product-type-simple"},"acf":[],"yoast_head":"<!-- This site is optimized with the Yoast SEO plugin v27.4 - https:\/\/yoast.com\/product\/yoast-seo-wordpress\/ -->\n<title>MEDICA GROUP - GEL ANAL \u00cdNTIMO FISTING STRONG 150 ML - Lovme<\/title>\n<meta name=\"robots\" content=\"index, follow, max-snippet:-1, max-image-preview:large, max-video-preview:-1\" \/>\n<link rel=\"canonical\" href=\"https:\/\/lovme.pt\/index.php\/produto\/medica-group-gel-anal-intimo-fisting-strong-150-ml\/\" \/>\n<meta property=\"og:locale\" content=\"pt_PT\" \/>\n<meta property=\"og:type\" content=\"article\" \/>\n<meta property=\"og:title\" content=\"MEDICA GROUP - GEL ANAL \u00cdNTIMO FISTING STRONG 150 ML - Lovme\" \/>\n<meta property=\"og:description\" content=\"MEDICA GROUP - GEL ANAL \u00cdNTIMO FISTING STRONG 150 ML\" \/>\n<meta property=\"og:url\" content=\"https:\/\/lovme.pt\/index.php\/produto\/medica-group-gel-anal-intimo-fisting-strong-150-ml\/\" \/>\n<meta property=\"og:site_name\" content=\"Lovme\" \/>\n<meta property=\"article:modified_time\" content=\"2026-02-19T20:03:46+00:00\" \/>\n<meta property=\"og:image\" content=\"https:\/\/erki24nd3ub.exactdn.com\/wp-content\/uploads\/dream\/img\/img_212815_c2352cf53dd671475f375eb1c0ad9b1a_1.jpg?strip=all\" \/>\n\t<meta property=\"og:image:width\" content=\"900\" \/>\n\t<meta property=\"og:image:height\" content=\"900\" \/>\n\t<meta property=\"og:image:type\" content=\"image\/jpeg\" \/>\n<meta name=\"twitter:card\" content=\"summary_large_image\" \/>\n<meta name=\"twitter:label1\" content=\"Tempo estimado de leitura\" \/>\n\t<meta name=\"twitter:data1\" content=\"2 minutos\" \/>\n<script type=\"application\/ld+json\" class=\"yoast-schema-graph\">{\"@context\":\"https:\\\/\\\/schema.org\",\"@graph\":[{\"@type\":\"WebPage\",\"@id\":\"https:\\\/\\\/lovme.pt\\\/index.php\\\/produto\\\/medica-group-gel-anal-intimo-fisting-strong-150-ml\\\/\",\"url\":\"https:\\\/\\\/lovme.pt\\\/index.php\\\/produto\\\/medica-group-gel-anal-intimo-fisting-strong-150-ml\\\/\",\"name\":\"MEDICA GROUP - GEL ANAL \u00cdNTIMO FISTING STRONG 150 ML - Lovme\",\"isPartOf\":{\"@id\":\"https:\\\/\\\/lovme.pt\\\/#website\"},\"primaryImageOfPage\":{\"@id\":\"https:\\\/\\\/lovme.pt\\\/index.php\\\/produto\\\/medica-group-gel-anal-intimo-fisting-strong-150-ml\\\/#primaryimage\"},\"image\":{\"@id\":\"https:\\\/\\\/lovme.pt\\\/index.php\\\/produto\\\/medica-group-gel-anal-intimo-fisting-strong-150-ml\\\/#primaryimage\"},\"thumbnailUrl\":\"https:\\\/\\\/erki24nd3ub.exactdn.com\\\/wp-content\\\/uploads\\\/dream\\\/img\\\/img_212815_c2352cf53dd671475f375eb1c0ad9b1a_1.jpg?strip=all\",\"datePublished\":\"2025-09-30T09:44:05+00:00\",\"dateModified\":\"2026-02-19T20:03:46+00:00\",\"breadcrumb\":{\"@id\":\"https:\\\/\\\/lovme.pt\\\/index.php\\\/produto\\\/medica-group-gel-anal-intimo-fisting-strong-150-ml\\\/#breadcrumb\"},\"inLanguage\":\"pt-PT\",\"potentialAction\":[{\"@type\":\"ReadAction\",\"target\":[\"https:\\\/\\\/lovme.pt\\\/index.php\\\/produto\\\/medica-group-gel-anal-intimo-fisting-strong-150-ml\\\/\"]}]},{\"@type\":\"ImageObject\",\"inLanguage\":\"pt-PT\",\"@id\":\"https:\\\/\\\/lovme.pt\\\/index.php\\\/produto\\\/medica-group-gel-anal-intimo-fisting-strong-150-ml\\\/#primaryimage\",\"url\":\"https:\\\/\\\/erki24nd3ub.exactdn.com\\\/wp-content\\\/uploads\\\/dream\\\/img\\\/img_212815_c2352cf53dd671475f375eb1c0ad9b1a_1.jpg?strip=all\",\"contentUrl\":\"https:\\\/\\\/erki24nd3ub.exactdn.com\\\/wp-content\\\/uploads\\\/dream\\\/img\\\/img_212815_c2352cf53dd671475f375eb1c0ad9b1a_1.jpg?strip=all\",\"width\":900,\"height\":900},{\"@type\":\"BreadcrumbList\",\"@id\":\"https:\\\/\\\/lovme.pt\\\/index.php\\\/produto\\\/medica-group-gel-anal-intimo-fisting-strong-150-ml\\\/#breadcrumb\",\"itemListElement\":[{\"@type\":\"ListItem\",\"position\":1,\"name\":\"In\u00edcio\",\"item\":\"https:\\\/\\\/lovme.pt\\\/\"},{\"@type\":\"ListItem\",\"position\":2,\"name\":\"Loja\",\"item\":\"https:\\\/\\\/lovme.pt\\\/index.php\\\/loja\\\/\"},{\"@type\":\"ListItem\",\"position\":3,\"name\":\"MEDICA GROUP &#8211; GEL ANAL \u00cdNTIMO FISTING STRONG 150 ML\"}]},{\"@type\":\"WebSite\",\"@id\":\"https:\\\/\\\/lovme.pt\\\/#website\",\"url\":\"https:\\\/\\\/lovme.pt\\\/\",\"name\":\"Lovme Loja Er\u00f3tica N\u00ba1 em Portugal\",\"description\":\"A melhor loja er\u00f3tica de Portugal.\",\"alternateName\":\"Loja Er\u00f3tica Lovme\",\"potentialAction\":[{\"@type\":\"SearchAction\",\"target\":{\"@type\":\"EntryPoint\",\"urlTemplate\":\"https:\\\/\\\/lovme.pt\\\/?s={search_term_string}\"},\"query-input\":{\"@type\":\"PropertyValueSpecification\",\"valueRequired\":true,\"valueName\":\"search_term_string\"}}],\"inLanguage\":\"pt-PT\"}]}<\/script>\n<!-- \/ Yoast SEO plugin. -->","yoast_head_json":{"title":"MEDICA GROUP - GEL ANAL \u00cdNTIMO FISTING STRONG 150 ML - Lovme","robots":{"index":"index","follow":"follow","max-snippet":"max-snippet:-1","max-image-preview":"max-image-preview:large","max-video-preview":"max-video-preview:-1"},"canonical":"https:\/\/lovme.pt\/index.php\/produto\/medica-group-gel-anal-intimo-fisting-strong-150-ml\/","og_locale":"pt_PT","og_type":"article","og_title":"MEDICA GROUP - GEL ANAL \u00cdNTIMO FISTING STRONG 150 ML - Lovme","og_description":"MEDICA GROUP - GEL ANAL \u00cdNTIMO FISTING STRONG 150 ML","og_url":"https:\/\/lovme.pt\/index.php\/produto\/medica-group-gel-anal-intimo-fisting-strong-150-ml\/","og_site_name":"Lovme","article_modified_time":"2026-02-19T20:03:46+00:00","og_image":[{"width":900,"height":900,"url":"https:\/\/erki24nd3ub.exactdn.com\/wp-content\/uploads\/dream\/img\/img_212815_c2352cf53dd671475f375eb1c0ad9b1a_1.jpg?strip=all","type":"image\/jpeg"}],"twitter_card":"summary_large_image","twitter_misc":{"Tempo estimado de leitura":"2 minutos"},"schema":{"@context":"https:\/\/schema.org","@graph":[{"@type":"WebPage","@id":"https:\/\/lovme.pt\/index.php\/produto\/medica-group-gel-anal-intimo-fisting-strong-150-ml\/","url":"https:\/\/lovme.pt\/index.php\/produto\/medica-group-gel-anal-intimo-fisting-strong-150-ml\/","name":"MEDICA GROUP - GEL ANAL \u00cdNTIMO FISTING STRONG 150 ML - Lovme","isPartOf":{"@id":"https:\/\/lovme.pt\/#website"},"primaryImageOfPage":{"@id":"https:\/\/lovme.pt\/index.php\/produto\/medica-group-gel-anal-intimo-fisting-strong-150-ml\/#primaryimage"},"image":{"@id":"https:\/\/lovme.pt\/index.php\/produto\/medica-group-gel-anal-intimo-fisting-strong-150-ml\/#primaryimage"},"thumbnailUrl":"https:\/\/erki24nd3ub.exactdn.com\/wp-content\/uploads\/dream\/img\/img_212815_c2352cf53dd671475f375eb1c0ad9b1a_1.jpg?strip=all","datePublished":"2025-09-30T09:44:05+00:00","dateModified":"2026-02-19T20:03:46+00:00","breadcrumb":{"@id":"https:\/\/lovme.pt\/index.php\/produto\/medica-group-gel-anal-intimo-fisting-strong-150-ml\/#breadcrumb"},"inLanguage":"pt-PT","potentialAction":[{"@type":"ReadAction","target":["https:\/\/lovme.pt\/index.php\/produto\/medica-group-gel-anal-intimo-fisting-strong-150-ml\/"]}]},{"@type":"ImageObject","inLanguage":"pt-PT","@id":"https:\/\/lovme.pt\/index.php\/produto\/medica-group-gel-anal-intimo-fisting-strong-150-ml\/#primaryimage","url":"https:\/\/erki24nd3ub.exactdn.com\/wp-content\/uploads\/dream\/img\/img_212815_c2352cf53dd671475f375eb1c0ad9b1a_1.jpg?strip=all","contentUrl":"https:\/\/erki24nd3ub.exactdn.com\/wp-content\/uploads\/dream\/img\/img_212815_c2352cf53dd671475f375eb1c0ad9b1a_1.jpg?strip=all","width":900,"height":900},{"@type":"BreadcrumbList","@id":"https:\/\/lovme.pt\/index.php\/produto\/medica-group-gel-anal-intimo-fisting-strong-150-ml\/#breadcrumb","itemListElement":[{"@type":"ListItem","position":1,"name":"In\u00edcio","item":"https:\/\/lovme.pt\/"},{"@type":"ListItem","position":2,"name":"Loja","item":"https:\/\/lovme.pt\/index.php\/loja\/"},{"@type":"ListItem","position":3,"name":"MEDICA GROUP &#8211; GEL ANAL \u00cdNTIMO FISTING STRONG 150 ML"}]},{"@type":"WebSite","@id":"https:\/\/lovme.pt\/#website","url":"https:\/\/lovme.pt\/","name":"Lovme Loja Er\u00f3tica N\u00ba1 em Portugal","description":"A melhor loja er\u00f3tica de Portugal.","alternateName":"Loja Er\u00f3tica Lovme","potentialAction":[{"@type":"SearchAction","target":{"@type":"EntryPoint","urlTemplate":"https:\/\/lovme.pt\/?s={search_term_string}"},"query-input":{"@type":"PropertyValueSpecification","valueRequired":true,"valueName":"search_term_string"}}],"inLanguage":"pt-PT"}]}},"_links":{"self":[{"href":"https:\/\/lovme.pt\/index.php\/wp-json\/wp\/v2\/product\/53495","targetHints":{"allow":["GET"]}}],"collection":[{"href":"https:\/\/lovme.pt\/index.php\/wp-json\/wp\/v2\/product"}],"about":[{"href":"https:\/\/lovme.pt\/index.php\/wp-json\/wp\/v2\/types\/product"}],"wp:featuredmedia":[{"embeddable":true,"href":"https:\/\/lovme.pt\/index.php\/wp-json\/wp\/v2\/media\/56339"}],"wp:attachment":[{"href":"https:\/\/lovme.pt\/index.php\/wp-json\/wp\/v2\/media?parent=53495"}],"wp:term":[{"taxonomy":"product_brand","embeddable":true,"href":"https:\/\/lovme.pt\/index.php\/wp-json\/wp\/v2\/product_brand?post=53495"},{"taxonomy":"product_cat","embeddable":true,"href":"https:\/\/lovme.pt\/index.php\/wp-json\/wp\/v2\/product_cat?post=53495"},{"taxonomy":"product_tag","embeddable":true,"href":"https:\/\/lovme.pt\/index.php\/wp-json\/wp\/v2\/product_tag?post=53495"}],"curies":[{"name":"wp","href":"https:\/\/api.w.org\/{rel}","templated":true}]}}