{"id":53493,"date":"2025-09-30T09:47:18","date_gmt":"2025-09-30T09:47:18","guid":{"rendered":"https:\/\/lovme.pt\/?post_type=product&p=53493"},"modified":"2026-02-19T20:04:53","modified_gmt":"2026-02-19T20:04:53","slug":"medica-group-win-woman-gel-intimo-feminino-150-ml","status":"publish","type":"product","link":"https:\/\/lovme.pt\/index.php\/produto\/medica-group-win-woman-gel-intimo-feminino-150-ml\/","title":{"rendered":"MEDICA GROUP &#8211; WIN WOMAN GEL \u00cdNTIMO FEMININO 150 ML"},"content":{"rendered":"<p><strong>O WinWoman<\/strong> Gel \u00e9 um produto inovador desenvolvido para mulheres que desejam intensificar as sensa\u00e7\u00f5es \u00edntimas, melhorar a hidrata\u00e7\u00e3o e fortalecer o fluxo sangu\u00edneo nas zonas er\u00f3genas. Gra\u00e7as aos seus ingredientes ativos cuidadosamente selecionados, o gel age imediatamente, aumentando a intensidade das sensa\u00e7\u00f5es e a sensibilidade ao toque.<\/p>\n<p>O <strong>WinWoman<\/strong> Gel possui uma f\u00f3rmula exclusiva que combina ingredientes com efeitos estimulantes e hidratantes, proporcionando experi\u00eancias excepcionais em momentos \u00edntimos. O gel \u00e9 absorvido rapidamente, sem deixar camada pegajosa, e sua consist\u00eancia agrad\u00e1vel aumenta o conforto. Gra\u00e7as \u00e0 cafe\u00edna e ao extrato de ginseng, o <strong>WinWoman<\/strong> Gel estimula a microcircula\u00e7\u00e3o, aumentando o fluxo sangu\u00edneo para as zonas er\u00f3genas e intensificando as sensa\u00e7\u00f5es. Al\u00e9m disso, o extrato de aloe vera acalma e hidrata a pele, proporcionando conforto duradouro e prote\u00e7\u00e3o contra irrita\u00e7\u00f5es.<\/p>\n<p>\u00a0<\/p>\n<p><strong>ESPECIFICA\u00c7\u00d5ES T\u00c9CNICAS:<\/strong><\/p>\n<ul>\n<li><strong>Aplica\u00e7\u00e3o do produto:<\/strong> Gel \u00edntimo para mulheres que aumenta a sensibilidade e a hidrata\u00e7\u00e3o.<\/li>\n<li><strong>Ingredientes<\/strong> : \u00c1gua, hidroxietilcelulose, propilenoglicol, glicerina, sorbitol, polissorbato 20, extrato de semente de Paullinia cupana, extrato de raiz de Panax ginseng, extrato de Humulus lupulus, extrato de Urtica dioica, \u00e9ter but\u00edlico de vanilina, acetato de s\u00f3dio, \u00e1lcool, \u00e1lcool isoprop\u00edlico, celulose, sorbato de pot\u00e1ssio, benzoato de s\u00f3dio, \u00e1cido c\u00edtrico, aromatizante, limoneno.<\/li>\n<li><strong>Ingredientes ativos<\/strong>\n<ul>\n<li>Cafe\u00edna: estimula a microcircula\u00e7\u00e3o e aumenta o suprimento sangu\u00edneo para as \u00e1reas \u00edntimas.<\/li>\n<li>Extrato de ginseng: aumenta a sensibilidade aos est\u00edmulos e tem efeito energizante.<\/li>\n<li>Extrato de Aloe: hidrata intensamente e suaviza a pele, prevenindo irrita\u00e7\u00f5es.<\/li>\n<\/ul>\n<\/li>\n<li><strong>Modo de usar<\/strong> : Aplique uma pequena quantidade de gel nas \u00e1reas \u00edntimas e massageie suavemente at\u00e9 a absor\u00e7\u00e3o. Pode ser usado antes da rela\u00e7\u00e3o sexual para intensificar as sensa\u00e7\u00f5es. N\u00e3o enx\u00e1gue.<\/li>\n<li><strong>Nota de seguran\u00e7a:<\/strong> Este produto destina-se apenas a uso externo. Evite contato com os olhos. Em caso de irrita\u00e7\u00e3o, suspenda o uso. N\u00e3o use se tiver hipersensibilidade a qualquer um dos ingredientes. Armazene em local fresco e seco, fora do alcance de crian\u00e7as.<\/li>\n<\/ul>\n<p>\u00a0<\/p>\n<p><strong>GRUPO M\u00c9DICO<\/strong><\/p>\n<p>Esta \u00e9 uma empresa com vasta experi\u00eancia na venda de suplementos alimentares e cosm\u00e9ticos, adquirida desde 1999. Nossos produtos atendem a todos os requisitos poloneses e da UE, garantindo a mais alta qualidade e seguran\u00e7a. Caracterizamo-nos pelo uso de extratos com propriedades excepcionais que distinguem nossos suplementos e cosm\u00e9ticos dos de outras empresas. Gra\u00e7as \u00e0s nossas composi\u00e7\u00f5es \u00fanicas e \u00e0s mais altas concentra\u00e7\u00f5es de mat\u00e9rias-primas utilizadas, podemos afirmar com orgulho que nossos produtos s\u00e3o os melhores do mercado.<\/p>\n","protected":false},"excerpt":{"rendered":"<p>MEDICA GROUP &#8211; WIN WOMAN GEL \u00cdNTIMO FEMININO 150 ML<\/p>\n","protected":false},"featured_media":57037,"template":"","meta":{"_acf_changed":false},"product_brand":[],"product_cat":[49,52],"product_tag":[],"class_list":{"0":"post-53493","1":"product","2":"type-product","3":"status-publish","4":"has-post-thumbnail","6":"product_cat-cosmeticos","7":"product_cat-estimulantes","8":"yith_product_brand-medica-group","10":"first","11":"instock","12":"taxable","13":"shipping-taxable","14":"purchasable","15":"product-type-simple"},"acf":[],"yoast_head":"<!-- This site is optimized with the Yoast SEO plugin v27.4 - https:\/\/yoast.com\/product\/yoast-seo-wordpress\/ -->\n<title>MEDICA GROUP - WIN WOMAN GEL \u00cdNTIMO FEMININO 150 ML - Lovme<\/title>\n<meta name=\"robots\" content=\"index, follow, max-snippet:-1, max-image-preview:large, max-video-preview:-1\" \/>\n<link rel=\"canonical\" href=\"https:\/\/lovme.pt\/index.php\/produto\/medica-group-win-woman-gel-intimo-feminino-150-ml\/\" \/>\n<meta property=\"og:locale\" content=\"pt_PT\" \/>\n<meta property=\"og:type\" content=\"article\" \/>\n<meta property=\"og:title\" content=\"MEDICA GROUP - WIN WOMAN GEL \u00cdNTIMO FEMININO 150 ML - Lovme\" \/>\n<meta property=\"og:description\" content=\"MEDICA GROUP - WIN WOMAN GEL \u00cdNTIMO FEMININO 150 ML\" \/>\n<meta property=\"og:url\" content=\"https:\/\/lovme.pt\/index.php\/produto\/medica-group-win-woman-gel-intimo-feminino-150-ml\/\" \/>\n<meta property=\"og:site_name\" content=\"Lovme\" \/>\n<meta property=\"article:modified_time\" content=\"2026-02-19T20:04:53+00:00\" \/>\n<meta property=\"og:image\" content=\"https:\/\/erki24nd3ub.exactdn.com\/wp-content\/uploads\/dream\/img\/img_212845_178e765afa72a746d5527053c54c32a2_1.jpg?strip=all\" \/>\n\t<meta property=\"og:image:width\" content=\"900\" \/>\n\t<meta property=\"og:image:height\" content=\"900\" \/>\n\t<meta property=\"og:image:type\" content=\"image\/jpeg\" \/>\n<meta name=\"twitter:card\" content=\"summary_large_image\" \/>\n<meta name=\"twitter:label1\" content=\"Tempo estimado de leitura\" \/>\n\t<meta name=\"twitter:data1\" content=\"2 minutos\" \/>\n<script type=\"application\/ld+json\" class=\"yoast-schema-graph\">{\"@context\":\"https:\\\/\\\/schema.org\",\"@graph\":[{\"@type\":\"WebPage\",\"@id\":\"https:\\\/\\\/lovme.pt\\\/index.php\\\/produto\\\/medica-group-win-woman-gel-intimo-feminino-150-ml\\\/\",\"url\":\"https:\\\/\\\/lovme.pt\\\/index.php\\\/produto\\\/medica-group-win-woman-gel-intimo-feminino-150-ml\\\/\",\"name\":\"MEDICA GROUP - WIN WOMAN GEL \u00cdNTIMO FEMININO 150 ML - Lovme\",\"isPartOf\":{\"@id\":\"https:\\\/\\\/lovme.pt\\\/#website\"},\"primaryImageOfPage\":{\"@id\":\"https:\\\/\\\/lovme.pt\\\/index.php\\\/produto\\\/medica-group-win-woman-gel-intimo-feminino-150-ml\\\/#primaryimage\"},\"image\":{\"@id\":\"https:\\\/\\\/lovme.pt\\\/index.php\\\/produto\\\/medica-group-win-woman-gel-intimo-feminino-150-ml\\\/#primaryimage\"},\"thumbnailUrl\":\"https:\\\/\\\/erki24nd3ub.exactdn.com\\\/wp-content\\\/uploads\\\/dream\\\/img\\\/img_212845_178e765afa72a746d5527053c54c32a2_1.jpg?strip=all\",\"datePublished\":\"2025-09-30T09:47:18+00:00\",\"dateModified\":\"2026-02-19T20:04:53+00:00\",\"breadcrumb\":{\"@id\":\"https:\\\/\\\/lovme.pt\\\/index.php\\\/produto\\\/medica-group-win-woman-gel-intimo-feminino-150-ml\\\/#breadcrumb\"},\"inLanguage\":\"pt-PT\",\"potentialAction\":[{\"@type\":\"ReadAction\",\"target\":[\"https:\\\/\\\/lovme.pt\\\/index.php\\\/produto\\\/medica-group-win-woman-gel-intimo-feminino-150-ml\\\/\"]}]},{\"@type\":\"ImageObject\",\"inLanguage\":\"pt-PT\",\"@id\":\"https:\\\/\\\/lovme.pt\\\/index.php\\\/produto\\\/medica-group-win-woman-gel-intimo-feminino-150-ml\\\/#primaryimage\",\"url\":\"https:\\\/\\\/erki24nd3ub.exactdn.com\\\/wp-content\\\/uploads\\\/dream\\\/img\\\/img_212845_178e765afa72a746d5527053c54c32a2_1.jpg?strip=all\",\"contentUrl\":\"https:\\\/\\\/erki24nd3ub.exactdn.com\\\/wp-content\\\/uploads\\\/dream\\\/img\\\/img_212845_178e765afa72a746d5527053c54c32a2_1.jpg?strip=all\",\"width\":900,\"height\":900},{\"@type\":\"BreadcrumbList\",\"@id\":\"https:\\\/\\\/lovme.pt\\\/index.php\\\/produto\\\/medica-group-win-woman-gel-intimo-feminino-150-ml\\\/#breadcrumb\",\"itemListElement\":[{\"@type\":\"ListItem\",\"position\":1,\"name\":\"In\u00edcio\",\"item\":\"https:\\\/\\\/lovme.pt\\\/\"},{\"@type\":\"ListItem\",\"position\":2,\"name\":\"Loja\",\"item\":\"https:\\\/\\\/lovme.pt\\\/index.php\\\/loja\\\/\"},{\"@type\":\"ListItem\",\"position\":3,\"name\":\"MEDICA GROUP &#8211; WIN WOMAN GEL \u00cdNTIMO FEMININO 150 ML\"}]},{\"@type\":\"WebSite\",\"@id\":\"https:\\\/\\\/lovme.pt\\\/#website\",\"url\":\"https:\\\/\\\/lovme.pt\\\/\",\"name\":\"Lovme Loja Er\u00f3tica N\u00ba1 em Portugal\",\"description\":\"A melhor loja er\u00f3tica de Portugal.\",\"alternateName\":\"Loja Er\u00f3tica Lovme\",\"potentialAction\":[{\"@type\":\"SearchAction\",\"target\":{\"@type\":\"EntryPoint\",\"urlTemplate\":\"https:\\\/\\\/lovme.pt\\\/?s={search_term_string}\"},\"query-input\":{\"@type\":\"PropertyValueSpecification\",\"valueRequired\":true,\"valueName\":\"search_term_string\"}}],\"inLanguage\":\"pt-PT\"}]}<\/script>\n<!-- \/ Yoast SEO plugin. -->","yoast_head_json":{"title":"MEDICA GROUP - WIN WOMAN GEL \u00cdNTIMO FEMININO 150 ML - Lovme","robots":{"index":"index","follow":"follow","max-snippet":"max-snippet:-1","max-image-preview":"max-image-preview:large","max-video-preview":"max-video-preview:-1"},"canonical":"https:\/\/lovme.pt\/index.php\/produto\/medica-group-win-woman-gel-intimo-feminino-150-ml\/","og_locale":"pt_PT","og_type":"article","og_title":"MEDICA GROUP - WIN WOMAN GEL \u00cdNTIMO FEMININO 150 ML - Lovme","og_description":"MEDICA GROUP - WIN WOMAN GEL \u00cdNTIMO FEMININO 150 ML","og_url":"https:\/\/lovme.pt\/index.php\/produto\/medica-group-win-woman-gel-intimo-feminino-150-ml\/","og_site_name":"Lovme","article_modified_time":"2026-02-19T20:04:53+00:00","og_image":[{"width":900,"height":900,"url":"https:\/\/erki24nd3ub.exactdn.com\/wp-content\/uploads\/dream\/img\/img_212845_178e765afa72a746d5527053c54c32a2_1.jpg?strip=all","type":"image\/jpeg"}],"twitter_card":"summary_large_image","twitter_misc":{"Tempo estimado de leitura":"2 minutos"},"schema":{"@context":"https:\/\/schema.org","@graph":[{"@type":"WebPage","@id":"https:\/\/lovme.pt\/index.php\/produto\/medica-group-win-woman-gel-intimo-feminino-150-ml\/","url":"https:\/\/lovme.pt\/index.php\/produto\/medica-group-win-woman-gel-intimo-feminino-150-ml\/","name":"MEDICA GROUP - WIN WOMAN GEL \u00cdNTIMO FEMININO 150 ML - Lovme","isPartOf":{"@id":"https:\/\/lovme.pt\/#website"},"primaryImageOfPage":{"@id":"https:\/\/lovme.pt\/index.php\/produto\/medica-group-win-woman-gel-intimo-feminino-150-ml\/#primaryimage"},"image":{"@id":"https:\/\/lovme.pt\/index.php\/produto\/medica-group-win-woman-gel-intimo-feminino-150-ml\/#primaryimage"},"thumbnailUrl":"https:\/\/erki24nd3ub.exactdn.com\/wp-content\/uploads\/dream\/img\/img_212845_178e765afa72a746d5527053c54c32a2_1.jpg?strip=all","datePublished":"2025-09-30T09:47:18+00:00","dateModified":"2026-02-19T20:04:53+00:00","breadcrumb":{"@id":"https:\/\/lovme.pt\/index.php\/produto\/medica-group-win-woman-gel-intimo-feminino-150-ml\/#breadcrumb"},"inLanguage":"pt-PT","potentialAction":[{"@type":"ReadAction","target":["https:\/\/lovme.pt\/index.php\/produto\/medica-group-win-woman-gel-intimo-feminino-150-ml\/"]}]},{"@type":"ImageObject","inLanguage":"pt-PT","@id":"https:\/\/lovme.pt\/index.php\/produto\/medica-group-win-woman-gel-intimo-feminino-150-ml\/#primaryimage","url":"https:\/\/erki24nd3ub.exactdn.com\/wp-content\/uploads\/dream\/img\/img_212845_178e765afa72a746d5527053c54c32a2_1.jpg?strip=all","contentUrl":"https:\/\/erki24nd3ub.exactdn.com\/wp-content\/uploads\/dream\/img\/img_212845_178e765afa72a746d5527053c54c32a2_1.jpg?strip=all","width":900,"height":900},{"@type":"BreadcrumbList","@id":"https:\/\/lovme.pt\/index.php\/produto\/medica-group-win-woman-gel-intimo-feminino-150-ml\/#breadcrumb","itemListElement":[{"@type":"ListItem","position":1,"name":"In\u00edcio","item":"https:\/\/lovme.pt\/"},{"@type":"ListItem","position":2,"name":"Loja","item":"https:\/\/lovme.pt\/index.php\/loja\/"},{"@type":"ListItem","position":3,"name":"MEDICA GROUP &#8211; WIN WOMAN GEL \u00cdNTIMO FEMININO 150 ML"}]},{"@type":"WebSite","@id":"https:\/\/lovme.pt\/#website","url":"https:\/\/lovme.pt\/","name":"Lovme Loja Er\u00f3tica N\u00ba1 em Portugal","description":"A melhor loja er\u00f3tica de Portugal.","alternateName":"Loja Er\u00f3tica Lovme","potentialAction":[{"@type":"SearchAction","target":{"@type":"EntryPoint","urlTemplate":"https:\/\/lovme.pt\/?s={search_term_string}"},"query-input":{"@type":"PropertyValueSpecification","valueRequired":true,"valueName":"search_term_string"}}],"inLanguage":"pt-PT"}]}},"_links":{"self":[{"href":"https:\/\/lovme.pt\/index.php\/wp-json\/wp\/v2\/product\/53493","targetHints":{"allow":["GET"]}}],"collection":[{"href":"https:\/\/lovme.pt\/index.php\/wp-json\/wp\/v2\/product"}],"about":[{"href":"https:\/\/lovme.pt\/index.php\/wp-json\/wp\/v2\/types\/product"}],"wp:featuredmedia":[{"embeddable":true,"href":"https:\/\/lovme.pt\/index.php\/wp-json\/wp\/v2\/media\/57037"}],"wp:attachment":[{"href":"https:\/\/lovme.pt\/index.php\/wp-json\/wp\/v2\/media?parent=53493"}],"wp:term":[{"taxonomy":"product_brand","embeddable":true,"href":"https:\/\/lovme.pt\/index.php\/wp-json\/wp\/v2\/product_brand?post=53493"},{"taxonomy":"product_cat","embeddable":true,"href":"https:\/\/lovme.pt\/index.php\/wp-json\/wp\/v2\/product_cat?post=53493"},{"taxonomy":"product_tag","embeddable":true,"href":"https:\/\/lovme.pt\/index.php\/wp-json\/wp\/v2\/product_tag?post=53493"}],"curies":[{"name":"wp","href":"https:\/\/api.w.org\/{rel}","templated":true}]}}