{"id":53474,"date":"2025-11-06T20:39:41","date_gmt":"2025-11-06T20:39:41","guid":{"rendered":"https:\/\/lovme.pt\/?post_type=product&p=53474"},"modified":"2026-02-19T20:10:53","modified_gmt":"2026-02-19T20:10:53","slug":"eye-of-love-bloom-spray-de-ambientes-indica-blue-ember-150-ml","status":"publish","type":"product","link":"https:\/\/lovme.pt\/index.php\/produto\/eye-of-love-bloom-spray-de-ambientes-indica-blue-ember-150-ml\/","title":{"rendered":"EYE OF LOVE &#8211; BLOOM SPRAY DE AMBIENTES INDICA BLUE EMBER 150 ML"},"content":{"rendered":"<p><strong>Spray de ambiente com ferom\u00f4nio Blue Ember: Atraindo-a<\/strong><\/p>\n<ul>\n<li><strong>Finalidade<\/strong> : Ao cair da noite, deixe o Blue Ember criar o clima. Este desodorante em spray, enriquecido com ferom\u00f4nios, adiciona um toque rom\u00e2ntico a qualquer ambiente, criando uma atmosfera \u00edntima e relaxante.<\/li>\n<li><strong>Notas<\/strong> : Laranja, menta, bergamota, alecrim, ger\u00e2nio, cedro, vetiver, musgo de carvalho, lavanda.<\/li>\n<li><strong>Benef\u00edcios<\/strong> : Perfeito para criar um espa\u00e7o fresco e convidativo para relaxamento noturno ou momentos rom\u00e2nticos.<\/li>\n<\/ul>\n<p><u><strong>SPRAY DE FEROM\u00d4NIO<\/strong><\/u><\/p>\n<p>Usar um spray de ferom\u00f4nio pode melhorar a atmosfera da sua casa, criando um ambiente acolhedor e convidativo. Sua mistura \u00fanica de ferom\u00f4nios foi desenvolvida para estimular a atra\u00e7\u00e3o e criar uma atmosfera acolhedora, ideal para encontros sociais ou relaxamento pessoal. Ao perfumar sua casa com aromas sedutores, este spray n\u00e3o apenas refresca o ambiente, mas tamb\u00e9m promove a conex\u00e3o e a proximidade entre seus convidados. Experimente o fasc\u00ednio dos ferom\u00f4nios e transforme seu ambiente em um ref\u00fagio acolhedor.<\/p>\n<p>Para obter os melhores resultados com seu spray de ferom\u00f4nio, basta borrif\u00e1-lo pelo ambiente a uma dist\u00e2ncia de 15 a 30 cm das paredes e m\u00f3veis. Tente fazer isso em cantos e \u00e1reas com boa circula\u00e7\u00e3o de ar, pois isso ajudar\u00e1 os ferom\u00f4nios a se dispersarem pelo ambiente. Para um efeito duradouro, use-o regularmente e considere combin\u00e1-lo com outras fragr\u00e2ncias que complementem os ferom\u00f4nios para criar um ambiente mais agrad\u00e1vel.<\/p>\n<p><strong>CARACTER\u00cdSTICAS:<\/strong><\/p>\n<ul>\n<li>Livre de crueldade<\/li>\n<li>100% \u00e0 base de plantas<\/li>\n<li><strong>Tamanho<\/strong> : 150 ml<\/li>\n<li><strong>Ingredientes<\/strong> : \u00c1gua deionizada, \u00e1lcool SD 40, glicerina, propilenoglicol, etossulfato de morfol\u00ednio de soja, fragr\u00e2ncia, lactato de alquila C12-13, polissorbato 20, extrato de Aloe barbadensis, EDTA diss\u00f3dico, \u00e1cido c\u00edtrico, clorfenesina e androstenol.<\/li>\n<\/ul>\n<p>\u00a0<\/p>\n<p><strong>O que s\u00e3o ferom\u00f4nios?<\/strong><br \/>Ferom\u00f4nios s\u00e3o sinais qu\u00edmicos naturais que desencadeiam respostas sociais nos outros. Frequentemente, est\u00e3o associados \u00e0 atra\u00e7\u00e3o, confian\u00e7a e conex\u00e3o emocional, influenciando a forma como interagimos com as pessoas ao nosso redor.<\/p>\n<p><strong>Como funcionam as fragr\u00e2ncias de ferom\u00f4nio?<\/strong><br \/>Nossas fragr\u00e2ncias de ferom\u00f4nio s\u00e3o cuidadosamente elaboradas para real\u00e7ar sua atratividade natural. Ao amplificar os sinais do seu corpo, essas fragr\u00e2ncias influenciam sutilmente seu humor e percep\u00e7\u00e3o, criando uma aura magn\u00e9tica de confian\u00e7a e atratividade.<\/p>\n<p><strong>Quem pode usar fragr\u00e2ncias com ferom\u00f4nio?<\/strong><br \/>Fragr\u00e2ncias com ferom\u00f4nios s\u00e3o para quem busca se sentir mais confiante, atraente e conectado, seja no trabalho, em um encontro ou em intera\u00e7\u00f5es cotidianas.<\/p>\n","protected":false},"excerpt":{"rendered":"<p>EMBALAGEM DISPON\u00cdVEL EM: \/en\/<\/p>\n","protected":false},"featured_media":104217,"template":"","meta":{"_acf_changed":false},"product_brand":[],"product_cat":[49,53],"product_tag":[],"class_list":{"0":"post-53474","1":"product","2":"type-product","3":"status-publish","4":"has-post-thumbnail","6":"product_cat-cosmeticos","7":"product_cat-lubrificantes-intimos","8":"yith_product_brand-eye-of-love","10":"first","11":"instock","12":"taxable","13":"shipping-taxable","14":"purchasable","15":"product-type-simple"},"acf":[],"yoast_head":"<!-- This site is optimized with the Yoast SEO plugin v27.4 - https:\/\/yoast.com\/product\/yoast-seo-wordpress\/ -->\n<title>EYE OF LOVE - BLOOM SPRAY DE AMBIENTES INDICA BLUE EMBER 150 ML - Lovme<\/title>\n<meta name=\"robots\" content=\"index, follow, max-snippet:-1, max-image-preview:large, max-video-preview:-1\" \/>\n<link rel=\"canonical\" href=\"https:\/\/lovme.pt\/index.php\/produto\/eye-of-love-bloom-spray-de-ambientes-indica-blue-ember-150-ml\/\" \/>\n<meta property=\"og:locale\" content=\"pt_PT\" \/>\n<meta property=\"og:type\" content=\"article\" \/>\n<meta property=\"og:title\" content=\"EYE OF LOVE - BLOOM SPRAY DE AMBIENTES INDICA BLUE EMBER 150 ML - Lovme\" \/>\n<meta property=\"og:description\" content=\"EMBALAGEM DISPON\u00cdVEL EM: \/en\/\" \/>\n<meta property=\"og:url\" content=\"https:\/\/lovme.pt\/index.php\/produto\/eye-of-love-bloom-spray-de-ambientes-indica-blue-ember-150-ml\/\" \/>\n<meta property=\"og:site_name\" content=\"Lovme\" \/>\n<meta property=\"article:modified_time\" content=\"2026-02-19T20:10:53+00:00\" \/>\n<meta property=\"og:image\" content=\"https:\/\/erki24nd3ub.exactdn.com\/wp-content\/uploads\/dream\/img\/img_212606_f2cb43ce3c7fa7ca95ef738cbb5d2634_1.jpg?strip=all\" \/>\n\t<meta property=\"og:image:width\" content=\"900\" \/>\n\t<meta property=\"og:image:height\" content=\"900\" \/>\n\t<meta property=\"og:image:type\" content=\"image\/jpeg\" \/>\n<meta name=\"twitter:card\" content=\"summary_large_image\" \/>\n<meta name=\"twitter:label1\" content=\"Tempo estimado de leitura\" \/>\n\t<meta name=\"twitter:data1\" content=\"2 minutos\" \/>\n<script type=\"application\/ld+json\" class=\"yoast-schema-graph\">{\"@context\":\"https:\\\/\\\/schema.org\",\"@graph\":[{\"@type\":\"WebPage\",\"@id\":\"https:\\\/\\\/lovme.pt\\\/index.php\\\/produto\\\/eye-of-love-bloom-spray-de-ambientes-indica-blue-ember-150-ml\\\/\",\"url\":\"https:\\\/\\\/lovme.pt\\\/index.php\\\/produto\\\/eye-of-love-bloom-spray-de-ambientes-indica-blue-ember-150-ml\\\/\",\"name\":\"EYE OF LOVE - BLOOM SPRAY DE AMBIENTES INDICA BLUE EMBER 150 ML - Lovme\",\"isPartOf\":{\"@id\":\"https:\\\/\\\/lovme.pt\\\/#website\"},\"primaryImageOfPage\":{\"@id\":\"https:\\\/\\\/lovme.pt\\\/index.php\\\/produto\\\/eye-of-love-bloom-spray-de-ambientes-indica-blue-ember-150-ml\\\/#primaryimage\"},\"image\":{\"@id\":\"https:\\\/\\\/lovme.pt\\\/index.php\\\/produto\\\/eye-of-love-bloom-spray-de-ambientes-indica-blue-ember-150-ml\\\/#primaryimage\"},\"thumbnailUrl\":\"https:\\\/\\\/erki24nd3ub.exactdn.com\\\/wp-content\\\/uploads\\\/dream\\\/img\\\/img_212606_f2cb43ce3c7fa7ca95ef738cbb5d2634_1.jpg?strip=all\",\"datePublished\":\"2025-11-06T20:39:41+00:00\",\"dateModified\":\"2026-02-19T20:10:53+00:00\",\"breadcrumb\":{\"@id\":\"https:\\\/\\\/lovme.pt\\\/index.php\\\/produto\\\/eye-of-love-bloom-spray-de-ambientes-indica-blue-ember-150-ml\\\/#breadcrumb\"},\"inLanguage\":\"pt-PT\",\"potentialAction\":[{\"@type\":\"ReadAction\",\"target\":[\"https:\\\/\\\/lovme.pt\\\/index.php\\\/produto\\\/eye-of-love-bloom-spray-de-ambientes-indica-blue-ember-150-ml\\\/\"]}]},{\"@type\":\"ImageObject\",\"inLanguage\":\"pt-PT\",\"@id\":\"https:\\\/\\\/lovme.pt\\\/index.php\\\/produto\\\/eye-of-love-bloom-spray-de-ambientes-indica-blue-ember-150-ml\\\/#primaryimage\",\"url\":\"https:\\\/\\\/erki24nd3ub.exactdn.com\\\/wp-content\\\/uploads\\\/dream\\\/img\\\/img_212606_f2cb43ce3c7fa7ca95ef738cbb5d2634_1.jpg?strip=all\",\"contentUrl\":\"https:\\\/\\\/erki24nd3ub.exactdn.com\\\/wp-content\\\/uploads\\\/dream\\\/img\\\/img_212606_f2cb43ce3c7fa7ca95ef738cbb5d2634_1.jpg?strip=all\",\"width\":900,\"height\":900},{\"@type\":\"BreadcrumbList\",\"@id\":\"https:\\\/\\\/lovme.pt\\\/index.php\\\/produto\\\/eye-of-love-bloom-spray-de-ambientes-indica-blue-ember-150-ml\\\/#breadcrumb\",\"itemListElement\":[{\"@type\":\"ListItem\",\"position\":1,\"name\":\"In\u00edcio\",\"item\":\"https:\\\/\\\/lovme.pt\\\/\"},{\"@type\":\"ListItem\",\"position\":2,\"name\":\"Loja\",\"item\":\"https:\\\/\\\/lovme.pt\\\/index.php\\\/loja\\\/\"},{\"@type\":\"ListItem\",\"position\":3,\"name\":\"EYE OF LOVE &#8211; BLOOM SPRAY DE AMBIENTES INDICA BLUE EMBER 150 ML\"}]},{\"@type\":\"WebSite\",\"@id\":\"https:\\\/\\\/lovme.pt\\\/#website\",\"url\":\"https:\\\/\\\/lovme.pt\\\/\",\"name\":\"Lovme Loja Er\u00f3tica N\u00ba1 em Portugal\",\"description\":\"A melhor loja er\u00f3tica de Portugal.\",\"alternateName\":\"Loja Er\u00f3tica Lovme\",\"potentialAction\":[{\"@type\":\"SearchAction\",\"target\":{\"@type\":\"EntryPoint\",\"urlTemplate\":\"https:\\\/\\\/lovme.pt\\\/?s={search_term_string}\"},\"query-input\":{\"@type\":\"PropertyValueSpecification\",\"valueRequired\":true,\"valueName\":\"search_term_string\"}}],\"inLanguage\":\"pt-PT\"}]}<\/script>\n<!-- \/ Yoast SEO plugin. -->","yoast_head_json":{"title":"EYE OF LOVE - BLOOM SPRAY DE AMBIENTES INDICA BLUE EMBER 150 ML - Lovme","robots":{"index":"index","follow":"follow","max-snippet":"max-snippet:-1","max-image-preview":"max-image-preview:large","max-video-preview":"max-video-preview:-1"},"canonical":"https:\/\/lovme.pt\/index.php\/produto\/eye-of-love-bloom-spray-de-ambientes-indica-blue-ember-150-ml\/","og_locale":"pt_PT","og_type":"article","og_title":"EYE OF LOVE - BLOOM SPRAY DE AMBIENTES INDICA BLUE EMBER 150 ML - Lovme","og_description":"EMBALAGEM DISPON\u00cdVEL EM: \/en\/","og_url":"https:\/\/lovme.pt\/index.php\/produto\/eye-of-love-bloom-spray-de-ambientes-indica-blue-ember-150-ml\/","og_site_name":"Lovme","article_modified_time":"2026-02-19T20:10:53+00:00","og_image":[{"width":900,"height":900,"url":"https:\/\/erki24nd3ub.exactdn.com\/wp-content\/uploads\/dream\/img\/img_212606_f2cb43ce3c7fa7ca95ef738cbb5d2634_1.jpg?strip=all","type":"image\/jpeg"}],"twitter_card":"summary_large_image","twitter_misc":{"Tempo estimado de leitura":"2 minutos"},"schema":{"@context":"https:\/\/schema.org","@graph":[{"@type":"WebPage","@id":"https:\/\/lovme.pt\/index.php\/produto\/eye-of-love-bloom-spray-de-ambientes-indica-blue-ember-150-ml\/","url":"https:\/\/lovme.pt\/index.php\/produto\/eye-of-love-bloom-spray-de-ambientes-indica-blue-ember-150-ml\/","name":"EYE OF LOVE - BLOOM SPRAY DE AMBIENTES INDICA BLUE EMBER 150 ML - Lovme","isPartOf":{"@id":"https:\/\/lovme.pt\/#website"},"primaryImageOfPage":{"@id":"https:\/\/lovme.pt\/index.php\/produto\/eye-of-love-bloom-spray-de-ambientes-indica-blue-ember-150-ml\/#primaryimage"},"image":{"@id":"https:\/\/lovme.pt\/index.php\/produto\/eye-of-love-bloom-spray-de-ambientes-indica-blue-ember-150-ml\/#primaryimage"},"thumbnailUrl":"https:\/\/erki24nd3ub.exactdn.com\/wp-content\/uploads\/dream\/img\/img_212606_f2cb43ce3c7fa7ca95ef738cbb5d2634_1.jpg?strip=all","datePublished":"2025-11-06T20:39:41+00:00","dateModified":"2026-02-19T20:10:53+00:00","breadcrumb":{"@id":"https:\/\/lovme.pt\/index.php\/produto\/eye-of-love-bloom-spray-de-ambientes-indica-blue-ember-150-ml\/#breadcrumb"},"inLanguage":"pt-PT","potentialAction":[{"@type":"ReadAction","target":["https:\/\/lovme.pt\/index.php\/produto\/eye-of-love-bloom-spray-de-ambientes-indica-blue-ember-150-ml\/"]}]},{"@type":"ImageObject","inLanguage":"pt-PT","@id":"https:\/\/lovme.pt\/index.php\/produto\/eye-of-love-bloom-spray-de-ambientes-indica-blue-ember-150-ml\/#primaryimage","url":"https:\/\/erki24nd3ub.exactdn.com\/wp-content\/uploads\/dream\/img\/img_212606_f2cb43ce3c7fa7ca95ef738cbb5d2634_1.jpg?strip=all","contentUrl":"https:\/\/erki24nd3ub.exactdn.com\/wp-content\/uploads\/dream\/img\/img_212606_f2cb43ce3c7fa7ca95ef738cbb5d2634_1.jpg?strip=all","width":900,"height":900},{"@type":"BreadcrumbList","@id":"https:\/\/lovme.pt\/index.php\/produto\/eye-of-love-bloom-spray-de-ambientes-indica-blue-ember-150-ml\/#breadcrumb","itemListElement":[{"@type":"ListItem","position":1,"name":"In\u00edcio","item":"https:\/\/lovme.pt\/"},{"@type":"ListItem","position":2,"name":"Loja","item":"https:\/\/lovme.pt\/index.php\/loja\/"},{"@type":"ListItem","position":3,"name":"EYE OF LOVE &#8211; BLOOM SPRAY DE AMBIENTES INDICA BLUE EMBER 150 ML"}]},{"@type":"WebSite","@id":"https:\/\/lovme.pt\/#website","url":"https:\/\/lovme.pt\/","name":"Lovme Loja Er\u00f3tica N\u00ba1 em Portugal","description":"A melhor loja er\u00f3tica de Portugal.","alternateName":"Loja Er\u00f3tica Lovme","potentialAction":[{"@type":"SearchAction","target":{"@type":"EntryPoint","urlTemplate":"https:\/\/lovme.pt\/?s={search_term_string}"},"query-input":{"@type":"PropertyValueSpecification","valueRequired":true,"valueName":"search_term_string"}}],"inLanguage":"pt-PT"}]}},"_links":{"self":[{"href":"https:\/\/lovme.pt\/index.php\/wp-json\/wp\/v2\/product\/53474","targetHints":{"allow":["GET"]}}],"collection":[{"href":"https:\/\/lovme.pt\/index.php\/wp-json\/wp\/v2\/product"}],"about":[{"href":"https:\/\/lovme.pt\/index.php\/wp-json\/wp\/v2\/types\/product"}],"wp:featuredmedia":[{"embeddable":true,"href":"https:\/\/lovme.pt\/index.php\/wp-json\/wp\/v2\/media\/104217"}],"wp:attachment":[{"href":"https:\/\/lovme.pt\/index.php\/wp-json\/wp\/v2\/media?parent=53474"}],"wp:term":[{"taxonomy":"product_brand","embeddable":true,"href":"https:\/\/lovme.pt\/index.php\/wp-json\/wp\/v2\/product_brand?post=53474"},{"taxonomy":"product_cat","embeddable":true,"href":"https:\/\/lovme.pt\/index.php\/wp-json\/wp\/v2\/product_cat?post=53474"},{"taxonomy":"product_tag","embeddable":true,"href":"https:\/\/lovme.pt\/index.php\/wp-json\/wp\/v2\/product_tag?post=53474"}],"curies":[{"name":"wp","href":"https:\/\/api.w.org\/{rel}","templated":true}]}}