{"id":53347,"date":"2026-02-05T22:06:44","date_gmt":"2026-02-05T22:06:44","guid":{"rendered":"https:\/\/lovme.pt\/?post_type=product&p=53347"},"modified":"2026-02-20T04:01:09","modified_gmt":"2026-02-20T04:01:09","slug":"fun-factory-bootie-vibe-plug-anal-vibrator-preto","status":"publish","type":"product","link":"https:\/\/lovme.pt\/index.php\/produto\/fun-factory-bootie-vibe-plug-anal-vibrator-preto\/","title":{"rendered":"FUN FACTORY &#8211; BOOTIE VIBE PLUG ANAL VIBRATOR PRETO"},"content":{"rendered":"<p>Experimente vibra\u00e7\u00f5es poderosas em um formato perfeitamente compacto com o BOOTIE VIBE. Projetado para conforto, flexibilidade e m\u00e1ximo prazer, este vibrador anal recarreg\u00e1vel combina o formato ic\u00f4nico do BOOTIE com um motor potente e 12 padr\u00f5es de vibra\u00e7\u00e3o estimulantes. Feito de silicone seguro para o corpo e totalmente \u00e0 prova d\u00e1gua (IPX7), proporciona uma estimula\u00e7\u00e3o profunda e satisfat\u00f3ria da pr\u00f3stata ou do per\u00edneo  seja sozinho ou com um parceiro.<\/p>\n<p> <strong>Curvado para puro prazer<\/strong><br \/> O design ergon\u00f4mico do BOOTIE VIBE acompanha os contornos naturais do seu corpo e se encaixa de forma segura e confort\u00e1vel entre as n\u00e1degas. Com 9,7 cm de comprimento e 3 cm de di\u00e2metro, a suave curvatura do brinquedo estimula com precis\u00e3o a pr\u00f3stata ou o ponto G, enquanto a base flex\u00edvel permite total liberdade de movimento e conforto duradouro. Com 12 modos de vibra\u00e7\u00e3o \u00e0 sua escolha  desde pulsa\u00e7\u00f5es suaves at\u00e9 vibra\u00e7\u00f5es profundas e intensas  todas as sensa\u00e7\u00f5es s\u00e3o proporcionadas por um motor de alta pot\u00eancia.<\/p>\n<p> <strong>Energia que dura<\/strong><br \/> O BOOTIE VIBE possui uma bateria de alta qualidade e \u00e9 facilmente recarreg\u00e1vel via USB-C. Feito de silicone premium e seguro para o corpo, \u00e9 f\u00e1cil de limpar, constru\u00eddo para durar e vem com a impressionante garantia de 25 anos da FUN FACTORY para prazer a longo prazo.<\/p>\n","protected":false},"excerpt":{"rendered":"<p>FUN FACTORY &#8211; BOOTIE VIBE PLUG ANAL VIBRATOR PRETO<\/p>\n","protected":false},"featured_media":106821,"template":"","meta":{"_acf_changed":false},"product_brand":[],"product_cat":[17,88,63],"product_tag":[],"class_list":{"0":"post-53347","1":"product","2":"type-product","3":"status-publish","4":"has-post-thumbnail","6":"product_cat-brinquedos-de-bem-estar-sexual","7":"product_cat-novidades","8":"product_cat-sexo-anal","9":"yith_product_brand-fun-factory","11":"first","12":"instock","13":"taxable","14":"shipping-taxable","15":"purchasable","16":"product-type-simple"},"acf":[],"yoast_head":"<!-- This site is optimized with the Yoast SEO plugin v27.3 - https:\/\/yoast.com\/product\/yoast-seo-wordpress\/ -->\n<title>FUN FACTORY - BOOTIE VIBE PLUG ANAL VIBRATOR PRETO - Lovme<\/title>\n<meta name=\"robots\" content=\"index, follow, max-snippet:-1, max-image-preview:large, max-video-preview:-1\" \/>\n<link rel=\"canonical\" href=\"https:\/\/lovme.pt\/index.php\/produto\/fun-factory-bootie-vibe-plug-anal-vibrator-preto\/\" \/>\n<meta property=\"og:locale\" content=\"pt_PT\" \/>\n<meta property=\"og:type\" content=\"article\" \/>\n<meta property=\"og:title\" content=\"FUN FACTORY - BOOTIE VIBE PLUG ANAL VIBRATOR PRETO - Lovme\" \/>\n<meta property=\"og:description\" content=\"FUN FACTORY - BOOTIE VIBE PLUG ANAL VIBRATOR PRETO\" \/>\n<meta property=\"og:url\" content=\"https:\/\/lovme.pt\/index.php\/produto\/fun-factory-bootie-vibe-plug-anal-vibrator-preto\/\" \/>\n<meta property=\"og:site_name\" content=\"Lovme\" \/>\n<meta property=\"article:modified_time\" content=\"2026-02-20T04:01:09+00:00\" \/>\n<meta property=\"og:image\" content=\"https:\/\/erki24nd3ub.exactdn.com\/wp-content\/uploads\/dream\/img\/img_214706_ca58d0f6221291ac11fb303c4b3e3b1b_1.jpg?strip=all\" \/>\n\t<meta property=\"og:image:width\" content=\"900\" \/>\n\t<meta property=\"og:image:height\" content=\"900\" \/>\n\t<meta property=\"og:image:type\" content=\"image\/jpeg\" \/>\n<meta name=\"twitter:card\" content=\"summary_large_image\" \/>\n<meta name=\"twitter:label1\" content=\"Tempo estimado de leitura\" \/>\n\t<meta name=\"twitter:data1\" content=\"1 minuto\" \/>\n<script type=\"application\/ld+json\" class=\"yoast-schema-graph\">{\"@context\":\"https:\\\/\\\/schema.org\",\"@graph\":[{\"@type\":\"WebPage\",\"@id\":\"https:\\\/\\\/lovme.pt\\\/index.php\\\/produto\\\/fun-factory-bootie-vibe-plug-anal-vibrator-preto\\\/\",\"url\":\"https:\\\/\\\/lovme.pt\\\/index.php\\\/produto\\\/fun-factory-bootie-vibe-plug-anal-vibrator-preto\\\/\",\"name\":\"FUN FACTORY - BOOTIE VIBE PLUG ANAL VIBRATOR PRETO - Lovme\",\"isPartOf\":{\"@id\":\"https:\\\/\\\/lovme.pt\\\/#website\"},\"primaryImageOfPage\":{\"@id\":\"https:\\\/\\\/lovme.pt\\\/index.php\\\/produto\\\/fun-factory-bootie-vibe-plug-anal-vibrator-preto\\\/#primaryimage\"},\"image\":{\"@id\":\"https:\\\/\\\/lovme.pt\\\/index.php\\\/produto\\\/fun-factory-bootie-vibe-plug-anal-vibrator-preto\\\/#primaryimage\"},\"thumbnailUrl\":\"https:\\\/\\\/erki24nd3ub.exactdn.com\\\/wp-content\\\/uploads\\\/dream\\\/img\\\/img_214706_ca58d0f6221291ac11fb303c4b3e3b1b_1.jpg?strip=all\",\"datePublished\":\"2026-02-05T22:06:44+00:00\",\"dateModified\":\"2026-02-20T04:01:09+00:00\",\"breadcrumb\":{\"@id\":\"https:\\\/\\\/lovme.pt\\\/index.php\\\/produto\\\/fun-factory-bootie-vibe-plug-anal-vibrator-preto\\\/#breadcrumb\"},\"inLanguage\":\"pt-PT\",\"potentialAction\":[{\"@type\":\"ReadAction\",\"target\":[\"https:\\\/\\\/lovme.pt\\\/index.php\\\/produto\\\/fun-factory-bootie-vibe-plug-anal-vibrator-preto\\\/\"]}]},{\"@type\":\"ImageObject\",\"inLanguage\":\"pt-PT\",\"@id\":\"https:\\\/\\\/lovme.pt\\\/index.php\\\/produto\\\/fun-factory-bootie-vibe-plug-anal-vibrator-preto\\\/#primaryimage\",\"url\":\"https:\\\/\\\/erki24nd3ub.exactdn.com\\\/wp-content\\\/uploads\\\/dream\\\/img\\\/img_214706_ca58d0f6221291ac11fb303c4b3e3b1b_1.jpg?strip=all\",\"contentUrl\":\"https:\\\/\\\/erki24nd3ub.exactdn.com\\\/wp-content\\\/uploads\\\/dream\\\/img\\\/img_214706_ca58d0f6221291ac11fb303c4b3e3b1b_1.jpg?strip=all\",\"width\":900,\"height\":900},{\"@type\":\"BreadcrumbList\",\"@id\":\"https:\\\/\\\/lovme.pt\\\/index.php\\\/produto\\\/fun-factory-bootie-vibe-plug-anal-vibrator-preto\\\/#breadcrumb\",\"itemListElement\":[{\"@type\":\"ListItem\",\"position\":1,\"name\":\"In\u00edcio\",\"item\":\"https:\\\/\\\/lovme.pt\\\/\"},{\"@type\":\"ListItem\",\"position\":2,\"name\":\"Loja\",\"item\":\"https:\\\/\\\/lovme.pt\\\/index.php\\\/loja\\\/\"},{\"@type\":\"ListItem\",\"position\":3,\"name\":\"FUN FACTORY &#8211; BOOTIE VIBE PLUG ANAL VIBRATOR PRETO\"}]},{\"@type\":\"WebSite\",\"@id\":\"https:\\\/\\\/lovme.pt\\\/#website\",\"url\":\"https:\\\/\\\/lovme.pt\\\/\",\"name\":\"Lovme Loja Er\u00f3tica N\u00ba1 em Portugal\",\"description\":\"A melhor loja er\u00f3tica de Portugal.\",\"alternateName\":\"Loja Er\u00f3tica Lovme\",\"potentialAction\":[{\"@type\":\"SearchAction\",\"target\":{\"@type\":\"EntryPoint\",\"urlTemplate\":\"https:\\\/\\\/lovme.pt\\\/?s={search_term_string}\"},\"query-input\":{\"@type\":\"PropertyValueSpecification\",\"valueRequired\":true,\"valueName\":\"search_term_string\"}}],\"inLanguage\":\"pt-PT\"}]}<\/script>\n<!-- \/ Yoast SEO plugin. -->","yoast_head_json":{"title":"FUN FACTORY - BOOTIE VIBE PLUG ANAL VIBRATOR PRETO - Lovme","robots":{"index":"index","follow":"follow","max-snippet":"max-snippet:-1","max-image-preview":"max-image-preview:large","max-video-preview":"max-video-preview:-1"},"canonical":"https:\/\/lovme.pt\/index.php\/produto\/fun-factory-bootie-vibe-plug-anal-vibrator-preto\/","og_locale":"pt_PT","og_type":"article","og_title":"FUN FACTORY - BOOTIE VIBE PLUG ANAL VIBRATOR PRETO - Lovme","og_description":"FUN FACTORY - BOOTIE VIBE PLUG ANAL VIBRATOR PRETO","og_url":"https:\/\/lovme.pt\/index.php\/produto\/fun-factory-bootie-vibe-plug-anal-vibrator-preto\/","og_site_name":"Lovme","article_modified_time":"2026-02-20T04:01:09+00:00","og_image":[{"width":900,"height":900,"url":"https:\/\/erki24nd3ub.exactdn.com\/wp-content\/uploads\/dream\/img\/img_214706_ca58d0f6221291ac11fb303c4b3e3b1b_1.jpg?strip=all","type":"image\/jpeg"}],"twitter_card":"summary_large_image","twitter_misc":{"Tempo estimado de leitura":"1 minuto"},"schema":{"@context":"https:\/\/schema.org","@graph":[{"@type":"WebPage","@id":"https:\/\/lovme.pt\/index.php\/produto\/fun-factory-bootie-vibe-plug-anal-vibrator-preto\/","url":"https:\/\/lovme.pt\/index.php\/produto\/fun-factory-bootie-vibe-plug-anal-vibrator-preto\/","name":"FUN FACTORY - BOOTIE VIBE PLUG ANAL VIBRATOR PRETO - Lovme","isPartOf":{"@id":"https:\/\/lovme.pt\/#website"},"primaryImageOfPage":{"@id":"https:\/\/lovme.pt\/index.php\/produto\/fun-factory-bootie-vibe-plug-anal-vibrator-preto\/#primaryimage"},"image":{"@id":"https:\/\/lovme.pt\/index.php\/produto\/fun-factory-bootie-vibe-plug-anal-vibrator-preto\/#primaryimage"},"thumbnailUrl":"https:\/\/erki24nd3ub.exactdn.com\/wp-content\/uploads\/dream\/img\/img_214706_ca58d0f6221291ac11fb303c4b3e3b1b_1.jpg?strip=all","datePublished":"2026-02-05T22:06:44+00:00","dateModified":"2026-02-20T04:01:09+00:00","breadcrumb":{"@id":"https:\/\/lovme.pt\/index.php\/produto\/fun-factory-bootie-vibe-plug-anal-vibrator-preto\/#breadcrumb"},"inLanguage":"pt-PT","potentialAction":[{"@type":"ReadAction","target":["https:\/\/lovme.pt\/index.php\/produto\/fun-factory-bootie-vibe-plug-anal-vibrator-preto\/"]}]},{"@type":"ImageObject","inLanguage":"pt-PT","@id":"https:\/\/lovme.pt\/index.php\/produto\/fun-factory-bootie-vibe-plug-anal-vibrator-preto\/#primaryimage","url":"https:\/\/erki24nd3ub.exactdn.com\/wp-content\/uploads\/dream\/img\/img_214706_ca58d0f6221291ac11fb303c4b3e3b1b_1.jpg?strip=all","contentUrl":"https:\/\/erki24nd3ub.exactdn.com\/wp-content\/uploads\/dream\/img\/img_214706_ca58d0f6221291ac11fb303c4b3e3b1b_1.jpg?strip=all","width":900,"height":900},{"@type":"BreadcrumbList","@id":"https:\/\/lovme.pt\/index.php\/produto\/fun-factory-bootie-vibe-plug-anal-vibrator-preto\/#breadcrumb","itemListElement":[{"@type":"ListItem","position":1,"name":"In\u00edcio","item":"https:\/\/lovme.pt\/"},{"@type":"ListItem","position":2,"name":"Loja","item":"https:\/\/lovme.pt\/index.php\/loja\/"},{"@type":"ListItem","position":3,"name":"FUN FACTORY &#8211; BOOTIE VIBE PLUG ANAL VIBRATOR PRETO"}]},{"@type":"WebSite","@id":"https:\/\/lovme.pt\/#website","url":"https:\/\/lovme.pt\/","name":"Lovme Loja Er\u00f3tica N\u00ba1 em Portugal","description":"A melhor loja er\u00f3tica de Portugal.","alternateName":"Loja Er\u00f3tica Lovme","potentialAction":[{"@type":"SearchAction","target":{"@type":"EntryPoint","urlTemplate":"https:\/\/lovme.pt\/?s={search_term_string}"},"query-input":{"@type":"PropertyValueSpecification","valueRequired":true,"valueName":"search_term_string"}}],"inLanguage":"pt-PT"}]}},"_links":{"self":[{"href":"https:\/\/lovme.pt\/index.php\/wp-json\/wp\/v2\/product\/53347","targetHints":{"allow":["GET"]}}],"collection":[{"href":"https:\/\/lovme.pt\/index.php\/wp-json\/wp\/v2\/product"}],"about":[{"href":"https:\/\/lovme.pt\/index.php\/wp-json\/wp\/v2\/types\/product"}],"wp:featuredmedia":[{"embeddable":true,"href":"https:\/\/lovme.pt\/index.php\/wp-json\/wp\/v2\/media\/106821"}],"wp:attachment":[{"href":"https:\/\/lovme.pt\/index.php\/wp-json\/wp\/v2\/media?parent=53347"}],"wp:term":[{"taxonomy":"product_brand","embeddable":true,"href":"https:\/\/lovme.pt\/index.php\/wp-json\/wp\/v2\/product_brand?post=53347"},{"taxonomy":"product_cat","embeddable":true,"href":"https:\/\/lovme.pt\/index.php\/wp-json\/wp\/v2\/product_cat?post=53347"},{"taxonomy":"product_tag","embeddable":true,"href":"https:\/\/lovme.pt\/index.php\/wp-json\/wp\/v2\/product_tag?post=53347"}],"curies":[{"name":"wp","href":"https:\/\/api.w.org\/{rel}","templated":true}]}}