{"id":53291,"date":"2025-10-01T03:18:04","date_gmt":"2025-10-01T03:18:04","guid":{"rendered":"https:\/\/lovme.pt\/?post_type=product&p=53291"},"modified":"2026-02-19T20:22:50","modified_gmt":"2026-02-19T20:22:50","slug":"fleshlight-fantasia-evie-akashiya-vagina","status":"publish","type":"product","link":"https:\/\/lovme.pt\/index.php\/produto\/fleshlight-fantasia-evie-akashiya-vagina\/","title":{"rendered":"FLESHLIGHT FANTASIA &#8211; EVIE AKASHIYA VAGINA"},"content":{"rendered":"<p><strong>Evie Akashiya<\/strong><\/p>\n<p>Evie Akashiya \u00e9 uma presen\u00e7a marcante e inesquec\u00edvel, com um charme t\u00e3o ousado quanto sua apar\u00eancia. Com 1,70 m de altura, corpo escultural e impressionantes medidas de 91 cm, Evie sabe como chamar a aten\u00e7\u00e3o. Seu cabelo ruivo flamejante emoldura perfeitamente seus olhos verdes travessos, que brilham com curiosidade brincalhona.<\/p>\n<p>Nascida e criada no cora\u00e7\u00e3o de T\u00f3quio, iluminada por neon, Evie cresceu cercada por uma mistura de cultura tradicional e inova\u00e7\u00e3o futurista. Esse ambiente alimentou seu esp\u00edrito aventureiro e suas incurs\u00f5es criativas, levando-a a explorar o fascinante mundo da atua\u00e7\u00e3o digital. Hoje, ela conquistou uma legi\u00e3o de f\u00e3s online, que a conectam para vivenciar a personalidade din\u00e2mica e o charme vibrante de Evie em primeira m\u00e3o.<\/p>\n<p>O otimismo e a alegria de Evie s\u00e3o suas marcas registradas, fazendo dela a vida e a alma de qualquer ambiente \u2014 ou fluxo \u2014 em que entra. Ela tem um talento especial para transformar at\u00e9 as situa\u00e7\u00f5es mais tediosas em aventuras emocionantes com seu senso de humor contagiante e energia sem limites.<\/p>\n<p>Com um talento natural para a performance, Evie cativa o p\u00fablico sem esfor\u00e7o, seja posando, contando uma piada ou dominando uma sess\u00e3o de jogo. Sua sagacidade e capacidade de improvisa\u00e7\u00e3o costumam salvar o dia, mesmo em situa\u00e7\u00f5es inesperadas.<\/p>\n<p>Esta diabinha vai despertar e incendiar sua paix\u00e3o. Com uma textura completamente nova, caracterizada por seios e l\u00ednguas percorrendo toda a parede, Evie vai te deixar em \u00eaxtase e te dar vontade de gozar. Grite palavras de prazer que voc\u00ea nunca ouviu antes.<\/p>\n<p><u><strong>CARACTER\u00cdSTICAS<\/strong><\/u><\/p>\n<ul>\n<li>Textura extremamente macia e realista<\/li>\n<li>Feito com material patenteado Real Feel Super Skin<\/li>\n<li>Controle total sobre a suc\u00e7\u00e3o atrav\u00e9s do plug anal<\/li>\n<li>Alojado em uma capa discreta de cor p\u00e9rola com textura de f\u00e1cil ader\u00eancia<\/li>\n<li>Inclui uma amostra do lubrificante \u00e0 base de \u00e1gua Fleshlight.<\/li>\n<li>Manga remov\u00edvel para f\u00e1cil limpeza<\/li>\n<li>Livre de ftalatos, seguro e n\u00e3o t\u00f3xico.<\/li>\n<li>Cor (masturbador): Tom de pele<\/li>\n<li>Cor (carca\u00e7a): Vermelho<\/li>\n<li>Comprimento total: 25 cm (9,75&#8243;)<\/li>\n<li>Comprimento inser\u00edvel: 20 cm (8,0&#8243;)<\/li>\n<\/ul>\n<p>A Fleshlight\u00ae \u00e9 l\u00edder mundial na fabrica\u00e7\u00e3o de masturbadores masculinos a partir de moldes de pessoas reais. Sua alta qualidade e caracter\u00edsticas deram origem a uma marca pensada para o homem e seu prazer, \u00fanica no mundo.<\/p>\n<p>Todos os Fleshlights s\u00e3o seguros para o corpo e feitos com nosso material patenteado SuperSkin\u00ae, 100% livre de ftalatos (cuidado com imita\u00e7\u00f5es). *Confie nos produtos Fleshlight para prolongar a vida \u00fatil do seu Fleshlight. Use apenas lubrificantes \u00e0 base de \u00e1gua para evitar danos.<\/p>\n","protected":false},"excerpt":{"rendered":"<p>FLESHLIGHT FANTASIA &#8211; EVIE AKASHIYA VAGINA<\/p>\n","protected":false},"featured_media":102615,"template":"","meta":{"_acf_changed":false},"product_brand":[],"product_cat":[17,58,60],"product_tag":[],"class_list":{"0":"post-53291","1":"product","2":"type-product","3":"status-publish","4":"has-post-thumbnail","6":"product_cat-brinquedos-de-bem-estar-sexual","7":"product_cat-masturbadores-para-penis","8":"product_cat-para-eles","9":"yith_product_brand-fleshlight","10":"yith_product_brand-fleshlightfleshlight-fantasy","12":"first","13":"instock","14":"taxable","15":"shipping-taxable","16":"purchasable","17":"product-type-simple"},"acf":[],"yoast_head":"<!-- This site is optimized with the Yoast SEO plugin v27.4 - https:\/\/yoast.com\/product\/yoast-seo-wordpress\/ -->\n<title>FLESHLIGHT FANTASIA - EVIE AKASHIYA VAGINA - Lovme<\/title>\n<meta name=\"robots\" content=\"index, follow, max-snippet:-1, max-image-preview:large, max-video-preview:-1\" \/>\n<link rel=\"canonical\" href=\"https:\/\/lovme.pt\/index.php\/produto\/fleshlight-fantasia-evie-akashiya-vagina\/\" \/>\n<meta property=\"og:locale\" content=\"pt_PT\" \/>\n<meta property=\"og:type\" content=\"article\" \/>\n<meta property=\"og:title\" content=\"FLESHLIGHT FANTASIA - EVIE AKASHIYA VAGINA - Lovme\" \/>\n<meta property=\"og:description\" content=\"FLESHLIGHT FANTASIA - EVIE AKASHIYA VAGINA\" \/>\n<meta property=\"og:url\" content=\"https:\/\/lovme.pt\/index.php\/produto\/fleshlight-fantasia-evie-akashiya-vagina\/\" \/>\n<meta property=\"og:site_name\" content=\"Lovme\" \/>\n<meta property=\"article:modified_time\" content=\"2026-02-19T20:22:50+00:00\" \/>\n<meta property=\"og:image\" content=\"https:\/\/erki24nd3ub.exactdn.com\/wp-content\/uploads\/dream\/img\/img_212439_218a208317a018f1911eb15b84b63e49_1.jpg?strip=all\" \/>\n\t<meta property=\"og:image:width\" content=\"900\" \/>\n\t<meta property=\"og:image:height\" content=\"900\" \/>\n\t<meta property=\"og:image:type\" content=\"image\/jpeg\" \/>\n<meta name=\"twitter:card\" content=\"summary_large_image\" \/>\n<meta name=\"twitter:label1\" content=\"Tempo estimado de leitura\" \/>\n\t<meta name=\"twitter:data1\" content=\"2 minutos\" \/>\n<script type=\"application\/ld+json\" class=\"yoast-schema-graph\">{\"@context\":\"https:\\\/\\\/schema.org\",\"@graph\":[{\"@type\":\"WebPage\",\"@id\":\"https:\\\/\\\/lovme.pt\\\/index.php\\\/produto\\\/fleshlight-fantasia-evie-akashiya-vagina\\\/\",\"url\":\"https:\\\/\\\/lovme.pt\\\/index.php\\\/produto\\\/fleshlight-fantasia-evie-akashiya-vagina\\\/\",\"name\":\"FLESHLIGHT FANTASIA - EVIE AKASHIYA VAGINA - Lovme\",\"isPartOf\":{\"@id\":\"https:\\\/\\\/lovme.pt\\\/#website\"},\"primaryImageOfPage\":{\"@id\":\"https:\\\/\\\/lovme.pt\\\/index.php\\\/produto\\\/fleshlight-fantasia-evie-akashiya-vagina\\\/#primaryimage\"},\"image\":{\"@id\":\"https:\\\/\\\/lovme.pt\\\/index.php\\\/produto\\\/fleshlight-fantasia-evie-akashiya-vagina\\\/#primaryimage\"},\"thumbnailUrl\":\"https:\\\/\\\/erki24nd3ub.exactdn.com\\\/wp-content\\\/uploads\\\/dream\\\/img\\\/img_212439_218a208317a018f1911eb15b84b63e49_1.jpg?strip=all\",\"datePublished\":\"2025-10-01T03:18:04+00:00\",\"dateModified\":\"2026-02-19T20:22:50+00:00\",\"breadcrumb\":{\"@id\":\"https:\\\/\\\/lovme.pt\\\/index.php\\\/produto\\\/fleshlight-fantasia-evie-akashiya-vagina\\\/#breadcrumb\"},\"inLanguage\":\"pt-PT\",\"potentialAction\":[{\"@type\":\"ReadAction\",\"target\":[\"https:\\\/\\\/lovme.pt\\\/index.php\\\/produto\\\/fleshlight-fantasia-evie-akashiya-vagina\\\/\"]}]},{\"@type\":\"ImageObject\",\"inLanguage\":\"pt-PT\",\"@id\":\"https:\\\/\\\/lovme.pt\\\/index.php\\\/produto\\\/fleshlight-fantasia-evie-akashiya-vagina\\\/#primaryimage\",\"url\":\"https:\\\/\\\/erki24nd3ub.exactdn.com\\\/wp-content\\\/uploads\\\/dream\\\/img\\\/img_212439_218a208317a018f1911eb15b84b63e49_1.jpg?strip=all\",\"contentUrl\":\"https:\\\/\\\/erki24nd3ub.exactdn.com\\\/wp-content\\\/uploads\\\/dream\\\/img\\\/img_212439_218a208317a018f1911eb15b84b63e49_1.jpg?strip=all\",\"width\":900,\"height\":900},{\"@type\":\"BreadcrumbList\",\"@id\":\"https:\\\/\\\/lovme.pt\\\/index.php\\\/produto\\\/fleshlight-fantasia-evie-akashiya-vagina\\\/#breadcrumb\",\"itemListElement\":[{\"@type\":\"ListItem\",\"position\":1,\"name\":\"In\u00edcio\",\"item\":\"https:\\\/\\\/lovme.pt\\\/\"},{\"@type\":\"ListItem\",\"position\":2,\"name\":\"Loja\",\"item\":\"https:\\\/\\\/lovme.pt\\\/index.php\\\/loja\\\/\"},{\"@type\":\"ListItem\",\"position\":3,\"name\":\"FLESHLIGHT FANTASIA &#8211; EVIE AKASHIYA VAGINA\"}]},{\"@type\":\"WebSite\",\"@id\":\"https:\\\/\\\/lovme.pt\\\/#website\",\"url\":\"https:\\\/\\\/lovme.pt\\\/\",\"name\":\"Lovme Loja Er\u00f3tica N\u00ba1 em Portugal\",\"description\":\"A melhor loja er\u00f3tica de Portugal.\",\"alternateName\":\"Loja Er\u00f3tica Lovme\",\"potentialAction\":[{\"@type\":\"SearchAction\",\"target\":{\"@type\":\"EntryPoint\",\"urlTemplate\":\"https:\\\/\\\/lovme.pt\\\/?s={search_term_string}\"},\"query-input\":{\"@type\":\"PropertyValueSpecification\",\"valueRequired\":true,\"valueName\":\"search_term_string\"}}],\"inLanguage\":\"pt-PT\"}]}<\/script>\n<!-- \/ Yoast SEO plugin. -->","yoast_head_json":{"title":"FLESHLIGHT FANTASIA - EVIE AKASHIYA VAGINA - Lovme","robots":{"index":"index","follow":"follow","max-snippet":"max-snippet:-1","max-image-preview":"max-image-preview:large","max-video-preview":"max-video-preview:-1"},"canonical":"https:\/\/lovme.pt\/index.php\/produto\/fleshlight-fantasia-evie-akashiya-vagina\/","og_locale":"pt_PT","og_type":"article","og_title":"FLESHLIGHT FANTASIA - EVIE AKASHIYA VAGINA - Lovme","og_description":"FLESHLIGHT FANTASIA - EVIE AKASHIYA VAGINA","og_url":"https:\/\/lovme.pt\/index.php\/produto\/fleshlight-fantasia-evie-akashiya-vagina\/","og_site_name":"Lovme","article_modified_time":"2026-02-19T20:22:50+00:00","og_image":[{"width":900,"height":900,"url":"https:\/\/erki24nd3ub.exactdn.com\/wp-content\/uploads\/dream\/img\/img_212439_218a208317a018f1911eb15b84b63e49_1.jpg?strip=all","type":"image\/jpeg"}],"twitter_card":"summary_large_image","twitter_misc":{"Tempo estimado de leitura":"2 minutos"},"schema":{"@context":"https:\/\/schema.org","@graph":[{"@type":"WebPage","@id":"https:\/\/lovme.pt\/index.php\/produto\/fleshlight-fantasia-evie-akashiya-vagina\/","url":"https:\/\/lovme.pt\/index.php\/produto\/fleshlight-fantasia-evie-akashiya-vagina\/","name":"FLESHLIGHT FANTASIA - EVIE AKASHIYA VAGINA - Lovme","isPartOf":{"@id":"https:\/\/lovme.pt\/#website"},"primaryImageOfPage":{"@id":"https:\/\/lovme.pt\/index.php\/produto\/fleshlight-fantasia-evie-akashiya-vagina\/#primaryimage"},"image":{"@id":"https:\/\/lovme.pt\/index.php\/produto\/fleshlight-fantasia-evie-akashiya-vagina\/#primaryimage"},"thumbnailUrl":"https:\/\/erki24nd3ub.exactdn.com\/wp-content\/uploads\/dream\/img\/img_212439_218a208317a018f1911eb15b84b63e49_1.jpg?strip=all","datePublished":"2025-10-01T03:18:04+00:00","dateModified":"2026-02-19T20:22:50+00:00","breadcrumb":{"@id":"https:\/\/lovme.pt\/index.php\/produto\/fleshlight-fantasia-evie-akashiya-vagina\/#breadcrumb"},"inLanguage":"pt-PT","potentialAction":[{"@type":"ReadAction","target":["https:\/\/lovme.pt\/index.php\/produto\/fleshlight-fantasia-evie-akashiya-vagina\/"]}]},{"@type":"ImageObject","inLanguage":"pt-PT","@id":"https:\/\/lovme.pt\/index.php\/produto\/fleshlight-fantasia-evie-akashiya-vagina\/#primaryimage","url":"https:\/\/erki24nd3ub.exactdn.com\/wp-content\/uploads\/dream\/img\/img_212439_218a208317a018f1911eb15b84b63e49_1.jpg?strip=all","contentUrl":"https:\/\/erki24nd3ub.exactdn.com\/wp-content\/uploads\/dream\/img\/img_212439_218a208317a018f1911eb15b84b63e49_1.jpg?strip=all","width":900,"height":900},{"@type":"BreadcrumbList","@id":"https:\/\/lovme.pt\/index.php\/produto\/fleshlight-fantasia-evie-akashiya-vagina\/#breadcrumb","itemListElement":[{"@type":"ListItem","position":1,"name":"In\u00edcio","item":"https:\/\/lovme.pt\/"},{"@type":"ListItem","position":2,"name":"Loja","item":"https:\/\/lovme.pt\/index.php\/loja\/"},{"@type":"ListItem","position":3,"name":"FLESHLIGHT FANTASIA &#8211; EVIE AKASHIYA VAGINA"}]},{"@type":"WebSite","@id":"https:\/\/lovme.pt\/#website","url":"https:\/\/lovme.pt\/","name":"Lovme Loja Er\u00f3tica N\u00ba1 em Portugal","description":"A melhor loja er\u00f3tica de Portugal.","alternateName":"Loja Er\u00f3tica Lovme","potentialAction":[{"@type":"SearchAction","target":{"@type":"EntryPoint","urlTemplate":"https:\/\/lovme.pt\/?s={search_term_string}"},"query-input":{"@type":"PropertyValueSpecification","valueRequired":true,"valueName":"search_term_string"}}],"inLanguage":"pt-PT"}]}},"_links":{"self":[{"href":"https:\/\/lovme.pt\/index.php\/wp-json\/wp\/v2\/product\/53291","targetHints":{"allow":["GET"]}}],"collection":[{"href":"https:\/\/lovme.pt\/index.php\/wp-json\/wp\/v2\/product"}],"about":[{"href":"https:\/\/lovme.pt\/index.php\/wp-json\/wp\/v2\/types\/product"}],"wp:featuredmedia":[{"embeddable":true,"href":"https:\/\/lovme.pt\/index.php\/wp-json\/wp\/v2\/media\/102615"}],"wp:attachment":[{"href":"https:\/\/lovme.pt\/index.php\/wp-json\/wp\/v2\/media?parent=53291"}],"wp:term":[{"taxonomy":"product_brand","embeddable":true,"href":"https:\/\/lovme.pt\/index.php\/wp-json\/wp\/v2\/product_brand?post=53291"},{"taxonomy":"product_cat","embeddable":true,"href":"https:\/\/lovme.pt\/index.php\/wp-json\/wp\/v2\/product_cat?post=53291"},{"taxonomy":"product_tag","embeddable":true,"href":"https:\/\/lovme.pt\/index.php\/wp-json\/wp\/v2\/product_tag?post=53291"}],"curies":[{"name":"wp","href":"https:\/\/api.w.org\/{rel}","templated":true}]}}