{"id":53139,"date":"2025-09-30T22:26:25","date_gmt":"2025-09-30T22:26:25","guid":{"rendered":"https:\/\/lovme.pt\/?post_type=product&p=53139"},"modified":"2026-02-19T20:12:20","modified_gmt":"2026-02-19T20:12:20","slug":"secretplay-pirulito-de-penis-com-efeito-de-calor-apimentado-40-unidades","status":"publish","type":"product","link":"https:\/\/lovme.pt\/index.php\/produto\/secretplay-pirulito-de-penis-com-efeito-de-calor-apimentado-40-unidades\/","title":{"rendered":"SECRETPLAY &#8211; PIRULITO DE P\u00caNIS COM EFEITO DE CALOR APIMENTADO (40 UNIDADES)"},"content":{"rendered":"<p>Experimente este incr\u00edvel pirulito em formato de p\u00eanis, com um sabor irresist\u00edvel de cereja e seu efeito picante e reconfortante. Lamba-o com prazer at\u00e9 n\u00e3o sobrar nada.<\/p>\n<p> <u><em><strong>Caracter\u00edsticas:<\/strong><\/em><\/u><\/p>\n<ul>\n<li> 100% comest\u00edvel<\/li>\n<li> Sabor cereja<\/li>\n<li> Efeito de aquecimento picante<\/li>\n<li> Peso: 25 gramas<\/li>\n<\/ul>\n<p> <u><em><strong>Ingredientes<\/strong><\/em><\/u> :<\/p>\n<ul>\n<li> Ado\u00e7ante isomalte, corante E-129, aromatizante. O E-129 pode ter efeitos negativos na atividade e aten\u00e7\u00e3o das crian\u00e7as.<\/li>\n<li> Valor nutricional (por 100g.): 970 KJ\/194 Kcal<\/li>\n<li> Gordura\/das quais saturadas: 0g\/0g<\/li>\n<li> Carboidratos\/dos quais a\u00e7\u00facares: 97g\/97g<\/li>\n<li> Prote\u00ednas: 0g<\/li>\n<li> Sal: 0g<\/li>\n<\/ul>\n","protected":false},"excerpt":{"rendered":"<p>SECRETPLAY &#8211; PIRULITO DE P\u00caNIS COM EFEITO DE CALOR APIMENTADO (40 UNIDADES)<\/p>\n","protected":false},"featured_media":77785,"template":"","meta":{"_acf_changed":false},"product_brand":[],"product_cat":[69,15],"product_tag":[],"class_list":{"0":"post-53139","1":"product","2":"type-product","3":"status-publish","4":"has-post-thumbnail","6":"product_cat-jogos-eroticos","7":"product_cat-loja","8":"yith_product_brand-secretplay","9":"yith_product_brand-secretplaysecretplay-cosmetic","11":"first","12":"instock","13":"taxable","14":"shipping-taxable","15":"purchasable","16":"product-type-simple"},"acf":[],"yoast_head":"<!-- This site is optimized with the Yoast SEO plugin v27.4 - https:\/\/yoast.com\/product\/yoast-seo-wordpress\/ -->\n<title>SECRETPLAY - PIRULITO DE P\u00caNIS COM EFEITO DE CALOR APIMENTADO (40 UNIDADES) - Lovme<\/title>\n<meta name=\"robots\" content=\"index, follow, max-snippet:-1, max-image-preview:large, max-video-preview:-1\" \/>\n<link rel=\"canonical\" href=\"https:\/\/lovme.pt\/index.php\/produto\/secretplay-pirulito-de-penis-com-efeito-de-calor-apimentado-40-unidades\/\" \/>\n<meta property=\"og:locale\" content=\"pt_PT\" \/>\n<meta property=\"og:type\" content=\"article\" \/>\n<meta property=\"og:title\" content=\"SECRETPLAY - PIRULITO DE P\u00caNIS COM EFEITO DE CALOR APIMENTADO (40 UNIDADES) - Lovme\" \/>\n<meta property=\"og:description\" content=\"SECRETPLAY - PIRULITO DE P\u00caNIS COM EFEITO DE CALOR APIMENTADO (40 UNIDADES)\" \/>\n<meta property=\"og:url\" content=\"https:\/\/lovme.pt\/index.php\/produto\/secretplay-pirulito-de-penis-com-efeito-de-calor-apimentado-40-unidades\/\" \/>\n<meta property=\"og:site_name\" content=\"Lovme\" \/>\n<meta property=\"article:modified_time\" content=\"2026-02-19T20:12:20+00:00\" \/>\n<meta property=\"og:image\" content=\"https:\/\/erki24nd3ub.exactdn.com\/wp-content\/uploads\/dream\/img\/img_210264_fbbf6c53b06c5440b7fed829d61596d4_1.jpg?strip=all\" \/>\n\t<meta property=\"og:image:width\" content=\"900\" \/>\n\t<meta property=\"og:image:height\" content=\"900\" \/>\n\t<meta property=\"og:image:type\" content=\"image\/jpeg\" \/>\n<meta name=\"twitter:card\" content=\"summary_large_image\" \/>\n<script type=\"application\/ld+json\" class=\"yoast-schema-graph\">{\"@context\":\"https:\\\/\\\/schema.org\",\"@graph\":[{\"@type\":\"WebPage\",\"@id\":\"https:\\\/\\\/lovme.pt\\\/index.php\\\/produto\\\/secretplay-pirulito-de-penis-com-efeito-de-calor-apimentado-40-unidades\\\/\",\"url\":\"https:\\\/\\\/lovme.pt\\\/index.php\\\/produto\\\/secretplay-pirulito-de-penis-com-efeito-de-calor-apimentado-40-unidades\\\/\",\"name\":\"SECRETPLAY - PIRULITO DE P\u00caNIS COM EFEITO DE CALOR APIMENTADO (40 UNIDADES) - Lovme\",\"isPartOf\":{\"@id\":\"https:\\\/\\\/lovme.pt\\\/#website\"},\"primaryImageOfPage\":{\"@id\":\"https:\\\/\\\/lovme.pt\\\/index.php\\\/produto\\\/secretplay-pirulito-de-penis-com-efeito-de-calor-apimentado-40-unidades\\\/#primaryimage\"},\"image\":{\"@id\":\"https:\\\/\\\/lovme.pt\\\/index.php\\\/produto\\\/secretplay-pirulito-de-penis-com-efeito-de-calor-apimentado-40-unidades\\\/#primaryimage\"},\"thumbnailUrl\":\"https:\\\/\\\/erki24nd3ub.exactdn.com\\\/wp-content\\\/uploads\\\/dream\\\/img\\\/img_210264_fbbf6c53b06c5440b7fed829d61596d4_1.jpg?strip=all\",\"datePublished\":\"2025-09-30T22:26:25+00:00\",\"dateModified\":\"2026-02-19T20:12:20+00:00\",\"breadcrumb\":{\"@id\":\"https:\\\/\\\/lovme.pt\\\/index.php\\\/produto\\\/secretplay-pirulito-de-penis-com-efeito-de-calor-apimentado-40-unidades\\\/#breadcrumb\"},\"inLanguage\":\"pt-PT\",\"potentialAction\":[{\"@type\":\"ReadAction\",\"target\":[\"https:\\\/\\\/lovme.pt\\\/index.php\\\/produto\\\/secretplay-pirulito-de-penis-com-efeito-de-calor-apimentado-40-unidades\\\/\"]}]},{\"@type\":\"ImageObject\",\"inLanguage\":\"pt-PT\",\"@id\":\"https:\\\/\\\/lovme.pt\\\/index.php\\\/produto\\\/secretplay-pirulito-de-penis-com-efeito-de-calor-apimentado-40-unidades\\\/#primaryimage\",\"url\":\"https:\\\/\\\/erki24nd3ub.exactdn.com\\\/wp-content\\\/uploads\\\/dream\\\/img\\\/img_210264_fbbf6c53b06c5440b7fed829d61596d4_1.jpg?strip=all\",\"contentUrl\":\"https:\\\/\\\/erki24nd3ub.exactdn.com\\\/wp-content\\\/uploads\\\/dream\\\/img\\\/img_210264_fbbf6c53b06c5440b7fed829d61596d4_1.jpg?strip=all\",\"width\":900,\"height\":900},{\"@type\":\"BreadcrumbList\",\"@id\":\"https:\\\/\\\/lovme.pt\\\/index.php\\\/produto\\\/secretplay-pirulito-de-penis-com-efeito-de-calor-apimentado-40-unidades\\\/#breadcrumb\",\"itemListElement\":[{\"@type\":\"ListItem\",\"position\":1,\"name\":\"In\u00edcio\",\"item\":\"https:\\\/\\\/lovme.pt\\\/\"},{\"@type\":\"ListItem\",\"position\":2,\"name\":\"Loja\",\"item\":\"https:\\\/\\\/lovme.pt\\\/index.php\\\/loja\\\/\"},{\"@type\":\"ListItem\",\"position\":3,\"name\":\"SECRETPLAY &#8211; PIRULITO DE P\u00caNIS COM EFEITO DE CALOR APIMENTADO (40 UNIDADES)\"}]},{\"@type\":\"WebSite\",\"@id\":\"https:\\\/\\\/lovme.pt\\\/#website\",\"url\":\"https:\\\/\\\/lovme.pt\\\/\",\"name\":\"Lovme Loja Er\u00f3tica N\u00ba1 em Portugal\",\"description\":\"A melhor loja er\u00f3tica de Portugal.\",\"alternateName\":\"Loja Er\u00f3tica Lovme\",\"potentialAction\":[{\"@type\":\"SearchAction\",\"target\":{\"@type\":\"EntryPoint\",\"urlTemplate\":\"https:\\\/\\\/lovme.pt\\\/?s={search_term_string}\"},\"query-input\":{\"@type\":\"PropertyValueSpecification\",\"valueRequired\":true,\"valueName\":\"search_term_string\"}}],\"inLanguage\":\"pt-PT\"}]}<\/script>\n<!-- \/ Yoast SEO plugin. -->","yoast_head_json":{"title":"SECRETPLAY - PIRULITO DE P\u00caNIS COM EFEITO DE CALOR APIMENTADO (40 UNIDADES) - Lovme","robots":{"index":"index","follow":"follow","max-snippet":"max-snippet:-1","max-image-preview":"max-image-preview:large","max-video-preview":"max-video-preview:-1"},"canonical":"https:\/\/lovme.pt\/index.php\/produto\/secretplay-pirulito-de-penis-com-efeito-de-calor-apimentado-40-unidades\/","og_locale":"pt_PT","og_type":"article","og_title":"SECRETPLAY - PIRULITO DE P\u00caNIS COM EFEITO DE CALOR APIMENTADO (40 UNIDADES) - Lovme","og_description":"SECRETPLAY - PIRULITO DE P\u00caNIS COM EFEITO DE CALOR APIMENTADO (40 UNIDADES)","og_url":"https:\/\/lovme.pt\/index.php\/produto\/secretplay-pirulito-de-penis-com-efeito-de-calor-apimentado-40-unidades\/","og_site_name":"Lovme","article_modified_time":"2026-02-19T20:12:20+00:00","og_image":[{"width":900,"height":900,"url":"https:\/\/erki24nd3ub.exactdn.com\/wp-content\/uploads\/dream\/img\/img_210264_fbbf6c53b06c5440b7fed829d61596d4_1.jpg?strip=all","type":"image\/jpeg"}],"twitter_card":"summary_large_image","schema":{"@context":"https:\/\/schema.org","@graph":[{"@type":"WebPage","@id":"https:\/\/lovme.pt\/index.php\/produto\/secretplay-pirulito-de-penis-com-efeito-de-calor-apimentado-40-unidades\/","url":"https:\/\/lovme.pt\/index.php\/produto\/secretplay-pirulito-de-penis-com-efeito-de-calor-apimentado-40-unidades\/","name":"SECRETPLAY - PIRULITO DE P\u00caNIS COM EFEITO DE CALOR APIMENTADO (40 UNIDADES) - Lovme","isPartOf":{"@id":"https:\/\/lovme.pt\/#website"},"primaryImageOfPage":{"@id":"https:\/\/lovme.pt\/index.php\/produto\/secretplay-pirulito-de-penis-com-efeito-de-calor-apimentado-40-unidades\/#primaryimage"},"image":{"@id":"https:\/\/lovme.pt\/index.php\/produto\/secretplay-pirulito-de-penis-com-efeito-de-calor-apimentado-40-unidades\/#primaryimage"},"thumbnailUrl":"https:\/\/erki24nd3ub.exactdn.com\/wp-content\/uploads\/dream\/img\/img_210264_fbbf6c53b06c5440b7fed829d61596d4_1.jpg?strip=all","datePublished":"2025-09-30T22:26:25+00:00","dateModified":"2026-02-19T20:12:20+00:00","breadcrumb":{"@id":"https:\/\/lovme.pt\/index.php\/produto\/secretplay-pirulito-de-penis-com-efeito-de-calor-apimentado-40-unidades\/#breadcrumb"},"inLanguage":"pt-PT","potentialAction":[{"@type":"ReadAction","target":["https:\/\/lovme.pt\/index.php\/produto\/secretplay-pirulito-de-penis-com-efeito-de-calor-apimentado-40-unidades\/"]}]},{"@type":"ImageObject","inLanguage":"pt-PT","@id":"https:\/\/lovme.pt\/index.php\/produto\/secretplay-pirulito-de-penis-com-efeito-de-calor-apimentado-40-unidades\/#primaryimage","url":"https:\/\/erki24nd3ub.exactdn.com\/wp-content\/uploads\/dream\/img\/img_210264_fbbf6c53b06c5440b7fed829d61596d4_1.jpg?strip=all","contentUrl":"https:\/\/erki24nd3ub.exactdn.com\/wp-content\/uploads\/dream\/img\/img_210264_fbbf6c53b06c5440b7fed829d61596d4_1.jpg?strip=all","width":900,"height":900},{"@type":"BreadcrumbList","@id":"https:\/\/lovme.pt\/index.php\/produto\/secretplay-pirulito-de-penis-com-efeito-de-calor-apimentado-40-unidades\/#breadcrumb","itemListElement":[{"@type":"ListItem","position":1,"name":"In\u00edcio","item":"https:\/\/lovme.pt\/"},{"@type":"ListItem","position":2,"name":"Loja","item":"https:\/\/lovme.pt\/index.php\/loja\/"},{"@type":"ListItem","position":3,"name":"SECRETPLAY &#8211; PIRULITO DE P\u00caNIS COM EFEITO DE CALOR APIMENTADO (40 UNIDADES)"}]},{"@type":"WebSite","@id":"https:\/\/lovme.pt\/#website","url":"https:\/\/lovme.pt\/","name":"Lovme Loja Er\u00f3tica N\u00ba1 em Portugal","description":"A melhor loja er\u00f3tica de Portugal.","alternateName":"Loja Er\u00f3tica Lovme","potentialAction":[{"@type":"SearchAction","target":{"@type":"EntryPoint","urlTemplate":"https:\/\/lovme.pt\/?s={search_term_string}"},"query-input":{"@type":"PropertyValueSpecification","valueRequired":true,"valueName":"search_term_string"}}],"inLanguage":"pt-PT"}]}},"_links":{"self":[{"href":"https:\/\/lovme.pt\/index.php\/wp-json\/wp\/v2\/product\/53139","targetHints":{"allow":["GET"]}}],"collection":[{"href":"https:\/\/lovme.pt\/index.php\/wp-json\/wp\/v2\/product"}],"about":[{"href":"https:\/\/lovme.pt\/index.php\/wp-json\/wp\/v2\/types\/product"}],"wp:featuredmedia":[{"embeddable":true,"href":"https:\/\/lovme.pt\/index.php\/wp-json\/wp\/v2\/media\/77785"}],"wp:attachment":[{"href":"https:\/\/lovme.pt\/index.php\/wp-json\/wp\/v2\/media?parent=53139"}],"wp:term":[{"taxonomy":"product_brand","embeddable":true,"href":"https:\/\/lovme.pt\/index.php\/wp-json\/wp\/v2\/product_brand?post=53139"},{"taxonomy":"product_cat","embeddable":true,"href":"https:\/\/lovme.pt\/index.php\/wp-json\/wp\/v2\/product_cat?post=53139"},{"taxonomy":"product_tag","embeddable":true,"href":"https:\/\/lovme.pt\/index.php\/wp-json\/wp\/v2\/product_tag?post=53139"}],"curies":[{"name":"wp","href":"https:\/\/api.w.org\/{rel}","templated":true}]}}