{"id":52132,"date":"2025-09-30T20:20:46","date_gmt":"2025-09-30T20:20:46","guid":{"rendered":"https:\/\/lovme.pt\/?post_type=product&p=52132"},"modified":"2026-02-19T20:07:47","modified_gmt":"2026-02-19T20:07:47","slug":"colecao-anal-fantasy-elite-anel-anal-vibrante-e-massageador-com-controle-remoto","status":"publish","type":"product","link":"https:\/\/lovme.pt\/index.php\/produto\/colecao-anal-fantasy-elite-anel-anal-vibrante-e-massageador-com-controle-remoto\/","title":{"rendered":"COLE\u00c7\u00c3O ANAL FANTASY ELITE &#8211; ANEL ANAL VIBRANTE E MASSAGEADOR COM CONTROLE REMOTO"},"content":{"rendered":"<p>Experimente a mais recente inova\u00e7\u00e3o em brincadeiras perineais e prost\u00e1ticas com o Anal Fantasy Elite Collection Ass-Gasm Slide  Glide. Com base em nossa bem-sucedida constru\u00e7\u00e3o Ass-Gasm, adicionamos um anel deslizante exclusivo de contas de prazer projetado para levar a estimula\u00e7\u00e3o do ponto P a n\u00edveis inigual\u00e1veis. Emocione-se com 10 fun\u00e7\u00f5es exclusivas enquanto as contas de prazer deslizam pelo eixo do plug do ponto P, produzindo fric\u00e7\u00e3o e estimula\u00e7\u00e3o tentadoras como nunca antes. Com o plug em seu \u00e2nus e o anel confort\u00e1vel em volta de seu p\u00eanis e bolas, voc\u00ea desfrutar\u00e1 do orgasmo anal mais explosivo que j\u00e1 experimentou!<\/p>\n<p>Mas a inova\u00e7\u00e3o n\u00e3o termina a\u00ed. O Slide  Glide apresenta um poderoso massageador vibrat\u00f3rio do ponto P e um estimulador texturizado do per\u00edneo que tamb\u00e9m compartilham uma gama completa de velocidades e padr\u00f5es de vibra\u00e7\u00e3o personaliz\u00e1veis que levar\u00e3o voc\u00ea ao limite em pouco tempo. Controle toda a a\u00e7\u00e3o com os bot\u00f5es simples na base ou use o pr\u00e1tico controle remoto para uma experi\u00eancia intensa e sem as m\u00e3os, seja sozinho ou com um parceiro. Finalmente, o Ass-Gasm Slide  Glide permite que voc\u00ea transforme a hora do banho em hora de brincar, a qualquer hora!<\/p>\n<p>Feito com silicone Elite premium e ergonomicamente projetado, o Ass-Gasm Slide  Glide leva a estimula\u00e7\u00e3o perineal e do ponto P para o pr\u00f3ximo n\u00edvel. Aperte o cinto e entregue-se ao orgasmo anal mais intenso que voc\u00ea j\u00e1 experimentou!<\/p>\n<p><u><strong>ESPECIFICA\u00c7\u00d5ES:<\/strong><\/u><\/p>\n<ul>\n<li><strong>Material:<\/strong> Silicone  ABS<\/li>\n<li><strong>Cor<\/strong> : Preto<\/li>\n<\/ul>\n<p><u><strong>CARACTER\u00cdSTICAS:<\/strong><\/u><\/p>\n<ul>\n<li>Vibra<\/li>\n<li>Imperme\u00e1vel<\/li>\n<li>Modos de vibra\u00e7\u00e3o<\/li>\n<li>Multi-velocidade<\/li>\n<li>Controle remoto inclu\u00eddo<\/li>\n<\/ul>\n<p><span style=\"font-size: 13px;\">Recarreg\u00e1vel atrav\u00e9s do cabo USB incluso. A limpeza \u00e9 f\u00e1cil depois da divers\u00e3o com limpador antibacteriano e \u00e1gua morna. Use bastante lubrificante \u00famido para um encontro extra molhado e extra selvagem.<\/span><\/p>\n<p><u><strong>INSTRU\u00c7\u00d5ES DE USO:<\/strong><\/u><br \/>As fun\u00e7\u00f5es de vibra\u00e7\u00e3o e deslizamento podem ser usadas juntas ou separadamente para desfrutar de uma grande variedade de experi\u00eancias de prazer \u00fanicas.<\/p>\n<ul>\n<li><strong>POWER<\/strong> : Pressione e segure o bot\u00e3o POWER para lig\u00e1-lo. Os bot\u00f5es POWER e SLIDE piscar\u00e3o 3 vezes para indicar o modo de espera.<\/li>\n<li>Vibra\u00e7\u00e3o do ponto P: Pressione o bot\u00e3o POWER para alternar entre 10 fun\u00e7\u00f5es (3+7).<\/li>\n<li>Estimula\u00e7\u00e3o de esferas deslizantes de prazer: pressione o bot\u00e3o SLIDE para alternar entre 10 fun\u00e7\u00f5es (3+7).<\/li>\n<li><strong>OFF<\/strong> : A qualquer momento durante a opera\u00e7\u00e3o, pressione e segure os bot\u00f5es POWER ou SLIDE para deslig\u00e1-lo. Os bot\u00f5es POWER e <strong>SLIDE<\/strong> piscar\u00e3o 3 vezes para indicar que o aparelho est\u00e1 desligado.<\/li>\n<\/ul>\n<p><strong>OPERA\u00c7\u00c3O REMOTA<\/strong><\/p>\n<ul>\n<li><strong>ENERGIA<\/strong> : Pressione e segure o bot\u00e3o ENERGIA por 3 segundos para lig\u00e1-lo e coloc\u00e1-lo no modo de espera.<\/li>\n<li>Vibra\u00e7\u00e3o do P-Spot\/Per\u00edneo: Pressione o bot\u00e3o P-Spot\/PER\u00cdNEO para alternar entre 10 fun\u00e7\u00f5es (3+7). Pressione e segure para parar.<\/li>\n<li>Estimula\u00e7\u00e3o de esferas de prazer deslizantes: Pressione o bot\u00e3o SLIDE para alternar entre 10 fun\u00e7\u00f5es (3+7). Pressione e segure para parar.<\/li>\n<li><strong>DESLIGADO<\/strong> : A qualquer momento durante o uso, pressione e segure o bot\u00e3o POWER para deslig\u00e1-lo.<\/li>\n<\/ul>\n","protected":false},"excerpt":{"rendered":"<p>COLE\u00c7\u00c3O ANAL FANTASY ELITE &#8211; ANEL ANAL VIBRANTE E MASSAGEADOR COM CONTROLE REMOTO<\/p>\n","protected":false},"featured_media":67660,"template":"","meta":{"_acf_changed":false},"product_brand":[],"product_cat":[17,63],"product_tag":[],"class_list":{"0":"post-52132","1":"product","2":"type-product","3":"status-publish","4":"has-post-thumbnail","6":"product_cat-brinquedos-de-bem-estar-sexual","7":"product_cat-sexo-anal","8":"yith_product_brand-pipedreamsanal-fantasy-elite-collection","9":"yith_product_brand-pipedreams","11":"first","12":"instock","13":"taxable","14":"shipping-taxable","15":"purchasable","16":"product-type-simple"},"acf":[],"yoast_head":"<!-- This site is optimized with the Yoast SEO plugin v27.4 - https:\/\/yoast.com\/product\/yoast-seo-wordpress\/ -->\n<title>COLE\u00c7\u00c3O ANAL FANTASY ELITE - ANEL ANAL VIBRANTE E MASSAGEADOR COM CONTROLE REMOTO - Lovme<\/title>\n<meta name=\"robots\" content=\"index, follow, max-snippet:-1, max-image-preview:large, max-video-preview:-1\" \/>\n<link rel=\"canonical\" href=\"https:\/\/lovme.pt\/index.php\/produto\/colecao-anal-fantasy-elite-anel-anal-vibrante-e-massageador-com-controle-remoto\/\" \/>\n<meta property=\"og:locale\" content=\"pt_PT\" \/>\n<meta property=\"og:type\" content=\"article\" \/>\n<meta property=\"og:title\" content=\"COLE\u00c7\u00c3O ANAL FANTASY ELITE - ANEL ANAL VIBRANTE E MASSAGEADOR COM CONTROLE REMOTO - Lovme\" \/>\n<meta property=\"og:description\" content=\"COLE\u00c7\u00c3O ANAL FANTASY ELITE - ANEL ANAL VIBRANTE E MASSAGEADOR COM CONTROLE REMOTO\" \/>\n<meta property=\"og:url\" content=\"https:\/\/lovme.pt\/index.php\/produto\/colecao-anal-fantasy-elite-anel-anal-vibrante-e-massageador-com-controle-remoto\/\" \/>\n<meta property=\"og:site_name\" content=\"Lovme\" \/>\n<meta property=\"article:modified_time\" content=\"2026-02-19T20:07:47+00:00\" \/>\n<meta property=\"og:image\" content=\"https:\/\/erki24nd3ub.exactdn.com\/wp-content\/uploads\/dream\/img\/img_205422_fb037fdd1b5b6e98d03d59e74f4156bb_1.jpg?strip=all\" \/>\n\t<meta property=\"og:image:width\" content=\"900\" \/>\n\t<meta property=\"og:image:height\" content=\"900\" \/>\n\t<meta property=\"og:image:type\" content=\"image\/jpeg\" \/>\n<meta name=\"twitter:card\" content=\"summary_large_image\" \/>\n<meta name=\"twitter:label1\" content=\"Tempo estimado de leitura\" \/>\n\t<meta name=\"twitter:data1\" content=\"3 minutos\" \/>\n<script type=\"application\/ld+json\" class=\"yoast-schema-graph\">{\"@context\":\"https:\\\/\\\/schema.org\",\"@graph\":[{\"@type\":\"WebPage\",\"@id\":\"https:\\\/\\\/lovme.pt\\\/index.php\\\/produto\\\/colecao-anal-fantasy-elite-anel-anal-vibrante-e-massageador-com-controle-remoto\\\/\",\"url\":\"https:\\\/\\\/lovme.pt\\\/index.php\\\/produto\\\/colecao-anal-fantasy-elite-anel-anal-vibrante-e-massageador-com-controle-remoto\\\/\",\"name\":\"COLE\u00c7\u00c3O ANAL FANTASY ELITE - ANEL ANAL VIBRANTE E MASSAGEADOR COM CONTROLE REMOTO - Lovme\",\"isPartOf\":{\"@id\":\"https:\\\/\\\/lovme.pt\\\/#website\"},\"primaryImageOfPage\":{\"@id\":\"https:\\\/\\\/lovme.pt\\\/index.php\\\/produto\\\/colecao-anal-fantasy-elite-anel-anal-vibrante-e-massageador-com-controle-remoto\\\/#primaryimage\"},\"image\":{\"@id\":\"https:\\\/\\\/lovme.pt\\\/index.php\\\/produto\\\/colecao-anal-fantasy-elite-anel-anal-vibrante-e-massageador-com-controle-remoto\\\/#primaryimage\"},\"thumbnailUrl\":\"https:\\\/\\\/erki24nd3ub.exactdn.com\\\/wp-content\\\/uploads\\\/dream\\\/img\\\/img_205422_fb037fdd1b5b6e98d03d59e74f4156bb_1.jpg?strip=all\",\"datePublished\":\"2025-09-30T20:20:46+00:00\",\"dateModified\":\"2026-02-19T20:07:47+00:00\",\"breadcrumb\":{\"@id\":\"https:\\\/\\\/lovme.pt\\\/index.php\\\/produto\\\/colecao-anal-fantasy-elite-anel-anal-vibrante-e-massageador-com-controle-remoto\\\/#breadcrumb\"},\"inLanguage\":\"pt-PT\",\"potentialAction\":[{\"@type\":\"ReadAction\",\"target\":[\"https:\\\/\\\/lovme.pt\\\/index.php\\\/produto\\\/colecao-anal-fantasy-elite-anel-anal-vibrante-e-massageador-com-controle-remoto\\\/\"]}]},{\"@type\":\"ImageObject\",\"inLanguage\":\"pt-PT\",\"@id\":\"https:\\\/\\\/lovme.pt\\\/index.php\\\/produto\\\/colecao-anal-fantasy-elite-anel-anal-vibrante-e-massageador-com-controle-remoto\\\/#primaryimage\",\"url\":\"https:\\\/\\\/erki24nd3ub.exactdn.com\\\/wp-content\\\/uploads\\\/dream\\\/img\\\/img_205422_fb037fdd1b5b6e98d03d59e74f4156bb_1.jpg?strip=all\",\"contentUrl\":\"https:\\\/\\\/erki24nd3ub.exactdn.com\\\/wp-content\\\/uploads\\\/dream\\\/img\\\/img_205422_fb037fdd1b5b6e98d03d59e74f4156bb_1.jpg?strip=all\",\"width\":900,\"height\":900},{\"@type\":\"BreadcrumbList\",\"@id\":\"https:\\\/\\\/lovme.pt\\\/index.php\\\/produto\\\/colecao-anal-fantasy-elite-anel-anal-vibrante-e-massageador-com-controle-remoto\\\/#breadcrumb\",\"itemListElement\":[{\"@type\":\"ListItem\",\"position\":1,\"name\":\"In\u00edcio\",\"item\":\"https:\\\/\\\/lovme.pt\\\/\"},{\"@type\":\"ListItem\",\"position\":2,\"name\":\"Loja\",\"item\":\"https:\\\/\\\/lovme.pt\\\/index.php\\\/loja\\\/\"},{\"@type\":\"ListItem\",\"position\":3,\"name\":\"COLE\u00c7\u00c3O ANAL FANTASY ELITE &#8211; ANEL ANAL VIBRANTE E MASSAGEADOR COM CONTROLE REMOTO\"}]},{\"@type\":\"WebSite\",\"@id\":\"https:\\\/\\\/lovme.pt\\\/#website\",\"url\":\"https:\\\/\\\/lovme.pt\\\/\",\"name\":\"Lovme Loja Er\u00f3tica N\u00ba1 em Portugal\",\"description\":\"A melhor loja er\u00f3tica de Portugal.\",\"alternateName\":\"Loja Er\u00f3tica Lovme\",\"potentialAction\":[{\"@type\":\"SearchAction\",\"target\":{\"@type\":\"EntryPoint\",\"urlTemplate\":\"https:\\\/\\\/lovme.pt\\\/?s={search_term_string}\"},\"query-input\":{\"@type\":\"PropertyValueSpecification\",\"valueRequired\":true,\"valueName\":\"search_term_string\"}}],\"inLanguage\":\"pt-PT\"}]}<\/script>\n<!-- \/ Yoast SEO plugin. -->","yoast_head_json":{"title":"COLE\u00c7\u00c3O ANAL FANTASY ELITE - ANEL ANAL VIBRANTE E MASSAGEADOR COM CONTROLE REMOTO - Lovme","robots":{"index":"index","follow":"follow","max-snippet":"max-snippet:-1","max-image-preview":"max-image-preview:large","max-video-preview":"max-video-preview:-1"},"canonical":"https:\/\/lovme.pt\/index.php\/produto\/colecao-anal-fantasy-elite-anel-anal-vibrante-e-massageador-com-controle-remoto\/","og_locale":"pt_PT","og_type":"article","og_title":"COLE\u00c7\u00c3O ANAL FANTASY ELITE - ANEL ANAL VIBRANTE E MASSAGEADOR COM CONTROLE REMOTO - Lovme","og_description":"COLE\u00c7\u00c3O ANAL FANTASY ELITE - ANEL ANAL VIBRANTE E MASSAGEADOR COM CONTROLE REMOTO","og_url":"https:\/\/lovme.pt\/index.php\/produto\/colecao-anal-fantasy-elite-anel-anal-vibrante-e-massageador-com-controle-remoto\/","og_site_name":"Lovme","article_modified_time":"2026-02-19T20:07:47+00:00","og_image":[{"width":900,"height":900,"url":"https:\/\/erki24nd3ub.exactdn.com\/wp-content\/uploads\/dream\/img\/img_205422_fb037fdd1b5b6e98d03d59e74f4156bb_1.jpg?strip=all","type":"image\/jpeg"}],"twitter_card":"summary_large_image","twitter_misc":{"Tempo estimado de leitura":"3 minutos"},"schema":{"@context":"https:\/\/schema.org","@graph":[{"@type":"WebPage","@id":"https:\/\/lovme.pt\/index.php\/produto\/colecao-anal-fantasy-elite-anel-anal-vibrante-e-massageador-com-controle-remoto\/","url":"https:\/\/lovme.pt\/index.php\/produto\/colecao-anal-fantasy-elite-anel-anal-vibrante-e-massageador-com-controle-remoto\/","name":"COLE\u00c7\u00c3O ANAL FANTASY ELITE - ANEL ANAL VIBRANTE E MASSAGEADOR COM CONTROLE REMOTO - Lovme","isPartOf":{"@id":"https:\/\/lovme.pt\/#website"},"primaryImageOfPage":{"@id":"https:\/\/lovme.pt\/index.php\/produto\/colecao-anal-fantasy-elite-anel-anal-vibrante-e-massageador-com-controle-remoto\/#primaryimage"},"image":{"@id":"https:\/\/lovme.pt\/index.php\/produto\/colecao-anal-fantasy-elite-anel-anal-vibrante-e-massageador-com-controle-remoto\/#primaryimage"},"thumbnailUrl":"https:\/\/erki24nd3ub.exactdn.com\/wp-content\/uploads\/dream\/img\/img_205422_fb037fdd1b5b6e98d03d59e74f4156bb_1.jpg?strip=all","datePublished":"2025-09-30T20:20:46+00:00","dateModified":"2026-02-19T20:07:47+00:00","breadcrumb":{"@id":"https:\/\/lovme.pt\/index.php\/produto\/colecao-anal-fantasy-elite-anel-anal-vibrante-e-massageador-com-controle-remoto\/#breadcrumb"},"inLanguage":"pt-PT","potentialAction":[{"@type":"ReadAction","target":["https:\/\/lovme.pt\/index.php\/produto\/colecao-anal-fantasy-elite-anel-anal-vibrante-e-massageador-com-controle-remoto\/"]}]},{"@type":"ImageObject","inLanguage":"pt-PT","@id":"https:\/\/lovme.pt\/index.php\/produto\/colecao-anal-fantasy-elite-anel-anal-vibrante-e-massageador-com-controle-remoto\/#primaryimage","url":"https:\/\/erki24nd3ub.exactdn.com\/wp-content\/uploads\/dream\/img\/img_205422_fb037fdd1b5b6e98d03d59e74f4156bb_1.jpg?strip=all","contentUrl":"https:\/\/erki24nd3ub.exactdn.com\/wp-content\/uploads\/dream\/img\/img_205422_fb037fdd1b5b6e98d03d59e74f4156bb_1.jpg?strip=all","width":900,"height":900},{"@type":"BreadcrumbList","@id":"https:\/\/lovme.pt\/index.php\/produto\/colecao-anal-fantasy-elite-anel-anal-vibrante-e-massageador-com-controle-remoto\/#breadcrumb","itemListElement":[{"@type":"ListItem","position":1,"name":"In\u00edcio","item":"https:\/\/lovme.pt\/"},{"@type":"ListItem","position":2,"name":"Loja","item":"https:\/\/lovme.pt\/index.php\/loja\/"},{"@type":"ListItem","position":3,"name":"COLE\u00c7\u00c3O ANAL FANTASY ELITE &#8211; ANEL ANAL VIBRANTE E MASSAGEADOR COM CONTROLE REMOTO"}]},{"@type":"WebSite","@id":"https:\/\/lovme.pt\/#website","url":"https:\/\/lovme.pt\/","name":"Lovme Loja Er\u00f3tica N\u00ba1 em Portugal","description":"A melhor loja er\u00f3tica de Portugal.","alternateName":"Loja Er\u00f3tica Lovme","potentialAction":[{"@type":"SearchAction","target":{"@type":"EntryPoint","urlTemplate":"https:\/\/lovme.pt\/?s={search_term_string}"},"query-input":{"@type":"PropertyValueSpecification","valueRequired":true,"valueName":"search_term_string"}}],"inLanguage":"pt-PT"}]}},"_links":{"self":[{"href":"https:\/\/lovme.pt\/index.php\/wp-json\/wp\/v2\/product\/52132","targetHints":{"allow":["GET"]}}],"collection":[{"href":"https:\/\/lovme.pt\/index.php\/wp-json\/wp\/v2\/product"}],"about":[{"href":"https:\/\/lovme.pt\/index.php\/wp-json\/wp\/v2\/types\/product"}],"wp:featuredmedia":[{"embeddable":true,"href":"https:\/\/lovme.pt\/index.php\/wp-json\/wp\/v2\/media\/67660"}],"wp:attachment":[{"href":"https:\/\/lovme.pt\/index.php\/wp-json\/wp\/v2\/media?parent=52132"}],"wp:term":[{"taxonomy":"product_brand","embeddable":true,"href":"https:\/\/lovme.pt\/index.php\/wp-json\/wp\/v2\/product_brand?post=52132"},{"taxonomy":"product_cat","embeddable":true,"href":"https:\/\/lovme.pt\/index.php\/wp-json\/wp\/v2\/product_cat?post=52132"},{"taxonomy":"product_tag","embeddable":true,"href":"https:\/\/lovme.pt\/index.php\/wp-json\/wp\/v2\/product_tag?post=52132"}],"curies":[{"name":"wp","href":"https:\/\/api.w.org\/{rel}","templated":true}]}}