{"id":52066,"date":"2025-09-30T22:20:08","date_gmt":"2025-09-30T22:20:08","guid":{"rendered":"https:\/\/lovme.pt\/?post_type=product&p=52066"},"modified":"2026-02-19T20:09:56","modified_gmt":"2026-02-19T20:09:56","slug":"cobeco-viagel-para-homens-gel-retardante-30-ml","status":"publish","type":"product","link":"https:\/\/lovme.pt\/index.php\/produto\/cobeco-viagel-para-homens-gel-retardante-30-ml\/","title":{"rendered":"COBECO &#8211; VIAGEL PARA HOMENS GEL RETARDANTE 30 ML"},"content":{"rendered":"<p>Viagel Delay Gel \u00e9 um gel refrescante de r\u00e1pida absor\u00e7\u00e3o, projetado para ajudar os homens a prolongar com confian\u00e7a seus momentos \u00edntimos. Formulado com um efeito refrescante suave, ele ajuda a retardar o cl\u00edmax enquanto nutre a pele. Assuma o controle do seu prazer e desfrute de uma experi\u00eancia mais longa e satisfat\u00f3ria com Viagel Delay Gel.<\/p>\n<p><u><em><strong>Como funciona?<\/strong><\/em><\/u><\/p>\n<ul>\n<li>Este gel apresenta uma textura rica e suave que se espalha facilmente para maior conforto. Sua f\u00f3rmula vegana, enriquecida com extratos naturais como Laureth-9 e Avena Sativa Kernel, ajuda a nutrir a pele enquanto proporciona uma suave sensa\u00e7\u00e3o de resfriamento. Projetado para absor\u00e7\u00e3o ideal, aumenta o conforto e o prazer durante momentos \u00edntimos.<\/li>\n<\/ul>\n<p><u><em><strong>Instru\u00e7\u00f5es de uso<\/strong><\/em><\/u><\/p>\n<ul>\n<li>Aplique a quantidade desejada na \u00e1rea \u00edntima. O produto \u00e9 f\u00e1cil de aplicar e absorve rapidamente gra\u00e7as aos seus extratos naturais, que s\u00e3o neutros para a pele. Caracter\u00edstica<\/li>\n<li>Atrasa o cl\u00edmax naturalmente<\/li>\n<li>Sensa\u00e7\u00e3o refrescante<\/li>\n<li>Nutritivo e hidratante<\/li>\n<li>N\u00e3o pegajoso e de r\u00e1pida absor\u00e7\u00e3o<\/li>\n<li>Adequado para uso com preservativos de l\u00e1tex<\/li>\n<\/ul>\n<p><u><em><strong>Ingredientes<\/strong><\/em><\/u><br \/>\u00c1gua, PEG-7 gliceril cocoato, PEG-40 \u00f3leo de r\u00edcino hidrogenado, Laureth-9, pol\u00edmero cruzado de acrilatos\/C10-30 alquil acrilato, \u00e1lcool,<br \/>Aminometil propanol, extrato de semente de Avena sativa, carb\u00f4mero, glicerina, extrato de cone de Humulus lupulus, limoneno, \u00f3leo de Mentha Piperita, etil-hexilglicerina, fenoxietanol<\/p>\n","protected":false},"excerpt":{"rendered":"<p>EMBALAGEM DISPON\u00cdVEL EM: \/en\/de\/fr\/es\/it\/nl\/<\/p>\n","protected":false},"featured_media":76914,"template":"","meta":{"_acf_changed":false},"product_brand":[],"product_cat":[49,52,88],"product_tag":[],"class_list":{"0":"post-52066","1":"product","2":"type-product","3":"status-publish","4":"has-post-thumbnail","6":"product_cat-cosmeticos","7":"product_cat-estimulantes","8":"product_cat-novidades","9":"yith_product_brand-cobeco-pharmacobeco-intimate","10":"yith_product_brand-cobeco-pharma","12":"first","13":"instock","14":"taxable","15":"shipping-taxable","16":"purchasable","17":"product-type-simple"},"acf":[],"yoast_head":"<!-- This site is optimized with the Yoast SEO plugin v27.4 - https:\/\/yoast.com\/product\/yoast-seo-wordpress\/ -->\n<title>COBECO - VIAGEL PARA HOMENS GEL RETARDANTE 30 ML - Lovme<\/title>\n<meta name=\"robots\" content=\"index, follow, max-snippet:-1, max-image-preview:large, max-video-preview:-1\" \/>\n<link rel=\"canonical\" href=\"https:\/\/lovme.pt\/index.php\/produto\/cobeco-viagel-para-homens-gel-retardante-30-ml\/\" \/>\n<meta property=\"og:locale\" content=\"pt_PT\" \/>\n<meta property=\"og:type\" content=\"article\" \/>\n<meta property=\"og:title\" content=\"COBECO - VIAGEL PARA HOMENS GEL RETARDANTE 30 ML - Lovme\" \/>\n<meta property=\"og:description\" content=\"EMBALAGEM DISPON\u00cdVEL EM: \/en\/de\/fr\/es\/it\/nl\/\" \/>\n<meta property=\"og:url\" content=\"https:\/\/lovme.pt\/index.php\/produto\/cobeco-viagel-para-homens-gel-retardante-30-ml\/\" \/>\n<meta property=\"og:site_name\" content=\"Lovme\" \/>\n<meta property=\"article:modified_time\" content=\"2026-02-19T20:09:56+00:00\" \/>\n<meta property=\"og:image\" content=\"https:\/\/erki24nd3ub.exactdn.com\/wp-content\/uploads\/dream\/img\/img_205196_a913e12bf9edae3f5a2f89b64d3c2f58_1.jpg?strip=all\" \/>\n\t<meta property=\"og:image:width\" content=\"900\" \/>\n\t<meta property=\"og:image:height\" content=\"900\" \/>\n\t<meta property=\"og:image:type\" content=\"image\/jpeg\" \/>\n<meta name=\"twitter:card\" content=\"summary_large_image\" \/>\n<meta name=\"twitter:label1\" content=\"Tempo estimado de leitura\" \/>\n\t<meta name=\"twitter:data1\" content=\"1 minuto\" \/>\n<script type=\"application\/ld+json\" class=\"yoast-schema-graph\">{\"@context\":\"https:\\\/\\\/schema.org\",\"@graph\":[{\"@type\":\"WebPage\",\"@id\":\"https:\\\/\\\/lovme.pt\\\/index.php\\\/produto\\\/cobeco-viagel-para-homens-gel-retardante-30-ml\\\/\",\"url\":\"https:\\\/\\\/lovme.pt\\\/index.php\\\/produto\\\/cobeco-viagel-para-homens-gel-retardante-30-ml\\\/\",\"name\":\"COBECO - VIAGEL PARA HOMENS GEL RETARDANTE 30 ML - Lovme\",\"isPartOf\":{\"@id\":\"https:\\\/\\\/lovme.pt\\\/#website\"},\"primaryImageOfPage\":{\"@id\":\"https:\\\/\\\/lovme.pt\\\/index.php\\\/produto\\\/cobeco-viagel-para-homens-gel-retardante-30-ml\\\/#primaryimage\"},\"image\":{\"@id\":\"https:\\\/\\\/lovme.pt\\\/index.php\\\/produto\\\/cobeco-viagel-para-homens-gel-retardante-30-ml\\\/#primaryimage\"},\"thumbnailUrl\":\"https:\\\/\\\/erki24nd3ub.exactdn.com\\\/wp-content\\\/uploads\\\/dream\\\/img\\\/img_205196_a913e12bf9edae3f5a2f89b64d3c2f58_1.jpg?strip=all\",\"datePublished\":\"2025-09-30T22:20:08+00:00\",\"dateModified\":\"2026-02-19T20:09:56+00:00\",\"breadcrumb\":{\"@id\":\"https:\\\/\\\/lovme.pt\\\/index.php\\\/produto\\\/cobeco-viagel-para-homens-gel-retardante-30-ml\\\/#breadcrumb\"},\"inLanguage\":\"pt-PT\",\"potentialAction\":[{\"@type\":\"ReadAction\",\"target\":[\"https:\\\/\\\/lovme.pt\\\/index.php\\\/produto\\\/cobeco-viagel-para-homens-gel-retardante-30-ml\\\/\"]}]},{\"@type\":\"ImageObject\",\"inLanguage\":\"pt-PT\",\"@id\":\"https:\\\/\\\/lovme.pt\\\/index.php\\\/produto\\\/cobeco-viagel-para-homens-gel-retardante-30-ml\\\/#primaryimage\",\"url\":\"https:\\\/\\\/erki24nd3ub.exactdn.com\\\/wp-content\\\/uploads\\\/dream\\\/img\\\/img_205196_a913e12bf9edae3f5a2f89b64d3c2f58_1.jpg?strip=all\",\"contentUrl\":\"https:\\\/\\\/erki24nd3ub.exactdn.com\\\/wp-content\\\/uploads\\\/dream\\\/img\\\/img_205196_a913e12bf9edae3f5a2f89b64d3c2f58_1.jpg?strip=all\",\"width\":900,\"height\":900},{\"@type\":\"BreadcrumbList\",\"@id\":\"https:\\\/\\\/lovme.pt\\\/index.php\\\/produto\\\/cobeco-viagel-para-homens-gel-retardante-30-ml\\\/#breadcrumb\",\"itemListElement\":[{\"@type\":\"ListItem\",\"position\":1,\"name\":\"In\u00edcio\",\"item\":\"https:\\\/\\\/lovme.pt\\\/\"},{\"@type\":\"ListItem\",\"position\":2,\"name\":\"Loja\",\"item\":\"https:\\\/\\\/lovme.pt\\\/index.php\\\/loja\\\/\"},{\"@type\":\"ListItem\",\"position\":3,\"name\":\"COBECO &#8211; VIAGEL PARA HOMENS GEL RETARDANTE 30 ML\"}]},{\"@type\":\"WebSite\",\"@id\":\"https:\\\/\\\/lovme.pt\\\/#website\",\"url\":\"https:\\\/\\\/lovme.pt\\\/\",\"name\":\"Lovme Loja Er\u00f3tica N\u00ba1 em Portugal\",\"description\":\"A melhor loja er\u00f3tica de Portugal.\",\"alternateName\":\"Loja Er\u00f3tica Lovme\",\"potentialAction\":[{\"@type\":\"SearchAction\",\"target\":{\"@type\":\"EntryPoint\",\"urlTemplate\":\"https:\\\/\\\/lovme.pt\\\/?s={search_term_string}\"},\"query-input\":{\"@type\":\"PropertyValueSpecification\",\"valueRequired\":true,\"valueName\":\"search_term_string\"}}],\"inLanguage\":\"pt-PT\"}]}<\/script>\n<!-- \/ Yoast SEO plugin. -->","yoast_head_json":{"title":"COBECO - VIAGEL PARA HOMENS GEL RETARDANTE 30 ML - Lovme","robots":{"index":"index","follow":"follow","max-snippet":"max-snippet:-1","max-image-preview":"max-image-preview:large","max-video-preview":"max-video-preview:-1"},"canonical":"https:\/\/lovme.pt\/index.php\/produto\/cobeco-viagel-para-homens-gel-retardante-30-ml\/","og_locale":"pt_PT","og_type":"article","og_title":"COBECO - VIAGEL PARA HOMENS GEL RETARDANTE 30 ML - Lovme","og_description":"EMBALAGEM DISPON\u00cdVEL EM: \/en\/de\/fr\/es\/it\/nl\/","og_url":"https:\/\/lovme.pt\/index.php\/produto\/cobeco-viagel-para-homens-gel-retardante-30-ml\/","og_site_name":"Lovme","article_modified_time":"2026-02-19T20:09:56+00:00","og_image":[{"width":900,"height":900,"url":"https:\/\/erki24nd3ub.exactdn.com\/wp-content\/uploads\/dream\/img\/img_205196_a913e12bf9edae3f5a2f89b64d3c2f58_1.jpg?strip=all","type":"image\/jpeg"}],"twitter_card":"summary_large_image","twitter_misc":{"Tempo estimado de leitura":"1 minuto"},"schema":{"@context":"https:\/\/schema.org","@graph":[{"@type":"WebPage","@id":"https:\/\/lovme.pt\/index.php\/produto\/cobeco-viagel-para-homens-gel-retardante-30-ml\/","url":"https:\/\/lovme.pt\/index.php\/produto\/cobeco-viagel-para-homens-gel-retardante-30-ml\/","name":"COBECO - VIAGEL PARA HOMENS GEL RETARDANTE 30 ML - Lovme","isPartOf":{"@id":"https:\/\/lovme.pt\/#website"},"primaryImageOfPage":{"@id":"https:\/\/lovme.pt\/index.php\/produto\/cobeco-viagel-para-homens-gel-retardante-30-ml\/#primaryimage"},"image":{"@id":"https:\/\/lovme.pt\/index.php\/produto\/cobeco-viagel-para-homens-gel-retardante-30-ml\/#primaryimage"},"thumbnailUrl":"https:\/\/erki24nd3ub.exactdn.com\/wp-content\/uploads\/dream\/img\/img_205196_a913e12bf9edae3f5a2f89b64d3c2f58_1.jpg?strip=all","datePublished":"2025-09-30T22:20:08+00:00","dateModified":"2026-02-19T20:09:56+00:00","breadcrumb":{"@id":"https:\/\/lovme.pt\/index.php\/produto\/cobeco-viagel-para-homens-gel-retardante-30-ml\/#breadcrumb"},"inLanguage":"pt-PT","potentialAction":[{"@type":"ReadAction","target":["https:\/\/lovme.pt\/index.php\/produto\/cobeco-viagel-para-homens-gel-retardante-30-ml\/"]}]},{"@type":"ImageObject","inLanguage":"pt-PT","@id":"https:\/\/lovme.pt\/index.php\/produto\/cobeco-viagel-para-homens-gel-retardante-30-ml\/#primaryimage","url":"https:\/\/erki24nd3ub.exactdn.com\/wp-content\/uploads\/dream\/img\/img_205196_a913e12bf9edae3f5a2f89b64d3c2f58_1.jpg?strip=all","contentUrl":"https:\/\/erki24nd3ub.exactdn.com\/wp-content\/uploads\/dream\/img\/img_205196_a913e12bf9edae3f5a2f89b64d3c2f58_1.jpg?strip=all","width":900,"height":900},{"@type":"BreadcrumbList","@id":"https:\/\/lovme.pt\/index.php\/produto\/cobeco-viagel-para-homens-gel-retardante-30-ml\/#breadcrumb","itemListElement":[{"@type":"ListItem","position":1,"name":"In\u00edcio","item":"https:\/\/lovme.pt\/"},{"@type":"ListItem","position":2,"name":"Loja","item":"https:\/\/lovme.pt\/index.php\/loja\/"},{"@type":"ListItem","position":3,"name":"COBECO &#8211; VIAGEL PARA HOMENS GEL RETARDANTE 30 ML"}]},{"@type":"WebSite","@id":"https:\/\/lovme.pt\/#website","url":"https:\/\/lovme.pt\/","name":"Lovme Loja Er\u00f3tica N\u00ba1 em Portugal","description":"A melhor loja er\u00f3tica de Portugal.","alternateName":"Loja Er\u00f3tica Lovme","potentialAction":[{"@type":"SearchAction","target":{"@type":"EntryPoint","urlTemplate":"https:\/\/lovme.pt\/?s={search_term_string}"},"query-input":{"@type":"PropertyValueSpecification","valueRequired":true,"valueName":"search_term_string"}}],"inLanguage":"pt-PT"}]}},"_links":{"self":[{"href":"https:\/\/lovme.pt\/index.php\/wp-json\/wp\/v2\/product\/52066","targetHints":{"allow":["GET"]}}],"collection":[{"href":"https:\/\/lovme.pt\/index.php\/wp-json\/wp\/v2\/product"}],"about":[{"href":"https:\/\/lovme.pt\/index.php\/wp-json\/wp\/v2\/types\/product"}],"wp:featuredmedia":[{"embeddable":true,"href":"https:\/\/lovme.pt\/index.php\/wp-json\/wp\/v2\/media\/76914"}],"wp:attachment":[{"href":"https:\/\/lovme.pt\/index.php\/wp-json\/wp\/v2\/media?parent=52066"}],"wp:term":[{"taxonomy":"product_brand","embeddable":true,"href":"https:\/\/lovme.pt\/index.php\/wp-json\/wp\/v2\/product_brand?post=52066"},{"taxonomy":"product_cat","embeddable":true,"href":"https:\/\/lovme.pt\/index.php\/wp-json\/wp\/v2\/product_cat?post=52066"},{"taxonomy":"product_tag","embeddable":true,"href":"https:\/\/lovme.pt\/index.php\/wp-json\/wp\/v2\/product_tag?post=52066"}],"curies":[{"name":"wp","href":"https:\/\/api.w.org\/{rel}","templated":true}]}}