{"id":51725,"date":"2025-09-30T20:08:56","date_gmt":"2025-09-30T20:08:56","guid":{"rendered":"https:\/\/lovme.pt\/?post_type=product&p=51725"},"modified":"2026-04-01T03:41:49","modified_gmt":"2026-04-01T03:41:49","slug":"addicted-toys-anel-para-penis-com-divisores-para-testiculos","status":"publish","type":"product","link":"https:\/\/lovme.pt\/index.php\/produto\/addicted-toys-anel-para-penis-com-divisores-para-testiculos\/","title":{"rendered":"ADDICTED TOYS &#8211; ANEL PARA P\u00caNIS COM DIVISORES PARA TEST\u00cdCULOS"},"content":{"rendered":"<p>O Anel Peniano com Divisores de Bolas da Addicted Toys foi projetado para fornecer um ajuste firme e seguro, melhorando a ere\u00e7\u00e3o e aumentando a estimula\u00e7\u00e3o ao dividir os test\u00edculos em se\u00e7\u00f5es individuais. Seu design multi-an\u00e9is permite posicionamento vers\u00e1til, fornecendo diferentes n\u00edveis de press\u00e3o para intensificar a experi\u00eancia.<\/p>\n<p> <u><em><strong>Principais caracter\u00edsticas:<\/strong><\/em><\/u><\/p>\n<ul>\n<li> Di\u00e2metro do anel S: 31 mm, projetado para segurar firmemente sem causar desconforto.<\/li>\n<li> Di\u00e2metro do anel M: 31 mm, oferecendo um ajuste confort\u00e1vel e seguro.<\/li>\n<li> Di\u00e2metro do anel L: 37 mm, ideal para maior suporte sem comprometer o conforto.<\/li>\n<li> Di\u00e2metro do anel XL: 47 mm, proporcionando estabilidade extra ao redor do p\u00eanis e dos test\u00edculos.<\/li>\n<li> Altura total: 201 mm, permitindo distribui\u00e7\u00e3o uniforme da press\u00e3o.<\/li>\n<li> Largura total: 90 mm, garantindo um ajuste ergon\u00f4mico e funcional.<\/li>\n<\/ul>\n<p> O design com divisores de test\u00edculos permite que cada parte seja separada e segurada com precis\u00e3o, ajudando a intensificar as sensa\u00e7\u00f5es e prolongar a ere\u00e7\u00e3o. \u00c9 feito de material flex\u00edvel e resistente, garantindo conforto e seguran\u00e7a durante o uso.<\/p>\n<p> <u><em><strong>Recomenda\u00e7\u00f5es:<\/strong><\/em><\/u><\/p>\n<p> \u00c9 recomendado o uso de lubrificante para facilitar a coloca\u00e7\u00e3o do anel e melhorar o conforto. Al\u00e9m disso, seu material \u00e9 f\u00e1cil de limpar, garantindo \u00f3tima higiene ap\u00f3s cada uso.<\/p>\n","protected":false},"excerpt":{"rendered":"<p>ADDICTED TOYS &#8211; ANEL PARA P\u00caNIS COM DIVISORES PARA TEST\u00cdCULOS<\/p>\n","protected":false},"featured_media":65211,"template":"","meta":{"_acf_changed":false},"product_brand":[],"product_cat":[17,59,60],"product_tag":[],"class_list":{"0":"post-51725","1":"product","2":"type-product","3":"status-publish","4":"has-post-thumbnail","6":"product_cat-brinquedos-de-bem-estar-sexual","7":"product_cat-para-casais","8":"product_cat-para-eles","9":"yith_product_brand-addicted-toys","11":"first","12":"instock","13":"taxable","14":"shipping-taxable","15":"purchasable","16":"product-type-simple"},"acf":[],"yoast_head":"<!-- This site is optimized with the Yoast SEO plugin v27.4 - https:\/\/yoast.com\/product\/yoast-seo-wordpress\/ -->\n<title>ADDICTED TOYS - ANEL PARA P\u00caNIS COM DIVISORES PARA TEST\u00cdCULOS - Lovme<\/title>\n<meta name=\"robots\" content=\"index, follow, max-snippet:-1, max-image-preview:large, max-video-preview:-1\" \/>\n<link rel=\"canonical\" href=\"https:\/\/lovme.pt\/index.php\/produto\/addicted-toys-anel-para-penis-com-divisores-para-testiculos\/\" \/>\n<meta property=\"og:locale\" content=\"pt_PT\" \/>\n<meta property=\"og:type\" content=\"article\" \/>\n<meta property=\"og:title\" content=\"ADDICTED TOYS - ANEL PARA P\u00caNIS COM DIVISORES PARA TEST\u00cdCULOS - Lovme\" \/>\n<meta property=\"og:description\" content=\"ADDICTED TOYS - ANEL PARA P\u00caNIS COM DIVISORES PARA TEST\u00cdCULOS\" \/>\n<meta property=\"og:url\" content=\"https:\/\/lovme.pt\/index.php\/produto\/addicted-toys-anel-para-penis-com-divisores-para-testiculos\/\" \/>\n<meta property=\"og:site_name\" content=\"Lovme\" \/>\n<meta property=\"article:modified_time\" content=\"2026-04-01T03:41:49+00:00\" \/>\n<meta property=\"og:image\" content=\"https:\/\/erki24nd3ub.exactdn.com\/wp-content\/uploads\/dream\/img\/img_209064_27825b7c6bc52fdae684af5cdb20a8de_1.png?strip=all\" \/>\n\t<meta property=\"og:image:width\" content=\"900\" \/>\n\t<meta property=\"og:image:height\" content=\"900\" \/>\n\t<meta property=\"og:image:type\" content=\"image\/png\" \/>\n<meta name=\"twitter:card\" content=\"summary_large_image\" \/>\n<meta name=\"twitter:label1\" content=\"Tempo estimado de leitura\" \/>\n\t<meta name=\"twitter:data1\" content=\"1 minuto\" \/>\n<script type=\"application\/ld+json\" class=\"yoast-schema-graph\">{\"@context\":\"https:\\\/\\\/schema.org\",\"@graph\":[{\"@type\":\"WebPage\",\"@id\":\"https:\\\/\\\/lovme.pt\\\/index.php\\\/produto\\\/addicted-toys-anel-para-penis-com-divisores-para-testiculos\\\/\",\"url\":\"https:\\\/\\\/lovme.pt\\\/index.php\\\/produto\\\/addicted-toys-anel-para-penis-com-divisores-para-testiculos\\\/\",\"name\":\"ADDICTED TOYS - ANEL PARA P\u00caNIS COM DIVISORES PARA TEST\u00cdCULOS - Lovme\",\"isPartOf\":{\"@id\":\"https:\\\/\\\/lovme.pt\\\/#website\"},\"primaryImageOfPage\":{\"@id\":\"https:\\\/\\\/lovme.pt\\\/index.php\\\/produto\\\/addicted-toys-anel-para-penis-com-divisores-para-testiculos\\\/#primaryimage\"},\"image\":{\"@id\":\"https:\\\/\\\/lovme.pt\\\/index.php\\\/produto\\\/addicted-toys-anel-para-penis-com-divisores-para-testiculos\\\/#primaryimage\"},\"thumbnailUrl\":\"https:\\\/\\\/erki24nd3ub.exactdn.com\\\/wp-content\\\/uploads\\\/dream\\\/img\\\/img_209064_27825b7c6bc52fdae684af5cdb20a8de_1.png?strip=all\",\"datePublished\":\"2025-09-30T20:08:56+00:00\",\"dateModified\":\"2026-04-01T03:41:49+00:00\",\"breadcrumb\":{\"@id\":\"https:\\\/\\\/lovme.pt\\\/index.php\\\/produto\\\/addicted-toys-anel-para-penis-com-divisores-para-testiculos\\\/#breadcrumb\"},\"inLanguage\":\"pt-PT\",\"potentialAction\":[{\"@type\":\"ReadAction\",\"target\":[\"https:\\\/\\\/lovme.pt\\\/index.php\\\/produto\\\/addicted-toys-anel-para-penis-com-divisores-para-testiculos\\\/\"]}]},{\"@type\":\"ImageObject\",\"inLanguage\":\"pt-PT\",\"@id\":\"https:\\\/\\\/lovme.pt\\\/index.php\\\/produto\\\/addicted-toys-anel-para-penis-com-divisores-para-testiculos\\\/#primaryimage\",\"url\":\"https:\\\/\\\/erki24nd3ub.exactdn.com\\\/wp-content\\\/uploads\\\/dream\\\/img\\\/img_209064_27825b7c6bc52fdae684af5cdb20a8de_1.png?strip=all\",\"contentUrl\":\"https:\\\/\\\/erki24nd3ub.exactdn.com\\\/wp-content\\\/uploads\\\/dream\\\/img\\\/img_209064_27825b7c6bc52fdae684af5cdb20a8de_1.png?strip=all\",\"width\":900,\"height\":900},{\"@type\":\"BreadcrumbList\",\"@id\":\"https:\\\/\\\/lovme.pt\\\/index.php\\\/produto\\\/addicted-toys-anel-para-penis-com-divisores-para-testiculos\\\/#breadcrumb\",\"itemListElement\":[{\"@type\":\"ListItem\",\"position\":1,\"name\":\"In\u00edcio\",\"item\":\"https:\\\/\\\/lovme.pt\\\/\"},{\"@type\":\"ListItem\",\"position\":2,\"name\":\"Loja\",\"item\":\"https:\\\/\\\/lovme.pt\\\/index.php\\\/loja\\\/\"},{\"@type\":\"ListItem\",\"position\":3,\"name\":\"ADDICTED TOYS &#8211; ANEL PARA P\u00caNIS COM DIVISORES PARA TEST\u00cdCULOS\"}]},{\"@type\":\"WebSite\",\"@id\":\"https:\\\/\\\/lovme.pt\\\/#website\",\"url\":\"https:\\\/\\\/lovme.pt\\\/\",\"name\":\"Lovme Loja Er\u00f3tica N\u00ba1 em Portugal\",\"description\":\"A melhor loja er\u00f3tica de Portugal.\",\"alternateName\":\"Loja Er\u00f3tica Lovme\",\"potentialAction\":[{\"@type\":\"SearchAction\",\"target\":{\"@type\":\"EntryPoint\",\"urlTemplate\":\"https:\\\/\\\/lovme.pt\\\/?s={search_term_string}\"},\"query-input\":{\"@type\":\"PropertyValueSpecification\",\"valueRequired\":true,\"valueName\":\"search_term_string\"}}],\"inLanguage\":\"pt-PT\"}]}<\/script>\n<!-- \/ Yoast SEO plugin. -->","yoast_head_json":{"title":"ADDICTED TOYS - ANEL PARA P\u00caNIS COM DIVISORES PARA TEST\u00cdCULOS - Lovme","robots":{"index":"index","follow":"follow","max-snippet":"max-snippet:-1","max-image-preview":"max-image-preview:large","max-video-preview":"max-video-preview:-1"},"canonical":"https:\/\/lovme.pt\/index.php\/produto\/addicted-toys-anel-para-penis-com-divisores-para-testiculos\/","og_locale":"pt_PT","og_type":"article","og_title":"ADDICTED TOYS - ANEL PARA P\u00caNIS COM DIVISORES PARA TEST\u00cdCULOS - Lovme","og_description":"ADDICTED TOYS - ANEL PARA P\u00caNIS COM DIVISORES PARA TEST\u00cdCULOS","og_url":"https:\/\/lovme.pt\/index.php\/produto\/addicted-toys-anel-para-penis-com-divisores-para-testiculos\/","og_site_name":"Lovme","article_modified_time":"2026-04-01T03:41:49+00:00","og_image":[{"width":900,"height":900,"url":"https:\/\/erki24nd3ub.exactdn.com\/wp-content\/uploads\/dream\/img\/img_209064_27825b7c6bc52fdae684af5cdb20a8de_1.png?strip=all","type":"image\/png"}],"twitter_card":"summary_large_image","twitter_misc":{"Tempo estimado de leitura":"1 minuto"},"schema":{"@context":"https:\/\/schema.org","@graph":[{"@type":"WebPage","@id":"https:\/\/lovme.pt\/index.php\/produto\/addicted-toys-anel-para-penis-com-divisores-para-testiculos\/","url":"https:\/\/lovme.pt\/index.php\/produto\/addicted-toys-anel-para-penis-com-divisores-para-testiculos\/","name":"ADDICTED TOYS - ANEL PARA P\u00caNIS COM DIVISORES PARA TEST\u00cdCULOS - Lovme","isPartOf":{"@id":"https:\/\/lovme.pt\/#website"},"primaryImageOfPage":{"@id":"https:\/\/lovme.pt\/index.php\/produto\/addicted-toys-anel-para-penis-com-divisores-para-testiculos\/#primaryimage"},"image":{"@id":"https:\/\/lovme.pt\/index.php\/produto\/addicted-toys-anel-para-penis-com-divisores-para-testiculos\/#primaryimage"},"thumbnailUrl":"https:\/\/erki24nd3ub.exactdn.com\/wp-content\/uploads\/dream\/img\/img_209064_27825b7c6bc52fdae684af5cdb20a8de_1.png?strip=all","datePublished":"2025-09-30T20:08:56+00:00","dateModified":"2026-04-01T03:41:49+00:00","breadcrumb":{"@id":"https:\/\/lovme.pt\/index.php\/produto\/addicted-toys-anel-para-penis-com-divisores-para-testiculos\/#breadcrumb"},"inLanguage":"pt-PT","potentialAction":[{"@type":"ReadAction","target":["https:\/\/lovme.pt\/index.php\/produto\/addicted-toys-anel-para-penis-com-divisores-para-testiculos\/"]}]},{"@type":"ImageObject","inLanguage":"pt-PT","@id":"https:\/\/lovme.pt\/index.php\/produto\/addicted-toys-anel-para-penis-com-divisores-para-testiculos\/#primaryimage","url":"https:\/\/erki24nd3ub.exactdn.com\/wp-content\/uploads\/dream\/img\/img_209064_27825b7c6bc52fdae684af5cdb20a8de_1.png?strip=all","contentUrl":"https:\/\/erki24nd3ub.exactdn.com\/wp-content\/uploads\/dream\/img\/img_209064_27825b7c6bc52fdae684af5cdb20a8de_1.png?strip=all","width":900,"height":900},{"@type":"BreadcrumbList","@id":"https:\/\/lovme.pt\/index.php\/produto\/addicted-toys-anel-para-penis-com-divisores-para-testiculos\/#breadcrumb","itemListElement":[{"@type":"ListItem","position":1,"name":"In\u00edcio","item":"https:\/\/lovme.pt\/"},{"@type":"ListItem","position":2,"name":"Loja","item":"https:\/\/lovme.pt\/index.php\/loja\/"},{"@type":"ListItem","position":3,"name":"ADDICTED TOYS &#8211; ANEL PARA P\u00caNIS COM DIVISORES PARA TEST\u00cdCULOS"}]},{"@type":"WebSite","@id":"https:\/\/lovme.pt\/#website","url":"https:\/\/lovme.pt\/","name":"Lovme Loja Er\u00f3tica N\u00ba1 em Portugal","description":"A melhor loja er\u00f3tica de Portugal.","alternateName":"Loja Er\u00f3tica Lovme","potentialAction":[{"@type":"SearchAction","target":{"@type":"EntryPoint","urlTemplate":"https:\/\/lovme.pt\/?s={search_term_string}"},"query-input":{"@type":"PropertyValueSpecification","valueRequired":true,"valueName":"search_term_string"}}],"inLanguage":"pt-PT"}]}},"_links":{"self":[{"href":"https:\/\/lovme.pt\/index.php\/wp-json\/wp\/v2\/product\/51725","targetHints":{"allow":["GET"]}}],"collection":[{"href":"https:\/\/lovme.pt\/index.php\/wp-json\/wp\/v2\/product"}],"about":[{"href":"https:\/\/lovme.pt\/index.php\/wp-json\/wp\/v2\/types\/product"}],"wp:featuredmedia":[{"embeddable":true,"href":"https:\/\/lovme.pt\/index.php\/wp-json\/wp\/v2\/media\/65211"}],"wp:attachment":[{"href":"https:\/\/lovme.pt\/index.php\/wp-json\/wp\/v2\/media?parent=51725"}],"wp:term":[{"taxonomy":"product_brand","embeddable":true,"href":"https:\/\/lovme.pt\/index.php\/wp-json\/wp\/v2\/product_brand?post=51725"},{"taxonomy":"product_cat","embeddable":true,"href":"https:\/\/lovme.pt\/index.php\/wp-json\/wp\/v2\/product_cat?post=51725"},{"taxonomy":"product_tag","embeddable":true,"href":"https:\/\/lovme.pt\/index.php\/wp-json\/wp\/v2\/product_tag?post=51725"}],"curies":[{"name":"wp","href":"https:\/\/api.w.org\/{rel}","templated":true}]}}