{"id":51722,"date":"2025-09-30T20:08:52","date_gmt":"2025-09-30T20:08:52","guid":{"rendered":"https:\/\/lovme.pt\/?post_type=product&p=51722"},"modified":"2026-04-02T19:57:31","modified_gmt":"2026-04-02T19:57:31","slug":"addicted-toys-anel-de-gaiola-para-penis","status":"publish","type":"product","link":"https:\/\/lovme.pt\/index.php\/produto\/addicted-toys-anel-de-gaiola-para-penis\/","title":{"rendered":"ADDICTED TOYS &#8211; ANEL DE GAIOLA PARA P\u00caNIS"},"content":{"rendered":"<p>O anel de gaiola peniana Addicted Toys \u00e9 um acess\u00f3rio projetado para fornecer uma sensa\u00e7\u00e3o de suporte e controle, ideal para quem busca prolongar sua ere\u00e7\u00e3o e aumentar a intensidade do prazer. Seu design em formato de gaiola permite uma distribui\u00e7\u00e3o de press\u00e3o equilibrada, garantindo uma experi\u00eancia confort\u00e1vel e segura.<\/p>\n<p><u><em><strong>Principais caracter\u00edsticas:<\/strong><\/em><\/u><\/p>\n<ul>\n<li>Altura total: 69 mm, oferecendo cobertura ideal para um ajuste seguro.<\/li>\n<li>Largura total: 50 mm, proporcionando estabilidade sem comprometer o conforto.<\/li>\n<li>Di\u00e2metro do encaixe testicular: 35 mm, permitindo uma fixa\u00e7\u00e3o firme, mas sem desconforto.<\/li>\n<li>Largura do soquete retangular: 37 mm, proporcionando espa\u00e7o suficiente para a coloca\u00e7\u00e3o do p\u00eanis.<\/li>\n<li>Altura do soquete retangular: 21 mm, garantindo um encaixe preciso sem gerar press\u00e3o excessiva.<\/li>\n<li>Altura do furo do anel testicular: 17 mm, projetado para manter a gaiola no lugar sem escorregar.<\/li>\n<\/ul>\n<p>O design tipo gaiola permite uma combina\u00e7\u00e3o \u00fanica de restri\u00e7\u00e3o e estimula\u00e7\u00e3o, oferecendo um ajuste firme, mantendo o conforto durante o uso. Feito de um material dur\u00e1vel e flex\u00edvel, ele o torna f\u00e1cil de colocar e se adaptar a diferentes tamanhos.<\/p>\n<p><u><em><strong>Recomenda\u00e7\u00f5es:<\/strong><\/em><\/u><\/p>\n<p>Para uma melhor experi\u00eancia, \u00e9 recomendado o uso de lubrificante na hora de coloc\u00e1-lo. Al\u00e9m disso, seu material \u00e9 de f\u00e1cil limpeza, garantindo a higiene adequada ap\u00f3s cada uso.<\/p>\n","protected":false},"excerpt":{"rendered":"<p>ADDICTED TOYS &#8211; ANEL DE GAIOLA PARA P\u00caNIS<\/p>\n","protected":false},"featured_media":65196,"template":"","meta":{"_acf_changed":false},"product_brand":[],"product_cat":[17,59,60],"product_tag":[],"class_list":{"0":"post-51722","1":"product","2":"type-product","3":"status-publish","4":"has-post-thumbnail","6":"product_cat-brinquedos-de-bem-estar-sexual","7":"product_cat-para-casais","8":"product_cat-para-eles","9":"yith_product_brand-addicted-toys","11":"first","12":"instock","13":"taxable","14":"shipping-taxable","15":"purchasable","16":"product-type-simple"},"acf":[],"yoast_head":"<!-- This site is optimized with the Yoast SEO plugin v27.4 - https:\/\/yoast.com\/product\/yoast-seo-wordpress\/ -->\n<title>ADDICTED TOYS - ANEL DE GAIOLA PARA P\u00caNIS - Lovme<\/title>\n<meta name=\"robots\" content=\"index, follow, max-snippet:-1, max-image-preview:large, max-video-preview:-1\" \/>\n<link rel=\"canonical\" href=\"https:\/\/lovme.pt\/index.php\/produto\/addicted-toys-anel-de-gaiola-para-penis\/\" \/>\n<meta property=\"og:locale\" content=\"pt_PT\" \/>\n<meta property=\"og:type\" content=\"article\" \/>\n<meta property=\"og:title\" content=\"ADDICTED TOYS - ANEL DE GAIOLA PARA P\u00caNIS - Lovme\" \/>\n<meta property=\"og:description\" content=\"ADDICTED TOYS - ANEL DE GAIOLA PARA P\u00caNIS\" \/>\n<meta property=\"og:url\" content=\"https:\/\/lovme.pt\/index.php\/produto\/addicted-toys-anel-de-gaiola-para-penis\/\" \/>\n<meta property=\"og:site_name\" content=\"Lovme\" \/>\n<meta property=\"article:modified_time\" content=\"2026-04-02T19:57:31+00:00\" \/>\n<meta property=\"og:image\" content=\"https:\/\/erki24nd3ub.exactdn.com\/wp-content\/uploads\/dream\/img\/img_209041_8215e4644ebfbff4fb94d1a3aa6f12b9_1.png?strip=all\" \/>\n\t<meta property=\"og:image:width\" content=\"900\" \/>\n\t<meta property=\"og:image:height\" content=\"900\" \/>\n\t<meta property=\"og:image:type\" content=\"image\/png\" \/>\n<meta name=\"twitter:card\" content=\"summary_large_image\" \/>\n<meta name=\"twitter:label1\" content=\"Tempo estimado de leitura\" \/>\n\t<meta name=\"twitter:data1\" content=\"1 minuto\" \/>\n<script type=\"application\/ld+json\" class=\"yoast-schema-graph\">{\"@context\":\"https:\\\/\\\/schema.org\",\"@graph\":[{\"@type\":\"WebPage\",\"@id\":\"https:\\\/\\\/lovme.pt\\\/index.php\\\/produto\\\/addicted-toys-anel-de-gaiola-para-penis\\\/\",\"url\":\"https:\\\/\\\/lovme.pt\\\/index.php\\\/produto\\\/addicted-toys-anel-de-gaiola-para-penis\\\/\",\"name\":\"ADDICTED TOYS - ANEL DE GAIOLA PARA P\u00caNIS - Lovme\",\"isPartOf\":{\"@id\":\"https:\\\/\\\/lovme.pt\\\/#website\"},\"primaryImageOfPage\":{\"@id\":\"https:\\\/\\\/lovme.pt\\\/index.php\\\/produto\\\/addicted-toys-anel-de-gaiola-para-penis\\\/#primaryimage\"},\"image\":{\"@id\":\"https:\\\/\\\/lovme.pt\\\/index.php\\\/produto\\\/addicted-toys-anel-de-gaiola-para-penis\\\/#primaryimage\"},\"thumbnailUrl\":\"https:\\\/\\\/erki24nd3ub.exactdn.com\\\/wp-content\\\/uploads\\\/dream\\\/img\\\/img_209041_8215e4644ebfbff4fb94d1a3aa6f12b9_1.png?strip=all\",\"datePublished\":\"2025-09-30T20:08:52+00:00\",\"dateModified\":\"2026-04-02T19:57:31+00:00\",\"breadcrumb\":{\"@id\":\"https:\\\/\\\/lovme.pt\\\/index.php\\\/produto\\\/addicted-toys-anel-de-gaiola-para-penis\\\/#breadcrumb\"},\"inLanguage\":\"pt-PT\",\"potentialAction\":[{\"@type\":\"ReadAction\",\"target\":[\"https:\\\/\\\/lovme.pt\\\/index.php\\\/produto\\\/addicted-toys-anel-de-gaiola-para-penis\\\/\"]}]},{\"@type\":\"ImageObject\",\"inLanguage\":\"pt-PT\",\"@id\":\"https:\\\/\\\/lovme.pt\\\/index.php\\\/produto\\\/addicted-toys-anel-de-gaiola-para-penis\\\/#primaryimage\",\"url\":\"https:\\\/\\\/erki24nd3ub.exactdn.com\\\/wp-content\\\/uploads\\\/dream\\\/img\\\/img_209041_8215e4644ebfbff4fb94d1a3aa6f12b9_1.png?strip=all\",\"contentUrl\":\"https:\\\/\\\/erki24nd3ub.exactdn.com\\\/wp-content\\\/uploads\\\/dream\\\/img\\\/img_209041_8215e4644ebfbff4fb94d1a3aa6f12b9_1.png?strip=all\",\"width\":900,\"height\":900},{\"@type\":\"BreadcrumbList\",\"@id\":\"https:\\\/\\\/lovme.pt\\\/index.php\\\/produto\\\/addicted-toys-anel-de-gaiola-para-penis\\\/#breadcrumb\",\"itemListElement\":[{\"@type\":\"ListItem\",\"position\":1,\"name\":\"In\u00edcio\",\"item\":\"https:\\\/\\\/lovme.pt\\\/\"},{\"@type\":\"ListItem\",\"position\":2,\"name\":\"Loja\",\"item\":\"https:\\\/\\\/lovme.pt\\\/index.php\\\/loja\\\/\"},{\"@type\":\"ListItem\",\"position\":3,\"name\":\"ADDICTED TOYS &#8211; ANEL DE GAIOLA PARA P\u00caNIS\"}]},{\"@type\":\"WebSite\",\"@id\":\"https:\\\/\\\/lovme.pt\\\/#website\",\"url\":\"https:\\\/\\\/lovme.pt\\\/\",\"name\":\"Lovme Loja Er\u00f3tica N\u00ba1 em Portugal\",\"description\":\"A melhor loja er\u00f3tica de Portugal.\",\"alternateName\":\"Loja Er\u00f3tica Lovme\",\"potentialAction\":[{\"@type\":\"SearchAction\",\"target\":{\"@type\":\"EntryPoint\",\"urlTemplate\":\"https:\\\/\\\/lovme.pt\\\/?s={search_term_string}\"},\"query-input\":{\"@type\":\"PropertyValueSpecification\",\"valueRequired\":true,\"valueName\":\"search_term_string\"}}],\"inLanguage\":\"pt-PT\"}]}<\/script>\n<!-- \/ Yoast SEO plugin. -->","yoast_head_json":{"title":"ADDICTED TOYS - ANEL DE GAIOLA PARA P\u00caNIS - Lovme","robots":{"index":"index","follow":"follow","max-snippet":"max-snippet:-1","max-image-preview":"max-image-preview:large","max-video-preview":"max-video-preview:-1"},"canonical":"https:\/\/lovme.pt\/index.php\/produto\/addicted-toys-anel-de-gaiola-para-penis\/","og_locale":"pt_PT","og_type":"article","og_title":"ADDICTED TOYS - ANEL DE GAIOLA PARA P\u00caNIS - Lovme","og_description":"ADDICTED TOYS - ANEL DE GAIOLA PARA P\u00caNIS","og_url":"https:\/\/lovme.pt\/index.php\/produto\/addicted-toys-anel-de-gaiola-para-penis\/","og_site_name":"Lovme","article_modified_time":"2026-04-02T19:57:31+00:00","og_image":[{"width":900,"height":900,"url":"https:\/\/erki24nd3ub.exactdn.com\/wp-content\/uploads\/dream\/img\/img_209041_8215e4644ebfbff4fb94d1a3aa6f12b9_1.png?strip=all","type":"image\/png"}],"twitter_card":"summary_large_image","twitter_misc":{"Tempo estimado de leitura":"1 minuto"},"schema":{"@context":"https:\/\/schema.org","@graph":[{"@type":"WebPage","@id":"https:\/\/lovme.pt\/index.php\/produto\/addicted-toys-anel-de-gaiola-para-penis\/","url":"https:\/\/lovme.pt\/index.php\/produto\/addicted-toys-anel-de-gaiola-para-penis\/","name":"ADDICTED TOYS - ANEL DE GAIOLA PARA P\u00caNIS - Lovme","isPartOf":{"@id":"https:\/\/lovme.pt\/#website"},"primaryImageOfPage":{"@id":"https:\/\/lovme.pt\/index.php\/produto\/addicted-toys-anel-de-gaiola-para-penis\/#primaryimage"},"image":{"@id":"https:\/\/lovme.pt\/index.php\/produto\/addicted-toys-anel-de-gaiola-para-penis\/#primaryimage"},"thumbnailUrl":"https:\/\/erki24nd3ub.exactdn.com\/wp-content\/uploads\/dream\/img\/img_209041_8215e4644ebfbff4fb94d1a3aa6f12b9_1.png?strip=all","datePublished":"2025-09-30T20:08:52+00:00","dateModified":"2026-04-02T19:57:31+00:00","breadcrumb":{"@id":"https:\/\/lovme.pt\/index.php\/produto\/addicted-toys-anel-de-gaiola-para-penis\/#breadcrumb"},"inLanguage":"pt-PT","potentialAction":[{"@type":"ReadAction","target":["https:\/\/lovme.pt\/index.php\/produto\/addicted-toys-anel-de-gaiola-para-penis\/"]}]},{"@type":"ImageObject","inLanguage":"pt-PT","@id":"https:\/\/lovme.pt\/index.php\/produto\/addicted-toys-anel-de-gaiola-para-penis\/#primaryimage","url":"https:\/\/erki24nd3ub.exactdn.com\/wp-content\/uploads\/dream\/img\/img_209041_8215e4644ebfbff4fb94d1a3aa6f12b9_1.png?strip=all","contentUrl":"https:\/\/erki24nd3ub.exactdn.com\/wp-content\/uploads\/dream\/img\/img_209041_8215e4644ebfbff4fb94d1a3aa6f12b9_1.png?strip=all","width":900,"height":900},{"@type":"BreadcrumbList","@id":"https:\/\/lovme.pt\/index.php\/produto\/addicted-toys-anel-de-gaiola-para-penis\/#breadcrumb","itemListElement":[{"@type":"ListItem","position":1,"name":"In\u00edcio","item":"https:\/\/lovme.pt\/"},{"@type":"ListItem","position":2,"name":"Loja","item":"https:\/\/lovme.pt\/index.php\/loja\/"},{"@type":"ListItem","position":3,"name":"ADDICTED TOYS &#8211; ANEL DE GAIOLA PARA P\u00caNIS"}]},{"@type":"WebSite","@id":"https:\/\/lovme.pt\/#website","url":"https:\/\/lovme.pt\/","name":"Lovme Loja Er\u00f3tica N\u00ba1 em Portugal","description":"A melhor loja er\u00f3tica de Portugal.","alternateName":"Loja Er\u00f3tica Lovme","potentialAction":[{"@type":"SearchAction","target":{"@type":"EntryPoint","urlTemplate":"https:\/\/lovme.pt\/?s={search_term_string}"},"query-input":{"@type":"PropertyValueSpecification","valueRequired":true,"valueName":"search_term_string"}}],"inLanguage":"pt-PT"}]}},"_links":{"self":[{"href":"https:\/\/lovme.pt\/index.php\/wp-json\/wp\/v2\/product\/51722","targetHints":{"allow":["GET"]}}],"collection":[{"href":"https:\/\/lovme.pt\/index.php\/wp-json\/wp\/v2\/product"}],"about":[{"href":"https:\/\/lovme.pt\/index.php\/wp-json\/wp\/v2\/types\/product"}],"wp:featuredmedia":[{"embeddable":true,"href":"https:\/\/lovme.pt\/index.php\/wp-json\/wp\/v2\/media\/65196"}],"wp:attachment":[{"href":"https:\/\/lovme.pt\/index.php\/wp-json\/wp\/v2\/media?parent=51722"}],"wp:term":[{"taxonomy":"product_brand","embeddable":true,"href":"https:\/\/lovme.pt\/index.php\/wp-json\/wp\/v2\/product_brand?post=51722"},{"taxonomy":"product_cat","embeddable":true,"href":"https:\/\/lovme.pt\/index.php\/wp-json\/wp\/v2\/product_cat?post=51722"},{"taxonomy":"product_tag","embeddable":true,"href":"https:\/\/lovme.pt\/index.php\/wp-json\/wp\/v2\/product_tag?post=51722"}],"curies":[{"name":"wp","href":"https:\/\/api.w.org\/{rel}","templated":true}]}}