{"id":51643,"date":"2025-10-01T02:14:22","date_gmt":"2025-10-01T02:14:22","guid":{"rendered":"https:\/\/lovme.pt\/?post_type=product&p=51643"},"modified":"2026-02-19T20:18:54","modified_gmt":"2026-02-19T20:18:54","slug":"satisfyer-bomba-de-ar-booty-1-vibrador-inflavel-anal-cinza","status":"publish","type":"product","link":"https:\/\/lovme.pt\/index.php\/produto\/satisfyer-bomba-de-ar-booty-1-vibrador-inflavel-anal-cinza\/","title":{"rendered":"SATISFYER &#8211; BOMBA DE AR BOOTY 1 VIBRADOR INFL\u00c1VEL ANAL CINZA"},"content":{"rendered":"<p><strong>BOMBA DE AR BOOTY 1<\/strong><\/p>\n<p> Bombeie para o prazer! Experimente a fun\u00e7\u00e3o como nunca antes com a introdu\u00e7\u00e3o totalmente nova ao mundo dos vibradores infl\u00e1veis, o Air Pump Booty 1.<\/p>\n<p> Equipado com uma ponta com di\u00e2metro crescente, este agradador de bumbum \u00e9 ideal para usu\u00e1rios mais experientes que buscam treinamento anal. Ele tamb\u00e9m possui uma al\u00e7a em forma de la\u00e7o para f\u00e1cil uso. Feito de um corpo firme, o Air Pump Booty 1 n\u00e3o \u00e9 nada flex\u00edvel, no entanto, uma vez totalmente inflado, a superf\u00edcie da ponta se torna male\u00e1vel, para m\u00e1ximo conforto.<\/p>\n<p> Com uma ponta pontiaguda para estimula\u00e7\u00e3o direcionada, aproveite a sensa\u00e7\u00e3o intensificada devido ao di\u00e2metro aumentado da ponta. N\u00e3o h\u00e1 mais desejo por uma sensa\u00e7\u00e3o &#8220;mais cheia&#8221;, o Air Pump Booty 1 permite que voc\u00ea aumente lentamente o di\u00e2metro da ponta, dando a si mesmo a capacidade de encontrar o n\u00edvel perfeito para voc\u00ea.<\/p>\n<p> O Air Pump Booty 1 infla em menos de 12 segundos e pode ser facilmente ajustado durante o processo de enchimento. Para encher, basta apertar repetidamente o bot\u00e3o de enchimento, para soltar, basta clicar duas vezes. Controle tamb\u00e9m as 12 configura\u00e7\u00f5es de vibra\u00e7\u00e3o diferentes usando os bot\u00f5es +\/-. O Air Pump Booty 1 \u00e9 feito de silicone seguro para o corpo e \u00e9 recarreg\u00e1vel. Encha-o!<\/p>\n<\/p>\n<p> <u><strong>CARACTER\u00cdSTICAS:<\/strong><\/u><\/p>\n<ul>\n<li> 12 programas de vibra\u00e7\u00e3o<\/li>\n<li> Infla\u00e7\u00e3o: <12 segundos (bot\u00e3o de infla\u00e7\u00e3o)<\/li>\n<li> Libera\u00e7\u00e3o de ar: clique duplo<\/li>\n<li> Material: Silicone seguro para o corpo<\/li>\n<li> Pot\u00eancia: Recarreg\u00e1vel<\/li>\n<\/ul>\n","protected":false},"excerpt":{"rendered":"<p>SATISFYER &#8211; BOMBA DE AR BOOTY 1 VIBRADOR INFL\u00c1VEL ANAL CINZA<\/p>\n","protected":false},"featured_media":95649,"template":"","meta":{"_acf_changed":false},"product_brand":[],"product_cat":[17,115,63],"product_tag":[],"class_list":{"0":"post-51643","1":"product","2":"type-product","3":"status-publish","4":"has-post-thumbnail","6":"product_cat-brinquedos-de-bem-estar-sexual","7":"product_cat-ofertas","8":"product_cat-sexo-anal","9":"yith_product_brand-satisfyer","10":"yith_product_brand-satisfyer-satisfyer-vibrator","12":"first","13":"instock","14":"taxable","15":"shipping-taxable","16":"purchasable","17":"product-type-simple"},"acf":[],"yoast_head":"<!-- This site is optimized with the Yoast SEO plugin v27.4 - https:\/\/yoast.com\/product\/yoast-seo-wordpress\/ -->\n<title>SATISFYER - BOMBA DE AR BOOTY 1 VIBRADOR INFL\u00c1VEL ANAL CINZA - Lovme<\/title>\n<meta name=\"robots\" content=\"index, follow, max-snippet:-1, max-image-preview:large, max-video-preview:-1\" \/>\n<link rel=\"canonical\" href=\"https:\/\/lovme.pt\/index.php\/produto\/satisfyer-bomba-de-ar-booty-1-vibrador-inflavel-anal-cinza\/\" \/>\n<meta property=\"og:locale\" content=\"pt_PT\" \/>\n<meta property=\"og:type\" content=\"article\" \/>\n<meta property=\"og:title\" content=\"SATISFYER - BOMBA DE AR BOOTY 1 VIBRADOR INFL\u00c1VEL ANAL CINZA - Lovme\" \/>\n<meta property=\"og:description\" content=\"SATISFYER - BOMBA DE AR BOOTY 1 VIBRADOR INFL\u00c1VEL ANAL CINZA\" \/>\n<meta property=\"og:url\" content=\"https:\/\/lovme.pt\/index.php\/produto\/satisfyer-bomba-de-ar-booty-1-vibrador-inflavel-anal-cinza\/\" \/>\n<meta property=\"og:site_name\" content=\"Lovme\" \/>\n<meta property=\"article:modified_time\" content=\"2026-02-19T20:18:54+00:00\" \/>\n<meta property=\"og:image\" content=\"https:\/\/erki24nd3ub.exactdn.com\/wp-content\/uploads\/dream\/img\/img_202103_b5f18e65e6e0423604bf657d9c45972c_1.jpg?strip=all\" \/>\n\t<meta property=\"og:image:width\" content=\"900\" \/>\n\t<meta property=\"og:image:height\" content=\"900\" \/>\n\t<meta property=\"og:image:type\" content=\"image\/jpeg\" \/>\n<meta name=\"twitter:card\" content=\"summary_large_image\" \/>\n<meta name=\"twitter:label1\" content=\"Tempo estimado de leitura\" \/>\n\t<meta name=\"twitter:data1\" content=\"1 minuto\" \/>\n<script type=\"application\/ld+json\" class=\"yoast-schema-graph\">{\"@context\":\"https:\\\/\\\/schema.org\",\"@graph\":[{\"@type\":\"WebPage\",\"@id\":\"https:\\\/\\\/lovme.pt\\\/index.php\\\/produto\\\/satisfyer-bomba-de-ar-booty-1-vibrador-inflavel-anal-cinza\\\/\",\"url\":\"https:\\\/\\\/lovme.pt\\\/index.php\\\/produto\\\/satisfyer-bomba-de-ar-booty-1-vibrador-inflavel-anal-cinza\\\/\",\"name\":\"SATISFYER - BOMBA DE AR BOOTY 1 VIBRADOR INFL\u00c1VEL ANAL CINZA - Lovme\",\"isPartOf\":{\"@id\":\"https:\\\/\\\/lovme.pt\\\/#website\"},\"primaryImageOfPage\":{\"@id\":\"https:\\\/\\\/lovme.pt\\\/index.php\\\/produto\\\/satisfyer-bomba-de-ar-booty-1-vibrador-inflavel-anal-cinza\\\/#primaryimage\"},\"image\":{\"@id\":\"https:\\\/\\\/lovme.pt\\\/index.php\\\/produto\\\/satisfyer-bomba-de-ar-booty-1-vibrador-inflavel-anal-cinza\\\/#primaryimage\"},\"thumbnailUrl\":\"https:\\\/\\\/erki24nd3ub.exactdn.com\\\/wp-content\\\/uploads\\\/dream\\\/img\\\/img_202103_b5f18e65e6e0423604bf657d9c45972c_1.jpg?strip=all\",\"datePublished\":\"2025-10-01T02:14:22+00:00\",\"dateModified\":\"2026-02-19T20:18:54+00:00\",\"breadcrumb\":{\"@id\":\"https:\\\/\\\/lovme.pt\\\/index.php\\\/produto\\\/satisfyer-bomba-de-ar-booty-1-vibrador-inflavel-anal-cinza\\\/#breadcrumb\"},\"inLanguage\":\"pt-PT\",\"potentialAction\":[{\"@type\":\"ReadAction\",\"target\":[\"https:\\\/\\\/lovme.pt\\\/index.php\\\/produto\\\/satisfyer-bomba-de-ar-booty-1-vibrador-inflavel-anal-cinza\\\/\"]}]},{\"@type\":\"ImageObject\",\"inLanguage\":\"pt-PT\",\"@id\":\"https:\\\/\\\/lovme.pt\\\/index.php\\\/produto\\\/satisfyer-bomba-de-ar-booty-1-vibrador-inflavel-anal-cinza\\\/#primaryimage\",\"url\":\"https:\\\/\\\/erki24nd3ub.exactdn.com\\\/wp-content\\\/uploads\\\/dream\\\/img\\\/img_202103_b5f18e65e6e0423604bf657d9c45972c_1.jpg?strip=all\",\"contentUrl\":\"https:\\\/\\\/erki24nd3ub.exactdn.com\\\/wp-content\\\/uploads\\\/dream\\\/img\\\/img_202103_b5f18e65e6e0423604bf657d9c45972c_1.jpg?strip=all\",\"width\":900,\"height\":900},{\"@type\":\"BreadcrumbList\",\"@id\":\"https:\\\/\\\/lovme.pt\\\/index.php\\\/produto\\\/satisfyer-bomba-de-ar-booty-1-vibrador-inflavel-anal-cinza\\\/#breadcrumb\",\"itemListElement\":[{\"@type\":\"ListItem\",\"position\":1,\"name\":\"In\u00edcio\",\"item\":\"https:\\\/\\\/lovme.pt\\\/\"},{\"@type\":\"ListItem\",\"position\":2,\"name\":\"Loja\",\"item\":\"https:\\\/\\\/lovme.pt\\\/index.php\\\/loja\\\/\"},{\"@type\":\"ListItem\",\"position\":3,\"name\":\"SATISFYER &#8211; BOMBA DE AR BOOTY 1 VIBRADOR INFL\u00c1VEL ANAL CINZA\"}]},{\"@type\":\"WebSite\",\"@id\":\"https:\\\/\\\/lovme.pt\\\/#website\",\"url\":\"https:\\\/\\\/lovme.pt\\\/\",\"name\":\"Lovme Loja Er\u00f3tica N\u00ba1 em Portugal\",\"description\":\"A melhor loja er\u00f3tica de Portugal.\",\"alternateName\":\"Loja Er\u00f3tica Lovme\",\"potentialAction\":[{\"@type\":\"SearchAction\",\"target\":{\"@type\":\"EntryPoint\",\"urlTemplate\":\"https:\\\/\\\/lovme.pt\\\/?s={search_term_string}\"},\"query-input\":{\"@type\":\"PropertyValueSpecification\",\"valueRequired\":true,\"valueName\":\"search_term_string\"}}],\"inLanguage\":\"pt-PT\"}]}<\/script>\n<!-- \/ Yoast SEO plugin. -->","yoast_head_json":{"title":"SATISFYER - BOMBA DE AR BOOTY 1 VIBRADOR INFL\u00c1VEL ANAL CINZA - Lovme","robots":{"index":"index","follow":"follow","max-snippet":"max-snippet:-1","max-image-preview":"max-image-preview:large","max-video-preview":"max-video-preview:-1"},"canonical":"https:\/\/lovme.pt\/index.php\/produto\/satisfyer-bomba-de-ar-booty-1-vibrador-inflavel-anal-cinza\/","og_locale":"pt_PT","og_type":"article","og_title":"SATISFYER - BOMBA DE AR BOOTY 1 VIBRADOR INFL\u00c1VEL ANAL CINZA - Lovme","og_description":"SATISFYER - BOMBA DE AR BOOTY 1 VIBRADOR INFL\u00c1VEL ANAL CINZA","og_url":"https:\/\/lovme.pt\/index.php\/produto\/satisfyer-bomba-de-ar-booty-1-vibrador-inflavel-anal-cinza\/","og_site_name":"Lovme","article_modified_time":"2026-02-19T20:18:54+00:00","og_image":[{"width":900,"height":900,"url":"https:\/\/erki24nd3ub.exactdn.com\/wp-content\/uploads\/dream\/img\/img_202103_b5f18e65e6e0423604bf657d9c45972c_1.jpg?strip=all","type":"image\/jpeg"}],"twitter_card":"summary_large_image","twitter_misc":{"Tempo estimado de leitura":"1 minuto"},"schema":{"@context":"https:\/\/schema.org","@graph":[{"@type":"WebPage","@id":"https:\/\/lovme.pt\/index.php\/produto\/satisfyer-bomba-de-ar-booty-1-vibrador-inflavel-anal-cinza\/","url":"https:\/\/lovme.pt\/index.php\/produto\/satisfyer-bomba-de-ar-booty-1-vibrador-inflavel-anal-cinza\/","name":"SATISFYER - BOMBA DE AR BOOTY 1 VIBRADOR INFL\u00c1VEL ANAL CINZA - Lovme","isPartOf":{"@id":"https:\/\/lovme.pt\/#website"},"primaryImageOfPage":{"@id":"https:\/\/lovme.pt\/index.php\/produto\/satisfyer-bomba-de-ar-booty-1-vibrador-inflavel-anal-cinza\/#primaryimage"},"image":{"@id":"https:\/\/lovme.pt\/index.php\/produto\/satisfyer-bomba-de-ar-booty-1-vibrador-inflavel-anal-cinza\/#primaryimage"},"thumbnailUrl":"https:\/\/erki24nd3ub.exactdn.com\/wp-content\/uploads\/dream\/img\/img_202103_b5f18e65e6e0423604bf657d9c45972c_1.jpg?strip=all","datePublished":"2025-10-01T02:14:22+00:00","dateModified":"2026-02-19T20:18:54+00:00","breadcrumb":{"@id":"https:\/\/lovme.pt\/index.php\/produto\/satisfyer-bomba-de-ar-booty-1-vibrador-inflavel-anal-cinza\/#breadcrumb"},"inLanguage":"pt-PT","potentialAction":[{"@type":"ReadAction","target":["https:\/\/lovme.pt\/index.php\/produto\/satisfyer-bomba-de-ar-booty-1-vibrador-inflavel-anal-cinza\/"]}]},{"@type":"ImageObject","inLanguage":"pt-PT","@id":"https:\/\/lovme.pt\/index.php\/produto\/satisfyer-bomba-de-ar-booty-1-vibrador-inflavel-anal-cinza\/#primaryimage","url":"https:\/\/erki24nd3ub.exactdn.com\/wp-content\/uploads\/dream\/img\/img_202103_b5f18e65e6e0423604bf657d9c45972c_1.jpg?strip=all","contentUrl":"https:\/\/erki24nd3ub.exactdn.com\/wp-content\/uploads\/dream\/img\/img_202103_b5f18e65e6e0423604bf657d9c45972c_1.jpg?strip=all","width":900,"height":900},{"@type":"BreadcrumbList","@id":"https:\/\/lovme.pt\/index.php\/produto\/satisfyer-bomba-de-ar-booty-1-vibrador-inflavel-anal-cinza\/#breadcrumb","itemListElement":[{"@type":"ListItem","position":1,"name":"In\u00edcio","item":"https:\/\/lovme.pt\/"},{"@type":"ListItem","position":2,"name":"Loja","item":"https:\/\/lovme.pt\/index.php\/loja\/"},{"@type":"ListItem","position":3,"name":"SATISFYER &#8211; BOMBA DE AR BOOTY 1 VIBRADOR INFL\u00c1VEL ANAL CINZA"}]},{"@type":"WebSite","@id":"https:\/\/lovme.pt\/#website","url":"https:\/\/lovme.pt\/","name":"Lovme Loja Er\u00f3tica N\u00ba1 em Portugal","description":"A melhor loja er\u00f3tica de Portugal.","alternateName":"Loja Er\u00f3tica Lovme","potentialAction":[{"@type":"SearchAction","target":{"@type":"EntryPoint","urlTemplate":"https:\/\/lovme.pt\/?s={search_term_string}"},"query-input":{"@type":"PropertyValueSpecification","valueRequired":true,"valueName":"search_term_string"}}],"inLanguage":"pt-PT"}]}},"_links":{"self":[{"href":"https:\/\/lovme.pt\/index.php\/wp-json\/wp\/v2\/product\/51643","targetHints":{"allow":["GET"]}}],"collection":[{"href":"https:\/\/lovme.pt\/index.php\/wp-json\/wp\/v2\/product"}],"about":[{"href":"https:\/\/lovme.pt\/index.php\/wp-json\/wp\/v2\/types\/product"}],"wp:featuredmedia":[{"embeddable":true,"href":"https:\/\/lovme.pt\/index.php\/wp-json\/wp\/v2\/media\/95649"}],"wp:attachment":[{"href":"https:\/\/lovme.pt\/index.php\/wp-json\/wp\/v2\/media?parent=51643"}],"wp:term":[{"taxonomy":"product_brand","embeddable":true,"href":"https:\/\/lovme.pt\/index.php\/wp-json\/wp\/v2\/product_brand?post=51643"},{"taxonomy":"product_cat","embeddable":true,"href":"https:\/\/lovme.pt\/index.php\/wp-json\/wp\/v2\/product_cat?post=51643"},{"taxonomy":"product_tag","embeddable":true,"href":"https:\/\/lovme.pt\/index.php\/wp-json\/wp\/v2\/product_tag?post=51643"}],"curies":[{"name":"wp","href":"https:\/\/api.w.org\/{rel}","templated":true}]}}