{"id":51568,"date":"2025-09-30T09:47:35","date_gmt":"2025-09-30T09:47:35","guid":{"rendered":"https:\/\/lovme.pt\/?post_type=product&p=51568"},"modified":"2026-02-19T20:05:18","modified_gmt":"2026-02-19T20:05:18","slug":"secretplay-jogo-de-madeira-torre-do-sexo","status":"publish","type":"product","link":"https:\/\/lovme.pt\/index.php\/produto\/secretplay-jogo-de-madeira-torre-do-sexo\/","title":{"rendered":"SECRETPLAY &#8211; JOGO DE MADEIRA TORRE DO SEXO"},"content":{"rendered":"<p>Tower of sex \u00e9 o jogo em que voc\u00ea pode jogar de duas maneiras divertidas. Role os dados e remova as pe\u00e7as de madeira tomando muito cuidado para n\u00e3o derrubar a torre enquanto voc\u00ea se diverte realizando as provas picantes que voc\u00ea encontrar\u00e1 em cada pe\u00e7a.<\/p>\n<p><u><strong>CONTE\u00daDO:<\/strong><\/u><\/p>\n<ul>\n<li>48 pe\u00e7as de madeira de 4 cores (12 pe\u00e7as por cor)<\/li>\n<li>2 dados num\u00e9ricos<\/li>\n<li>1 dado colorido<\/li>\n<\/ul>\n<p><u><strong>REGRAS DO JOGO:<\/strong><\/u><br \/>As pe\u00e7as s\u00e3o colocadas em uma torre ordenadas por cor, as pe\u00e7as s\u00e3o colocadas por andares, 3 pe\u00e7as por andar, deixando assim Cada cor \u00e9 composta por 4 n\u00edveis de pe\u00e7as (Para ajudar voc\u00ea a construir a torre, voc\u00ea pode olhar a imagem na caixa)<br \/>As pe\u00e7as s\u00e3o numeradas de 1 a 12 em quatro cores: madeira, rosa, f\u00facsia e preto.<br \/>O jogador mais novo come\u00e7a o jogo. Depois \u00e9 a vez do outro jogador, e assim por diante.<\/p>\n<p><u><strong>MODO SIMPLES: DADOS COLORIDOS.<\/strong><\/u><br \/>Voc\u00ea pode jogar apenas com o dado colorido, rolando-o e retirando uma das 12 pe\u00e7as da cor que o dado indicar. Se o dado indicar duas cores, escolha uma. Retire a pe\u00e7a com muito cuidado para que a torre n\u00e3o desmorone. Confira o n\u00famero na carta nas instru\u00e7\u00f5es e fa\u00e7a o teste ali mesmo.<br \/>Jogue at\u00e9 a torre cair. O perdedor \u00e9 a pessoa cuja torre desaba quando ela remove uma pe\u00e7a. O vencedor \u00e9 aquele que n\u00e3o derrubou a torre e tem o direito de escolher o lugar favorito da casa ou aquele que voc\u00ea nunca usou para sexo depois que o jogo acabar.<\/p>\n<p><u><strong>MODO AVAN\u00c7ADO: DADOS COLORIDOS + DADOS NUM\u00c9RICOS.<\/strong><\/u><br \/>Voc\u00ea pode jogar com o dado colorido e os dois dados num\u00e9ricos, rolando o dado colorido primeiro e depois os 2 dados num\u00e9ricos para ver o que acontece. A cor e o n\u00famero da pe\u00e7a que voc\u00ea deve remover tem.<br \/>Se o n\u00famero ou a cor indicada pelo dado ao lan\u00e7\u00e1-lo n\u00e3o estiver mais na torre, voc\u00ea perde sua vez.<br \/>Se um jogador derrubar a torre ao remover uma pe\u00e7a, ele decide se se declara perdedor do jogo ou quer uma revanche. Se ele quiser uma revanche, o perdedor deve ser deixado nu para come\u00e7ar o jogo.<br \/>Se o perdedor n\u00e3o quiser uma revanche, ent\u00e3o o vencedor decide o que fazer. O lugar da casa onde voc\u00ea nunca fez sexo quer usar para dar r\u00e9dea solta \u00e0 paix\u00e3o.<br \/>Se o perdedor do primeiro jogo concordar com uma revanche e vencer o segundo jogo, ent\u00e3o haver\u00e1 um empate, \u00e9 hora de reconstruir a torre para jogar novamente e ver quem \u00e9 o vencedor definitivo que recebe a recompensa.<\/p>\n<p><strong>Dispon\u00edvel em 8 idiomas (espanhol, ingl\u00eas, alem\u00e3o, franc\u00eas, holand\u00eas, portugu\u00eas, italiano, polon\u00eas)<\/strong><\/p>\n","protected":false},"excerpt":{"rendered":"<p>EMBALAGEM DISPON\u00cdVEL EM: \/es\/en\/de\/fr\/nl\/pt\/it\/pl\/<\/p>\n","protected":false},"featured_media":57110,"template":"","meta":{"_acf_changed":false},"product_brand":[],"product_cat":[69],"product_tag":[],"class_list":{"0":"post-51568","1":"product","2":"type-product","3":"status-publish","4":"has-post-thumbnail","6":"product_cat-jogos-eroticos","7":"yith_product_brand-secretplay","8":"yith_product_brand-secretplaysecretplay-100-games","10":"first","11":"instock","12":"taxable","13":"shipping-taxable","14":"purchasable","15":"product-type-simple"},"acf":[],"yoast_head":"<!-- This site is optimized with the Yoast SEO plugin v27.4 - https:\/\/yoast.com\/product\/yoast-seo-wordpress\/ -->\n<title>SECRETPLAY - JOGO DE MADEIRA TORRE DO SEXO - Lovme<\/title>\n<meta name=\"robots\" content=\"index, follow, max-snippet:-1, max-image-preview:large, max-video-preview:-1\" \/>\n<link rel=\"canonical\" href=\"https:\/\/lovme.pt\/index.php\/produto\/secretplay-jogo-de-madeira-torre-do-sexo\/\" \/>\n<meta property=\"og:locale\" content=\"pt_PT\" \/>\n<meta property=\"og:type\" content=\"article\" \/>\n<meta property=\"og:title\" content=\"SECRETPLAY - JOGO DE MADEIRA TORRE DO SEXO - Lovme\" \/>\n<meta property=\"og:description\" content=\"EMBALAGEM DISPON\u00cdVEL EM: \/es\/en\/de\/fr\/nl\/pt\/it\/pl\/\" \/>\n<meta property=\"og:url\" content=\"https:\/\/lovme.pt\/index.php\/produto\/secretplay-jogo-de-madeira-torre-do-sexo\/\" \/>\n<meta property=\"og:site_name\" content=\"Lovme\" \/>\n<meta property=\"article:modified_time\" content=\"2026-02-19T20:05:18+00:00\" \/>\n<meta property=\"og:image\" content=\"https:\/\/erki24nd3ub.exactdn.com\/wp-content\/uploads\/dream\/img\/img_201417_c8df92af18e54f1c3129cbc2c9581453_1.jpg?strip=all\" \/>\n\t<meta property=\"og:image:width\" content=\"900\" \/>\n\t<meta property=\"og:image:height\" content=\"900\" \/>\n\t<meta property=\"og:image:type\" content=\"image\/jpeg\" \/>\n<meta name=\"twitter:card\" content=\"summary_large_image\" \/>\n<meta name=\"twitter:label1\" content=\"Tempo estimado de leitura\" \/>\n\t<meta name=\"twitter:data1\" content=\"2 minutos\" \/>\n<script type=\"application\/ld+json\" class=\"yoast-schema-graph\">{\"@context\":\"https:\\\/\\\/schema.org\",\"@graph\":[{\"@type\":\"WebPage\",\"@id\":\"https:\\\/\\\/lovme.pt\\\/index.php\\\/produto\\\/secretplay-jogo-de-madeira-torre-do-sexo\\\/\",\"url\":\"https:\\\/\\\/lovme.pt\\\/index.php\\\/produto\\\/secretplay-jogo-de-madeira-torre-do-sexo\\\/\",\"name\":\"SECRETPLAY - JOGO DE MADEIRA TORRE DO SEXO - Lovme\",\"isPartOf\":{\"@id\":\"https:\\\/\\\/lovme.pt\\\/#website\"},\"primaryImageOfPage\":{\"@id\":\"https:\\\/\\\/lovme.pt\\\/index.php\\\/produto\\\/secretplay-jogo-de-madeira-torre-do-sexo\\\/#primaryimage\"},\"image\":{\"@id\":\"https:\\\/\\\/lovme.pt\\\/index.php\\\/produto\\\/secretplay-jogo-de-madeira-torre-do-sexo\\\/#primaryimage\"},\"thumbnailUrl\":\"https:\\\/\\\/erki24nd3ub.exactdn.com\\\/wp-content\\\/uploads\\\/dream\\\/img\\\/img_201417_c8df92af18e54f1c3129cbc2c9581453_1.jpg?strip=all\",\"datePublished\":\"2025-09-30T09:47:35+00:00\",\"dateModified\":\"2026-02-19T20:05:18+00:00\",\"breadcrumb\":{\"@id\":\"https:\\\/\\\/lovme.pt\\\/index.php\\\/produto\\\/secretplay-jogo-de-madeira-torre-do-sexo\\\/#breadcrumb\"},\"inLanguage\":\"pt-PT\",\"potentialAction\":[{\"@type\":\"ReadAction\",\"target\":[\"https:\\\/\\\/lovme.pt\\\/index.php\\\/produto\\\/secretplay-jogo-de-madeira-torre-do-sexo\\\/\"]}]},{\"@type\":\"ImageObject\",\"inLanguage\":\"pt-PT\",\"@id\":\"https:\\\/\\\/lovme.pt\\\/index.php\\\/produto\\\/secretplay-jogo-de-madeira-torre-do-sexo\\\/#primaryimage\",\"url\":\"https:\\\/\\\/erki24nd3ub.exactdn.com\\\/wp-content\\\/uploads\\\/dream\\\/img\\\/img_201417_c8df92af18e54f1c3129cbc2c9581453_1.jpg?strip=all\",\"contentUrl\":\"https:\\\/\\\/erki24nd3ub.exactdn.com\\\/wp-content\\\/uploads\\\/dream\\\/img\\\/img_201417_c8df92af18e54f1c3129cbc2c9581453_1.jpg?strip=all\",\"width\":900,\"height\":900},{\"@type\":\"BreadcrumbList\",\"@id\":\"https:\\\/\\\/lovme.pt\\\/index.php\\\/produto\\\/secretplay-jogo-de-madeira-torre-do-sexo\\\/#breadcrumb\",\"itemListElement\":[{\"@type\":\"ListItem\",\"position\":1,\"name\":\"In\u00edcio\",\"item\":\"https:\\\/\\\/lovme.pt\\\/\"},{\"@type\":\"ListItem\",\"position\":2,\"name\":\"Loja\",\"item\":\"https:\\\/\\\/lovme.pt\\\/index.php\\\/loja\\\/\"},{\"@type\":\"ListItem\",\"position\":3,\"name\":\"SECRETPLAY &#8211; JOGO DE MADEIRA TORRE DO SEXO\"}]},{\"@type\":\"WebSite\",\"@id\":\"https:\\\/\\\/lovme.pt\\\/#website\",\"url\":\"https:\\\/\\\/lovme.pt\\\/\",\"name\":\"Lovme Loja Er\u00f3tica N\u00ba1 em Portugal\",\"description\":\"A melhor loja er\u00f3tica de Portugal.\",\"alternateName\":\"Loja Er\u00f3tica Lovme\",\"potentialAction\":[{\"@type\":\"SearchAction\",\"target\":{\"@type\":\"EntryPoint\",\"urlTemplate\":\"https:\\\/\\\/lovme.pt\\\/?s={search_term_string}\"},\"query-input\":{\"@type\":\"PropertyValueSpecification\",\"valueRequired\":true,\"valueName\":\"search_term_string\"}}],\"inLanguage\":\"pt-PT\"}]}<\/script>\n<!-- \/ Yoast SEO plugin. -->","yoast_head_json":{"title":"SECRETPLAY - JOGO DE MADEIRA TORRE DO SEXO - Lovme","robots":{"index":"index","follow":"follow","max-snippet":"max-snippet:-1","max-image-preview":"max-image-preview:large","max-video-preview":"max-video-preview:-1"},"canonical":"https:\/\/lovme.pt\/index.php\/produto\/secretplay-jogo-de-madeira-torre-do-sexo\/","og_locale":"pt_PT","og_type":"article","og_title":"SECRETPLAY - JOGO DE MADEIRA TORRE DO SEXO - Lovme","og_description":"EMBALAGEM DISPON\u00cdVEL EM: \/es\/en\/de\/fr\/nl\/pt\/it\/pl\/","og_url":"https:\/\/lovme.pt\/index.php\/produto\/secretplay-jogo-de-madeira-torre-do-sexo\/","og_site_name":"Lovme","article_modified_time":"2026-02-19T20:05:18+00:00","og_image":[{"width":900,"height":900,"url":"https:\/\/erki24nd3ub.exactdn.com\/wp-content\/uploads\/dream\/img\/img_201417_c8df92af18e54f1c3129cbc2c9581453_1.jpg?strip=all","type":"image\/jpeg"}],"twitter_card":"summary_large_image","twitter_misc":{"Tempo estimado de leitura":"2 minutos"},"schema":{"@context":"https:\/\/schema.org","@graph":[{"@type":"WebPage","@id":"https:\/\/lovme.pt\/index.php\/produto\/secretplay-jogo-de-madeira-torre-do-sexo\/","url":"https:\/\/lovme.pt\/index.php\/produto\/secretplay-jogo-de-madeira-torre-do-sexo\/","name":"SECRETPLAY - JOGO DE MADEIRA TORRE DO SEXO - Lovme","isPartOf":{"@id":"https:\/\/lovme.pt\/#website"},"primaryImageOfPage":{"@id":"https:\/\/lovme.pt\/index.php\/produto\/secretplay-jogo-de-madeira-torre-do-sexo\/#primaryimage"},"image":{"@id":"https:\/\/lovme.pt\/index.php\/produto\/secretplay-jogo-de-madeira-torre-do-sexo\/#primaryimage"},"thumbnailUrl":"https:\/\/erki24nd3ub.exactdn.com\/wp-content\/uploads\/dream\/img\/img_201417_c8df92af18e54f1c3129cbc2c9581453_1.jpg?strip=all","datePublished":"2025-09-30T09:47:35+00:00","dateModified":"2026-02-19T20:05:18+00:00","breadcrumb":{"@id":"https:\/\/lovme.pt\/index.php\/produto\/secretplay-jogo-de-madeira-torre-do-sexo\/#breadcrumb"},"inLanguage":"pt-PT","potentialAction":[{"@type":"ReadAction","target":["https:\/\/lovme.pt\/index.php\/produto\/secretplay-jogo-de-madeira-torre-do-sexo\/"]}]},{"@type":"ImageObject","inLanguage":"pt-PT","@id":"https:\/\/lovme.pt\/index.php\/produto\/secretplay-jogo-de-madeira-torre-do-sexo\/#primaryimage","url":"https:\/\/erki24nd3ub.exactdn.com\/wp-content\/uploads\/dream\/img\/img_201417_c8df92af18e54f1c3129cbc2c9581453_1.jpg?strip=all","contentUrl":"https:\/\/erki24nd3ub.exactdn.com\/wp-content\/uploads\/dream\/img\/img_201417_c8df92af18e54f1c3129cbc2c9581453_1.jpg?strip=all","width":900,"height":900},{"@type":"BreadcrumbList","@id":"https:\/\/lovme.pt\/index.php\/produto\/secretplay-jogo-de-madeira-torre-do-sexo\/#breadcrumb","itemListElement":[{"@type":"ListItem","position":1,"name":"In\u00edcio","item":"https:\/\/lovme.pt\/"},{"@type":"ListItem","position":2,"name":"Loja","item":"https:\/\/lovme.pt\/index.php\/loja\/"},{"@type":"ListItem","position":3,"name":"SECRETPLAY &#8211; JOGO DE MADEIRA TORRE DO SEXO"}]},{"@type":"WebSite","@id":"https:\/\/lovme.pt\/#website","url":"https:\/\/lovme.pt\/","name":"Lovme Loja Er\u00f3tica N\u00ba1 em Portugal","description":"A melhor loja er\u00f3tica de Portugal.","alternateName":"Loja Er\u00f3tica Lovme","potentialAction":[{"@type":"SearchAction","target":{"@type":"EntryPoint","urlTemplate":"https:\/\/lovme.pt\/?s={search_term_string}"},"query-input":{"@type":"PropertyValueSpecification","valueRequired":true,"valueName":"search_term_string"}}],"inLanguage":"pt-PT"}]}},"_links":{"self":[{"href":"https:\/\/lovme.pt\/index.php\/wp-json\/wp\/v2\/product\/51568","targetHints":{"allow":["GET"]}}],"collection":[{"href":"https:\/\/lovme.pt\/index.php\/wp-json\/wp\/v2\/product"}],"about":[{"href":"https:\/\/lovme.pt\/index.php\/wp-json\/wp\/v2\/types\/product"}],"wp:featuredmedia":[{"embeddable":true,"href":"https:\/\/lovme.pt\/index.php\/wp-json\/wp\/v2\/media\/57110"}],"wp:attachment":[{"href":"https:\/\/lovme.pt\/index.php\/wp-json\/wp\/v2\/media?parent=51568"}],"wp:term":[{"taxonomy":"product_brand","embeddable":true,"href":"https:\/\/lovme.pt\/index.php\/wp-json\/wp\/v2\/product_brand?post=51568"},{"taxonomy":"product_cat","embeddable":true,"href":"https:\/\/lovme.pt\/index.php\/wp-json\/wp\/v2\/product_cat?post=51568"},{"taxonomy":"product_tag","embeddable":true,"href":"https:\/\/lovme.pt\/index.php\/wp-json\/wp\/v2\/product_tag?post=51568"}],"curies":[{"name":"wp","href":"https:\/\/api.w.org\/{rel}","templated":true}]}}