{"id":51530,"date":"2025-10-01T02:29:32","date_gmt":"2025-10-01T02:29:32","guid":{"rendered":"https:\/\/lovme.pt\/?post_type=product&p=51530"},"modified":"2026-02-19T20:19:11","modified_gmt":"2026-02-19T20:19:11","slug":"pretty-love-dj-girl-masturbador-masculino-com-vibracao-5-configuracoes-negro","status":"publish","type":"product","link":"https:\/\/lovme.pt\/index.php\/produto\/pretty-love-dj-girl-masturbador-masculino-com-vibracao-5-configuracoes-negro\/","title":{"rendered":"PRETTY LOVE &#8211; DJ GIRL MASTURBADOR MASCULINO COM VIBRA\u00c7\u00c3O 5 CONFIGURA\u00c7\u00d5ES NEGRO"},"content":{"rendered":"<p><strong>LINDO AMOR BM-00900T96<\/strong><br \/> Desfrute de um prazer profundo e satisfat\u00f3rio com este copo masturbador vibrat\u00f3rio multivelocidade. Este fant\u00e1stico brinquedo masculino lhe dar\u00e1 uma experi\u00eancia muito maior do que o normal, devido ao seu design de fixa\u00e7\u00e3o exclusivo, os copos em ambos os lados podem ser apertados manualmente para maior prazer. E pontos de entrada ultrarrealistas, al\u00e9m de mangas internas nervuradas e estriadas, proporcionam a experi\u00eancia de penetra\u00e7\u00e3o perfeita, enquanto o design de vibra\u00e7\u00e3o multivelocidade lhe d\u00e1 o m\u00e1ximo de sensa\u00e7\u00f5es. Aproveite o canal interno texturizado at\u00e9 atingir uma intensa libera\u00e7\u00e3o org\u00e1stica.<\/p>\n<p> <strong>Caracter\u00edsticas:<\/strong> <\/p>\n<ul>\n<li style=\"box-sizing: border-box; transition: 300ms; position: relative; line-height: 20px;\"> Fun\u00e7\u00e3o: 5 fun\u00e7\u00f5es de vibra\u00e7\u00e3o 5 configura\u00e7\u00f5es de compress\u00e3o<\/li>\n<li style=\"box-sizing: border-box; transition: 300ms; position: relative; line-height: 20px;\"> Material: TPR<\/li>\n<li style=\"box-sizing: border-box; transition: 300ms; position: relative; line-height: 20px;\"> Alimenta\u00e7\u00e3o: Carregamento USB Tipo C<\/li>\n<\/ul>\n","protected":false},"excerpt":{"rendered":"<p>PRETTY LOVE &#8211; DJ GIRL MASTURBADOR MASCULINO COM VIBRA\u00c7\u00c3O 5 CONFIGURA\u00c7\u00d5ES NEGRO<\/p>\n","protected":false},"featured_media":97214,"template":"","meta":{"_acf_changed":false},"product_brand":[],"product_cat":[17,58,60],"product_tag":[],"class_list":{"0":"post-51530","1":"product","2":"type-product","3":"status-publish","4":"has-post-thumbnail","6":"product_cat-brinquedos-de-bem-estar-sexual","7":"product_cat-masturbadores-para-penis","8":"product_cat-para-eles","9":"yith_product_brand-pretty-love","10":"yith_product_brand-pretty-lovepretty-love-male","12":"first","13":"instock","14":"taxable","15":"shipping-taxable","16":"purchasable","17":"product-type-simple"},"acf":[],"yoast_head":"<!-- This site is optimized with the Yoast SEO plugin v27.4 - https:\/\/yoast.com\/product\/yoast-seo-wordpress\/ -->\n<title>PRETTY LOVE - DJ GIRL MASTURBADOR MASCULINO COM VIBRA\u00c7\u00c3O 5 CONFIGURA\u00c7\u00d5ES NEGRO - Lovme<\/title>\n<meta name=\"robots\" content=\"index, follow, max-snippet:-1, max-image-preview:large, max-video-preview:-1\" \/>\n<link rel=\"canonical\" href=\"https:\/\/lovme.pt\/index.php\/produto\/pretty-love-dj-girl-masturbador-masculino-com-vibracao-5-configuracoes-negro\/\" \/>\n<meta property=\"og:locale\" content=\"pt_PT\" \/>\n<meta property=\"og:type\" content=\"article\" \/>\n<meta property=\"og:title\" content=\"PRETTY LOVE - DJ GIRL MASTURBADOR MASCULINO COM VIBRA\u00c7\u00c3O 5 CONFIGURA\u00c7\u00d5ES NEGRO - Lovme\" \/>\n<meta property=\"og:description\" content=\"PRETTY LOVE - DJ GIRL MASTURBADOR MASCULINO COM VIBRA\u00c7\u00c3O 5 CONFIGURA\u00c7\u00d5ES NEGRO\" \/>\n<meta property=\"og:url\" content=\"https:\/\/lovme.pt\/index.php\/produto\/pretty-love-dj-girl-masturbador-masculino-com-vibracao-5-configuracoes-negro\/\" \/>\n<meta property=\"og:site_name\" content=\"Lovme\" \/>\n<meta property=\"article:modified_time\" content=\"2026-02-19T20:19:11+00:00\" \/>\n<meta property=\"og:image\" content=\"https:\/\/erki24nd3ub.exactdn.com\/wp-content\/uploads\/dream\/img\/img_201149_85d141ae30277c86218f0266a32c4437_1.jpg?strip=all\" \/>\n\t<meta property=\"og:image:width\" content=\"900\" \/>\n\t<meta property=\"og:image:height\" content=\"900\" \/>\n\t<meta property=\"og:image:type\" content=\"image\/jpeg\" \/>\n<meta name=\"twitter:card\" content=\"summary_large_image\" \/>\n<meta name=\"twitter:label1\" content=\"Tempo estimado de leitura\" \/>\n\t<meta name=\"twitter:data1\" content=\"1 minuto\" \/>\n<script type=\"application\/ld+json\" class=\"yoast-schema-graph\">{\"@context\":\"https:\\\/\\\/schema.org\",\"@graph\":[{\"@type\":\"WebPage\",\"@id\":\"https:\\\/\\\/lovme.pt\\\/index.php\\\/produto\\\/pretty-love-dj-girl-masturbador-masculino-com-vibracao-5-configuracoes-negro\\\/\",\"url\":\"https:\\\/\\\/lovme.pt\\\/index.php\\\/produto\\\/pretty-love-dj-girl-masturbador-masculino-com-vibracao-5-configuracoes-negro\\\/\",\"name\":\"PRETTY LOVE - DJ GIRL MASTURBADOR MASCULINO COM VIBRA\u00c7\u00c3O 5 CONFIGURA\u00c7\u00d5ES NEGRO - Lovme\",\"isPartOf\":{\"@id\":\"https:\\\/\\\/lovme.pt\\\/#website\"},\"primaryImageOfPage\":{\"@id\":\"https:\\\/\\\/lovme.pt\\\/index.php\\\/produto\\\/pretty-love-dj-girl-masturbador-masculino-com-vibracao-5-configuracoes-negro\\\/#primaryimage\"},\"image\":{\"@id\":\"https:\\\/\\\/lovme.pt\\\/index.php\\\/produto\\\/pretty-love-dj-girl-masturbador-masculino-com-vibracao-5-configuracoes-negro\\\/#primaryimage\"},\"thumbnailUrl\":\"https:\\\/\\\/erki24nd3ub.exactdn.com\\\/wp-content\\\/uploads\\\/dream\\\/img\\\/img_201149_85d141ae30277c86218f0266a32c4437_1.jpg?strip=all\",\"datePublished\":\"2025-10-01T02:29:32+00:00\",\"dateModified\":\"2026-02-19T20:19:11+00:00\",\"breadcrumb\":{\"@id\":\"https:\\\/\\\/lovme.pt\\\/index.php\\\/produto\\\/pretty-love-dj-girl-masturbador-masculino-com-vibracao-5-configuracoes-negro\\\/#breadcrumb\"},\"inLanguage\":\"pt-PT\",\"potentialAction\":[{\"@type\":\"ReadAction\",\"target\":[\"https:\\\/\\\/lovme.pt\\\/index.php\\\/produto\\\/pretty-love-dj-girl-masturbador-masculino-com-vibracao-5-configuracoes-negro\\\/\"]}]},{\"@type\":\"ImageObject\",\"inLanguage\":\"pt-PT\",\"@id\":\"https:\\\/\\\/lovme.pt\\\/index.php\\\/produto\\\/pretty-love-dj-girl-masturbador-masculino-com-vibracao-5-configuracoes-negro\\\/#primaryimage\",\"url\":\"https:\\\/\\\/erki24nd3ub.exactdn.com\\\/wp-content\\\/uploads\\\/dream\\\/img\\\/img_201149_85d141ae30277c86218f0266a32c4437_1.jpg?strip=all\",\"contentUrl\":\"https:\\\/\\\/erki24nd3ub.exactdn.com\\\/wp-content\\\/uploads\\\/dream\\\/img\\\/img_201149_85d141ae30277c86218f0266a32c4437_1.jpg?strip=all\",\"width\":900,\"height\":900},{\"@type\":\"BreadcrumbList\",\"@id\":\"https:\\\/\\\/lovme.pt\\\/index.php\\\/produto\\\/pretty-love-dj-girl-masturbador-masculino-com-vibracao-5-configuracoes-negro\\\/#breadcrumb\",\"itemListElement\":[{\"@type\":\"ListItem\",\"position\":1,\"name\":\"In\u00edcio\",\"item\":\"https:\\\/\\\/lovme.pt\\\/\"},{\"@type\":\"ListItem\",\"position\":2,\"name\":\"Loja\",\"item\":\"https:\\\/\\\/lovme.pt\\\/index.php\\\/loja\\\/\"},{\"@type\":\"ListItem\",\"position\":3,\"name\":\"PRETTY LOVE &#8211; DJ GIRL MASTURBADOR MASCULINO COM VIBRA\u00c7\u00c3O 5 CONFIGURA\u00c7\u00d5ES NEGRO\"}]},{\"@type\":\"WebSite\",\"@id\":\"https:\\\/\\\/lovme.pt\\\/#website\",\"url\":\"https:\\\/\\\/lovme.pt\\\/\",\"name\":\"Lovme Loja Er\u00f3tica N\u00ba1 em Portugal\",\"description\":\"A melhor loja er\u00f3tica de Portugal.\",\"alternateName\":\"Loja Er\u00f3tica Lovme\",\"potentialAction\":[{\"@type\":\"SearchAction\",\"target\":{\"@type\":\"EntryPoint\",\"urlTemplate\":\"https:\\\/\\\/lovme.pt\\\/?s={search_term_string}\"},\"query-input\":{\"@type\":\"PropertyValueSpecification\",\"valueRequired\":true,\"valueName\":\"search_term_string\"}}],\"inLanguage\":\"pt-PT\"}]}<\/script>\n<!-- \/ Yoast SEO plugin. -->","yoast_head_json":{"title":"PRETTY LOVE - DJ GIRL MASTURBADOR MASCULINO COM VIBRA\u00c7\u00c3O 5 CONFIGURA\u00c7\u00d5ES NEGRO - Lovme","robots":{"index":"index","follow":"follow","max-snippet":"max-snippet:-1","max-image-preview":"max-image-preview:large","max-video-preview":"max-video-preview:-1"},"canonical":"https:\/\/lovme.pt\/index.php\/produto\/pretty-love-dj-girl-masturbador-masculino-com-vibracao-5-configuracoes-negro\/","og_locale":"pt_PT","og_type":"article","og_title":"PRETTY LOVE - DJ GIRL MASTURBADOR MASCULINO COM VIBRA\u00c7\u00c3O 5 CONFIGURA\u00c7\u00d5ES NEGRO - Lovme","og_description":"PRETTY LOVE - DJ GIRL MASTURBADOR MASCULINO COM VIBRA\u00c7\u00c3O 5 CONFIGURA\u00c7\u00d5ES NEGRO","og_url":"https:\/\/lovme.pt\/index.php\/produto\/pretty-love-dj-girl-masturbador-masculino-com-vibracao-5-configuracoes-negro\/","og_site_name":"Lovme","article_modified_time":"2026-02-19T20:19:11+00:00","og_image":[{"width":900,"height":900,"url":"https:\/\/erki24nd3ub.exactdn.com\/wp-content\/uploads\/dream\/img\/img_201149_85d141ae30277c86218f0266a32c4437_1.jpg?strip=all","type":"image\/jpeg"}],"twitter_card":"summary_large_image","twitter_misc":{"Tempo estimado de leitura":"1 minuto"},"schema":{"@context":"https:\/\/schema.org","@graph":[{"@type":"WebPage","@id":"https:\/\/lovme.pt\/index.php\/produto\/pretty-love-dj-girl-masturbador-masculino-com-vibracao-5-configuracoes-negro\/","url":"https:\/\/lovme.pt\/index.php\/produto\/pretty-love-dj-girl-masturbador-masculino-com-vibracao-5-configuracoes-negro\/","name":"PRETTY LOVE - DJ GIRL MASTURBADOR MASCULINO COM VIBRA\u00c7\u00c3O 5 CONFIGURA\u00c7\u00d5ES NEGRO - Lovme","isPartOf":{"@id":"https:\/\/lovme.pt\/#website"},"primaryImageOfPage":{"@id":"https:\/\/lovme.pt\/index.php\/produto\/pretty-love-dj-girl-masturbador-masculino-com-vibracao-5-configuracoes-negro\/#primaryimage"},"image":{"@id":"https:\/\/lovme.pt\/index.php\/produto\/pretty-love-dj-girl-masturbador-masculino-com-vibracao-5-configuracoes-negro\/#primaryimage"},"thumbnailUrl":"https:\/\/erki24nd3ub.exactdn.com\/wp-content\/uploads\/dream\/img\/img_201149_85d141ae30277c86218f0266a32c4437_1.jpg?strip=all","datePublished":"2025-10-01T02:29:32+00:00","dateModified":"2026-02-19T20:19:11+00:00","breadcrumb":{"@id":"https:\/\/lovme.pt\/index.php\/produto\/pretty-love-dj-girl-masturbador-masculino-com-vibracao-5-configuracoes-negro\/#breadcrumb"},"inLanguage":"pt-PT","potentialAction":[{"@type":"ReadAction","target":["https:\/\/lovme.pt\/index.php\/produto\/pretty-love-dj-girl-masturbador-masculino-com-vibracao-5-configuracoes-negro\/"]}]},{"@type":"ImageObject","inLanguage":"pt-PT","@id":"https:\/\/lovme.pt\/index.php\/produto\/pretty-love-dj-girl-masturbador-masculino-com-vibracao-5-configuracoes-negro\/#primaryimage","url":"https:\/\/erki24nd3ub.exactdn.com\/wp-content\/uploads\/dream\/img\/img_201149_85d141ae30277c86218f0266a32c4437_1.jpg?strip=all","contentUrl":"https:\/\/erki24nd3ub.exactdn.com\/wp-content\/uploads\/dream\/img\/img_201149_85d141ae30277c86218f0266a32c4437_1.jpg?strip=all","width":900,"height":900},{"@type":"BreadcrumbList","@id":"https:\/\/lovme.pt\/index.php\/produto\/pretty-love-dj-girl-masturbador-masculino-com-vibracao-5-configuracoes-negro\/#breadcrumb","itemListElement":[{"@type":"ListItem","position":1,"name":"In\u00edcio","item":"https:\/\/lovme.pt\/"},{"@type":"ListItem","position":2,"name":"Loja","item":"https:\/\/lovme.pt\/index.php\/loja\/"},{"@type":"ListItem","position":3,"name":"PRETTY LOVE &#8211; DJ GIRL MASTURBADOR MASCULINO COM VIBRA\u00c7\u00c3O 5 CONFIGURA\u00c7\u00d5ES NEGRO"}]},{"@type":"WebSite","@id":"https:\/\/lovme.pt\/#website","url":"https:\/\/lovme.pt\/","name":"Lovme Loja Er\u00f3tica N\u00ba1 em Portugal","description":"A melhor loja er\u00f3tica de Portugal.","alternateName":"Loja Er\u00f3tica Lovme","potentialAction":[{"@type":"SearchAction","target":{"@type":"EntryPoint","urlTemplate":"https:\/\/lovme.pt\/?s={search_term_string}"},"query-input":{"@type":"PropertyValueSpecification","valueRequired":true,"valueName":"search_term_string"}}],"inLanguage":"pt-PT"}]}},"_links":{"self":[{"href":"https:\/\/lovme.pt\/index.php\/wp-json\/wp\/v2\/product\/51530","targetHints":{"allow":["GET"]}}],"collection":[{"href":"https:\/\/lovme.pt\/index.php\/wp-json\/wp\/v2\/product"}],"about":[{"href":"https:\/\/lovme.pt\/index.php\/wp-json\/wp\/v2\/types\/product"}],"wp:featuredmedia":[{"embeddable":true,"href":"https:\/\/lovme.pt\/index.php\/wp-json\/wp\/v2\/media\/97214"}],"wp:attachment":[{"href":"https:\/\/lovme.pt\/index.php\/wp-json\/wp\/v2\/media?parent=51530"}],"wp:term":[{"taxonomy":"product_brand","embeddable":true,"href":"https:\/\/lovme.pt\/index.php\/wp-json\/wp\/v2\/product_brand?post=51530"},{"taxonomy":"product_cat","embeddable":true,"href":"https:\/\/lovme.pt\/index.php\/wp-json\/wp\/v2\/product_cat?post=51530"},{"taxonomy":"product_tag","embeddable":true,"href":"https:\/\/lovme.pt\/index.php\/wp-json\/wp\/v2\/product_tag?post=51530"}],"curies":[{"name":"wp","href":"https:\/\/api.w.org\/{rel}","templated":true}]}}