{"id":51359,"date":"2025-10-01T03:13:39","date_gmt":"2025-10-01T03:13:39","guid":{"rendered":"https:\/\/lovme.pt\/?post_type=product&p=51359"},"modified":"2026-02-19T20:22:41","modified_gmt":"2026-02-19T20:22:41","slug":"philips-pilha-alcalina-de-alimentacao-c-lr14-blister2","status":"publish","type":"product","link":"https:\/\/lovme.pt\/index.php\/produto\/philips-pilha-alcalina-de-alimentacao-c-lr14-blister2\/","title":{"rendered":"PHILIPS &#8211; PILHA ALCALINA DE ALIMENTA\u00c7\u00c3O C LR14 BLISTER*2"},"content":{"rendered":"<p>As pilhas C s\u00e3o comumente usadas em brinquedos, jogos infantis, flashes fotogr\u00e1ficos, tochas, tocadores de \u00e1udio port\u00e1teis, etc. As pilhas alcalinas t\u00eam uma vida \u00fatil de cerca de 6 anos. A bateria CA mede 50 mm de comprimento e 26 mm de di\u00e2metro e pesa 69 gramas. Elas tamb\u00e9m est\u00e3o dispon\u00edveis no modelo recarreg\u00e1vel HR14, com o mesmo di\u00e2metro e espessura, seu peso varia dependendo da capacidade do modelo. Como toda a gama de pilhas recarreg\u00e1veis, sua voltagem \u00e9 de 1,2 volts e sua capacidade em mAh pode variar dependendo da marca e do modelo.<\/p>\n<p> <strong>CARACTER\u00cdSTICAS T\u00c9CNICAS:<\/strong><\/p>\n<ul>\n<li> Modelo: LR14P2B\/05<\/li>\n<li> Marca: Philips<\/li>\n<li> Tipo: C Alcalino<\/li>\n<li> Tecnologia: Alcalina<\/li>\n<li> Voltagem: 1,5 V<\/li>\n<li> Usos: Luzes de bicicleta, r\u00e1dios, lanternas, brinquedos&#8230;<\/li>\n<\/ul>\n<p> <strong>EMBALAGEM:<\/strong><\/p>\n<ul>\n<li> Formato: Blister<\/li>\n<li> Dimens\u00f5es (bateria): Altura: 50 mm Largura: 26 mm<\/li>\n<li> Pilhas por blister: 2<\/li>\n<li> Dimens\u00f5es (Blister): 8x3x12cm<\/li>\n<li> Peso da bolha: 141,5g<\/li>\n<li> N\u00famero de telefone: 4898338000634<\/li>\n<li> Embalagem: Caixa<\/li>\n<li> Blister por caixa: 12<\/li>\n<li> Dimens\u00f5es (Caixa): 16,5&#215;13,5&#215;10,5cm<\/li>\n<li> Peso da caixa: 1824,9g<\/li>\n<li> N\u00famero de telefone: 16959033840040<\/li>\n<li> *20191004 Os recursos podem variar de acordo com a vers\u00e3o.<\/li>\n<\/ul>\n","protected":false},"excerpt":{"rendered":"<p>PHILIPS &#8211; PILHA ALCALINA DE ALIMENTA\u00c7\u00c3O C LR14 BLISTER*2<\/p>\n","protected":false},"featured_media":102147,"template":"","meta":{"_acf_changed":false},"product_brand":[],"product_cat":[15],"product_tag":[],"class_list":{"0":"post-51359","1":"product","2":"type-product","3":"status-publish","4":"has-post-thumbnail","6":"product_cat-loja","7":"yith_product_brand-phillips","9":"first","10":"instock","11":"taxable","12":"shipping-taxable","13":"purchasable","14":"product-type-simple"},"acf":[],"yoast_head":"<!-- This site is optimized with the Yoast SEO plugin v27.4 - https:\/\/yoast.com\/product\/yoast-seo-wordpress\/ -->\n<title>PHILIPS - PILHA ALCALINA DE ALIMENTA\u00c7\u00c3O C LR14 BLISTER*2 - Lovme<\/title>\n<meta name=\"robots\" content=\"index, follow, max-snippet:-1, max-image-preview:large, max-video-preview:-1\" \/>\n<link rel=\"canonical\" href=\"https:\/\/lovme.pt\/index.php\/produto\/philips-pilha-alcalina-de-alimentacao-c-lr14-blister2\/\" \/>\n<meta property=\"og:locale\" content=\"pt_PT\" \/>\n<meta property=\"og:type\" content=\"article\" \/>\n<meta property=\"og:title\" content=\"PHILIPS - PILHA ALCALINA DE ALIMENTA\u00c7\u00c3O C LR14 BLISTER*2 - Lovme\" \/>\n<meta property=\"og:description\" content=\"PHILIPS - PILHA ALCALINA DE ALIMENTA\u00c7\u00c3O C LR14 BLISTER*2\" \/>\n<meta property=\"og:url\" content=\"https:\/\/lovme.pt\/index.php\/produto\/philips-pilha-alcalina-de-alimentacao-c-lr14-blister2\/\" \/>\n<meta property=\"og:site_name\" content=\"Lovme\" \/>\n<meta property=\"article:modified_time\" content=\"2026-02-19T20:22:41+00:00\" \/>\n<meta property=\"og:image\" content=\"https:\/\/erki24nd3ub.exactdn.com\/wp-content\/uploads\/dream\/img\/img_199076_922833139163301f0508c7c2c49e4b2e_1.jpg?strip=all\" \/>\n\t<meta property=\"og:image:width\" content=\"800\" \/>\n\t<meta property=\"og:image:height\" content=\"800\" \/>\n\t<meta property=\"og:image:type\" content=\"image\/jpeg\" \/>\n<meta name=\"twitter:card\" content=\"summary_large_image\" \/>\n<meta name=\"twitter:label1\" content=\"Tempo estimado de leitura\" \/>\n\t<meta name=\"twitter:data1\" content=\"1 minuto\" \/>\n<script type=\"application\/ld+json\" class=\"yoast-schema-graph\">{\"@context\":\"https:\\\/\\\/schema.org\",\"@graph\":[{\"@type\":\"WebPage\",\"@id\":\"https:\\\/\\\/lovme.pt\\\/index.php\\\/produto\\\/philips-pilha-alcalina-de-alimentacao-c-lr14-blister2\\\/\",\"url\":\"https:\\\/\\\/lovme.pt\\\/index.php\\\/produto\\\/philips-pilha-alcalina-de-alimentacao-c-lr14-blister2\\\/\",\"name\":\"PHILIPS - PILHA ALCALINA DE ALIMENTA\u00c7\u00c3O C LR14 BLISTER*2 - Lovme\",\"isPartOf\":{\"@id\":\"https:\\\/\\\/lovme.pt\\\/#website\"},\"primaryImageOfPage\":{\"@id\":\"https:\\\/\\\/lovme.pt\\\/index.php\\\/produto\\\/philips-pilha-alcalina-de-alimentacao-c-lr14-blister2\\\/#primaryimage\"},\"image\":{\"@id\":\"https:\\\/\\\/lovme.pt\\\/index.php\\\/produto\\\/philips-pilha-alcalina-de-alimentacao-c-lr14-blister2\\\/#primaryimage\"},\"thumbnailUrl\":\"https:\\\/\\\/erki24nd3ub.exactdn.com\\\/wp-content\\\/uploads\\\/dream\\\/img\\\/img_199076_922833139163301f0508c7c2c49e4b2e_1.jpg?strip=all\",\"datePublished\":\"2025-10-01T03:13:39+00:00\",\"dateModified\":\"2026-02-19T20:22:41+00:00\",\"breadcrumb\":{\"@id\":\"https:\\\/\\\/lovme.pt\\\/index.php\\\/produto\\\/philips-pilha-alcalina-de-alimentacao-c-lr14-blister2\\\/#breadcrumb\"},\"inLanguage\":\"pt-PT\",\"potentialAction\":[{\"@type\":\"ReadAction\",\"target\":[\"https:\\\/\\\/lovme.pt\\\/index.php\\\/produto\\\/philips-pilha-alcalina-de-alimentacao-c-lr14-blister2\\\/\"]}]},{\"@type\":\"ImageObject\",\"inLanguage\":\"pt-PT\",\"@id\":\"https:\\\/\\\/lovme.pt\\\/index.php\\\/produto\\\/philips-pilha-alcalina-de-alimentacao-c-lr14-blister2\\\/#primaryimage\",\"url\":\"https:\\\/\\\/erki24nd3ub.exactdn.com\\\/wp-content\\\/uploads\\\/dream\\\/img\\\/img_199076_922833139163301f0508c7c2c49e4b2e_1.jpg?strip=all\",\"contentUrl\":\"https:\\\/\\\/erki24nd3ub.exactdn.com\\\/wp-content\\\/uploads\\\/dream\\\/img\\\/img_199076_922833139163301f0508c7c2c49e4b2e_1.jpg?strip=all\",\"width\":800,\"height\":800},{\"@type\":\"BreadcrumbList\",\"@id\":\"https:\\\/\\\/lovme.pt\\\/index.php\\\/produto\\\/philips-pilha-alcalina-de-alimentacao-c-lr14-blister2\\\/#breadcrumb\",\"itemListElement\":[{\"@type\":\"ListItem\",\"position\":1,\"name\":\"In\u00edcio\",\"item\":\"https:\\\/\\\/lovme.pt\\\/\"},{\"@type\":\"ListItem\",\"position\":2,\"name\":\"Loja\",\"item\":\"https:\\\/\\\/lovme.pt\\\/index.php\\\/loja\\\/\"},{\"@type\":\"ListItem\",\"position\":3,\"name\":\"PHILIPS &#8211; PILHA ALCALINA DE ALIMENTA\u00c7\u00c3O C LR14 BLISTER*2\"}]},{\"@type\":\"WebSite\",\"@id\":\"https:\\\/\\\/lovme.pt\\\/#website\",\"url\":\"https:\\\/\\\/lovme.pt\\\/\",\"name\":\"Lovme Loja Er\u00f3tica N\u00ba1 em Portugal\",\"description\":\"A melhor loja er\u00f3tica de Portugal.\",\"alternateName\":\"Loja Er\u00f3tica Lovme\",\"potentialAction\":[{\"@type\":\"SearchAction\",\"target\":{\"@type\":\"EntryPoint\",\"urlTemplate\":\"https:\\\/\\\/lovme.pt\\\/?s={search_term_string}\"},\"query-input\":{\"@type\":\"PropertyValueSpecification\",\"valueRequired\":true,\"valueName\":\"search_term_string\"}}],\"inLanguage\":\"pt-PT\"}]}<\/script>\n<!-- \/ Yoast SEO plugin. -->","yoast_head_json":{"title":"PHILIPS - PILHA ALCALINA DE ALIMENTA\u00c7\u00c3O C LR14 BLISTER*2 - Lovme","robots":{"index":"index","follow":"follow","max-snippet":"max-snippet:-1","max-image-preview":"max-image-preview:large","max-video-preview":"max-video-preview:-1"},"canonical":"https:\/\/lovme.pt\/index.php\/produto\/philips-pilha-alcalina-de-alimentacao-c-lr14-blister2\/","og_locale":"pt_PT","og_type":"article","og_title":"PHILIPS - PILHA ALCALINA DE ALIMENTA\u00c7\u00c3O C LR14 BLISTER*2 - Lovme","og_description":"PHILIPS - PILHA ALCALINA DE ALIMENTA\u00c7\u00c3O C LR14 BLISTER*2","og_url":"https:\/\/lovme.pt\/index.php\/produto\/philips-pilha-alcalina-de-alimentacao-c-lr14-blister2\/","og_site_name":"Lovme","article_modified_time":"2026-02-19T20:22:41+00:00","og_image":[{"width":800,"height":800,"url":"https:\/\/erki24nd3ub.exactdn.com\/wp-content\/uploads\/dream\/img\/img_199076_922833139163301f0508c7c2c49e4b2e_1.jpg?strip=all","type":"image\/jpeg"}],"twitter_card":"summary_large_image","twitter_misc":{"Tempo estimado de leitura":"1 minuto"},"schema":{"@context":"https:\/\/schema.org","@graph":[{"@type":"WebPage","@id":"https:\/\/lovme.pt\/index.php\/produto\/philips-pilha-alcalina-de-alimentacao-c-lr14-blister2\/","url":"https:\/\/lovme.pt\/index.php\/produto\/philips-pilha-alcalina-de-alimentacao-c-lr14-blister2\/","name":"PHILIPS - PILHA ALCALINA DE ALIMENTA\u00c7\u00c3O C LR14 BLISTER*2 - Lovme","isPartOf":{"@id":"https:\/\/lovme.pt\/#website"},"primaryImageOfPage":{"@id":"https:\/\/lovme.pt\/index.php\/produto\/philips-pilha-alcalina-de-alimentacao-c-lr14-blister2\/#primaryimage"},"image":{"@id":"https:\/\/lovme.pt\/index.php\/produto\/philips-pilha-alcalina-de-alimentacao-c-lr14-blister2\/#primaryimage"},"thumbnailUrl":"https:\/\/erki24nd3ub.exactdn.com\/wp-content\/uploads\/dream\/img\/img_199076_922833139163301f0508c7c2c49e4b2e_1.jpg?strip=all","datePublished":"2025-10-01T03:13:39+00:00","dateModified":"2026-02-19T20:22:41+00:00","breadcrumb":{"@id":"https:\/\/lovme.pt\/index.php\/produto\/philips-pilha-alcalina-de-alimentacao-c-lr14-blister2\/#breadcrumb"},"inLanguage":"pt-PT","potentialAction":[{"@type":"ReadAction","target":["https:\/\/lovme.pt\/index.php\/produto\/philips-pilha-alcalina-de-alimentacao-c-lr14-blister2\/"]}]},{"@type":"ImageObject","inLanguage":"pt-PT","@id":"https:\/\/lovme.pt\/index.php\/produto\/philips-pilha-alcalina-de-alimentacao-c-lr14-blister2\/#primaryimage","url":"https:\/\/erki24nd3ub.exactdn.com\/wp-content\/uploads\/dream\/img\/img_199076_922833139163301f0508c7c2c49e4b2e_1.jpg?strip=all","contentUrl":"https:\/\/erki24nd3ub.exactdn.com\/wp-content\/uploads\/dream\/img\/img_199076_922833139163301f0508c7c2c49e4b2e_1.jpg?strip=all","width":800,"height":800},{"@type":"BreadcrumbList","@id":"https:\/\/lovme.pt\/index.php\/produto\/philips-pilha-alcalina-de-alimentacao-c-lr14-blister2\/#breadcrumb","itemListElement":[{"@type":"ListItem","position":1,"name":"In\u00edcio","item":"https:\/\/lovme.pt\/"},{"@type":"ListItem","position":2,"name":"Loja","item":"https:\/\/lovme.pt\/index.php\/loja\/"},{"@type":"ListItem","position":3,"name":"PHILIPS &#8211; PILHA ALCALINA DE ALIMENTA\u00c7\u00c3O C LR14 BLISTER*2"}]},{"@type":"WebSite","@id":"https:\/\/lovme.pt\/#website","url":"https:\/\/lovme.pt\/","name":"Lovme Loja Er\u00f3tica N\u00ba1 em Portugal","description":"A melhor loja er\u00f3tica de Portugal.","alternateName":"Loja Er\u00f3tica Lovme","potentialAction":[{"@type":"SearchAction","target":{"@type":"EntryPoint","urlTemplate":"https:\/\/lovme.pt\/?s={search_term_string}"},"query-input":{"@type":"PropertyValueSpecification","valueRequired":true,"valueName":"search_term_string"}}],"inLanguage":"pt-PT"}]}},"_links":{"self":[{"href":"https:\/\/lovme.pt\/index.php\/wp-json\/wp\/v2\/product\/51359","targetHints":{"allow":["GET"]}}],"collection":[{"href":"https:\/\/lovme.pt\/index.php\/wp-json\/wp\/v2\/product"}],"about":[{"href":"https:\/\/lovme.pt\/index.php\/wp-json\/wp\/v2\/types\/product"}],"wp:featuredmedia":[{"embeddable":true,"href":"https:\/\/lovme.pt\/index.php\/wp-json\/wp\/v2\/media\/102147"}],"wp:attachment":[{"href":"https:\/\/lovme.pt\/index.php\/wp-json\/wp\/v2\/media?parent=51359"}],"wp:term":[{"taxonomy":"product_brand","embeddable":true,"href":"https:\/\/lovme.pt\/index.php\/wp-json\/wp\/v2\/product_brand?post=51359"},{"taxonomy":"product_cat","embeddable":true,"href":"https:\/\/lovme.pt\/index.php\/wp-json\/wp\/v2\/product_cat?post=51359"},{"taxonomy":"product_tag","embeddable":true,"href":"https:\/\/lovme.pt\/index.php\/wp-json\/wp\/v2\/product_tag?post=51359"}],"curies":[{"name":"wp","href":"https:\/\/api.w.org\/{rel}","templated":true}]}}