{"id":51305,"date":"2025-10-01T03:13:23","date_gmt":"2025-10-01T03:13:23","guid":{"rendered":"https:\/\/lovme.pt\/?post_type=product&p=51305"},"modified":"2026-02-19T20:22:40","modified_gmt":"2026-02-19T20:22:40","slug":"varta-pilha-alcalina-energetica-aa-lr6-blister4","status":"publish","type":"product","link":"https:\/\/lovme.pt\/index.php\/produto\/varta-pilha-alcalina-energetica-aa-lr6-blister4\/","title":{"rendered":"VARTA &#8211; PILHA ALCALINA ENERG\u00c9TICA AA LR6 BLISTER*4"},"content":{"rendered":"<p>A bateria AA \u00e9 a bateria mais amplamente usada no mundo e pode ser encontrada em centenas de milhares de dispositivos. Os c\u00f3digos IEC para baterias AA incluem o popular LR6 para baterias alcalinas AA e HR6 para baterias recarreg\u00e1veis NiMH. A voltagem normal para essas baterias \u00e9 1,5 V, enquanto as baterias recarreg\u00e1veis normalmente fornecem 1,2 V. As baterias AA de l\u00edtio mais novas fornecem capacidade muito maior por um pre\u00e7o um pouco mais alto. Introduzidas em 1907, o tamanho da bateria AA foi padronizado pelo American National Standards Institute (ANSI) em 1947, mas foi usado em lanternas e novidades el\u00e9tricas por algum tempo antes da padroniza\u00e7\u00e3o formal. A nomenclatura de bateria ANSI e IEC fornece v\u00e1rias designa\u00e7\u00f5es para c\u00e9lulas desse tamanho, dependendo das caracter\u00edsticas e qu\u00edmica da c\u00e9lula. Cada bateria AA tem 51 mm de comprimento e 14 mm de di\u00e2metro. Os formatos em que a bateria AA est\u00e1 dispon\u00edvel s\u00e3o baterias alcalinas, baterias salinas, baterias de l\u00edtio de longa dura\u00e7\u00e3o e baterias recarreg\u00e1veis de v\u00e1rias capacidades. Pilhas alcalinas AA t\u00eam uma vida \u00fatil de cerca de 6 anos, enquanto equivalentes de l\u00edtio AA duram at\u00e9 9 anos antes do uso. Pilhas AA recarreg\u00e1veis agora est\u00e3o dispon\u00edveis em NiMH com capacidades de at\u00e9 2850mAh e tamb\u00e9m est\u00e3o dispon\u00edveis na nova tecnologia &#8220;pr\u00e9-carregada&#8221; que permite que voc\u00ea as use, direto da embalagem.<\/p>\n<p><strong>CARACTER\u00cdSTICAS T\u00c9CNICAS:<\/strong><\/p>\n<ul>\n<li>Modelo: VELR6B4<\/li>\n<li>Marca: Varta<\/li>\n<li>Tipo: AA Alcalina<\/li>\n<li>Tecnologia: L\u00edtio<\/li>\n<li>Voltagem: 1,5 V<\/li>\n<li>Usos: Rel\u00f3gios de parede, teclados e mouses, controles remotos, lanternas, brinquedos<\/li>\n<\/ul>\n<p><strong>EMBALAGEM:<\/strong><\/p>\n<ul>\n<li>Formato: Blister<\/li>\n<li>Dimens\u00f5es (bateria): Altura: 51 mm Di\u00e2metro: 15 mm<\/li>\n<li>Pilhas por blister: 4<\/li>\n<li>Dimens\u00f5es (Blister): 8x1x12cm<\/li>\n<li>Peso da bolha: 97g<\/li>\n<li>N\u00famero de identifica\u00e7\u00e3o: 4008496626410<\/li>\n<li>Embalagem: Caixa<\/li>\n<li>Blister por caixa: 20<\/li>\n<li>Dimens\u00f5es (Caixa): &#8211;<\/li>\n<li>Peso da caixa: &#8211;<\/li>\n<li>Ingl\u00eas:<\/li>\n<li>*As caracter\u00edsticas podem variar dependendo da vers\u00e3o.<\/li>\n<\/ul>\n","protected":false},"excerpt":{"rendered":"<p>VARTA &#8211; PILHA ALCALINA ENERG\u00c9TICA AA LR6 BLISTER*4<\/p>\n","protected":false},"featured_media":102131,"template":"","meta":{"_acf_changed":false},"product_brand":[],"product_cat":[15],"product_tag":[],"class_list":{"0":"post-51305","1":"product","2":"type-product","3":"status-publish","4":"has-post-thumbnail","6":"product_cat-loja","7":"yith_product_brand-varta","9":"first","10":"instock","11":"taxable","12":"shipping-taxable","13":"purchasable","14":"product-type-simple"},"acf":[],"yoast_head":"<!-- This site is optimized with the Yoast SEO plugin v27.4 - https:\/\/yoast.com\/product\/yoast-seo-wordpress\/ -->\n<title>VARTA - PILHA ALCALINA ENERG\u00c9TICA AA LR6 BLISTER*4 - Lovme<\/title>\n<meta name=\"robots\" content=\"index, follow, max-snippet:-1, max-image-preview:large, max-video-preview:-1\" \/>\n<link rel=\"canonical\" href=\"https:\/\/lovme.pt\/index.php\/produto\/varta-pilha-alcalina-energetica-aa-lr6-blister4\/\" \/>\n<meta property=\"og:locale\" content=\"pt_PT\" \/>\n<meta property=\"og:type\" content=\"article\" \/>\n<meta property=\"og:title\" content=\"VARTA - PILHA ALCALINA ENERG\u00c9TICA AA LR6 BLISTER*4 - Lovme\" \/>\n<meta property=\"og:description\" content=\"VARTA - PILHA ALCALINA ENERG\u00c9TICA AA LR6 BLISTER*4\" \/>\n<meta property=\"og:url\" content=\"https:\/\/lovme.pt\/index.php\/produto\/varta-pilha-alcalina-energetica-aa-lr6-blister4\/\" \/>\n<meta property=\"og:site_name\" content=\"Lovme\" \/>\n<meta property=\"article:modified_time\" content=\"2026-02-19T20:22:40+00:00\" \/>\n<meta property=\"og:image\" content=\"https:\/\/erki24nd3ub.exactdn.com\/wp-content\/uploads\/dream\/img\/img_198882_5ff1f05f939f81940c6528f4e5f80cee_1.jpg?strip=all\" \/>\n\t<meta property=\"og:image:width\" content=\"800\" \/>\n\t<meta property=\"og:image:height\" content=\"800\" \/>\n\t<meta property=\"og:image:type\" content=\"image\/jpeg\" \/>\n<meta name=\"twitter:card\" content=\"summary_large_image\" \/>\n<meta name=\"twitter:label1\" content=\"Tempo estimado de leitura\" \/>\n\t<meta name=\"twitter:data1\" content=\"2 minutos\" \/>\n<script type=\"application\/ld+json\" class=\"yoast-schema-graph\">{\"@context\":\"https:\\\/\\\/schema.org\",\"@graph\":[{\"@type\":\"WebPage\",\"@id\":\"https:\\\/\\\/lovme.pt\\\/index.php\\\/produto\\\/varta-pilha-alcalina-energetica-aa-lr6-blister4\\\/\",\"url\":\"https:\\\/\\\/lovme.pt\\\/index.php\\\/produto\\\/varta-pilha-alcalina-energetica-aa-lr6-blister4\\\/\",\"name\":\"VARTA - PILHA ALCALINA ENERG\u00c9TICA AA LR6 BLISTER*4 - Lovme\",\"isPartOf\":{\"@id\":\"https:\\\/\\\/lovme.pt\\\/#website\"},\"primaryImageOfPage\":{\"@id\":\"https:\\\/\\\/lovme.pt\\\/index.php\\\/produto\\\/varta-pilha-alcalina-energetica-aa-lr6-blister4\\\/#primaryimage\"},\"image\":{\"@id\":\"https:\\\/\\\/lovme.pt\\\/index.php\\\/produto\\\/varta-pilha-alcalina-energetica-aa-lr6-blister4\\\/#primaryimage\"},\"thumbnailUrl\":\"https:\\\/\\\/erki24nd3ub.exactdn.com\\\/wp-content\\\/uploads\\\/dream\\\/img\\\/img_198882_5ff1f05f939f81940c6528f4e5f80cee_1.jpg?strip=all\",\"datePublished\":\"2025-10-01T03:13:23+00:00\",\"dateModified\":\"2026-02-19T20:22:40+00:00\",\"breadcrumb\":{\"@id\":\"https:\\\/\\\/lovme.pt\\\/index.php\\\/produto\\\/varta-pilha-alcalina-energetica-aa-lr6-blister4\\\/#breadcrumb\"},\"inLanguage\":\"pt-PT\",\"potentialAction\":[{\"@type\":\"ReadAction\",\"target\":[\"https:\\\/\\\/lovme.pt\\\/index.php\\\/produto\\\/varta-pilha-alcalina-energetica-aa-lr6-blister4\\\/\"]}]},{\"@type\":\"ImageObject\",\"inLanguage\":\"pt-PT\",\"@id\":\"https:\\\/\\\/lovme.pt\\\/index.php\\\/produto\\\/varta-pilha-alcalina-energetica-aa-lr6-blister4\\\/#primaryimage\",\"url\":\"https:\\\/\\\/erki24nd3ub.exactdn.com\\\/wp-content\\\/uploads\\\/dream\\\/img\\\/img_198882_5ff1f05f939f81940c6528f4e5f80cee_1.jpg?strip=all\",\"contentUrl\":\"https:\\\/\\\/erki24nd3ub.exactdn.com\\\/wp-content\\\/uploads\\\/dream\\\/img\\\/img_198882_5ff1f05f939f81940c6528f4e5f80cee_1.jpg?strip=all\",\"width\":800,\"height\":800},{\"@type\":\"BreadcrumbList\",\"@id\":\"https:\\\/\\\/lovme.pt\\\/index.php\\\/produto\\\/varta-pilha-alcalina-energetica-aa-lr6-blister4\\\/#breadcrumb\",\"itemListElement\":[{\"@type\":\"ListItem\",\"position\":1,\"name\":\"In\u00edcio\",\"item\":\"https:\\\/\\\/lovme.pt\\\/\"},{\"@type\":\"ListItem\",\"position\":2,\"name\":\"Loja\",\"item\":\"https:\\\/\\\/lovme.pt\\\/index.php\\\/loja\\\/\"},{\"@type\":\"ListItem\",\"position\":3,\"name\":\"VARTA &#8211; PILHA ALCALINA ENERG\u00c9TICA AA LR6 BLISTER*4\"}]},{\"@type\":\"WebSite\",\"@id\":\"https:\\\/\\\/lovme.pt\\\/#website\",\"url\":\"https:\\\/\\\/lovme.pt\\\/\",\"name\":\"Lovme Loja Er\u00f3tica N\u00ba1 em Portugal\",\"description\":\"A melhor loja er\u00f3tica de Portugal.\",\"alternateName\":\"Loja Er\u00f3tica Lovme\",\"potentialAction\":[{\"@type\":\"SearchAction\",\"target\":{\"@type\":\"EntryPoint\",\"urlTemplate\":\"https:\\\/\\\/lovme.pt\\\/?s={search_term_string}\"},\"query-input\":{\"@type\":\"PropertyValueSpecification\",\"valueRequired\":true,\"valueName\":\"search_term_string\"}}],\"inLanguage\":\"pt-PT\"}]}<\/script>\n<!-- \/ Yoast SEO plugin. -->","yoast_head_json":{"title":"VARTA - PILHA ALCALINA ENERG\u00c9TICA AA LR6 BLISTER*4 - Lovme","robots":{"index":"index","follow":"follow","max-snippet":"max-snippet:-1","max-image-preview":"max-image-preview:large","max-video-preview":"max-video-preview:-1"},"canonical":"https:\/\/lovme.pt\/index.php\/produto\/varta-pilha-alcalina-energetica-aa-lr6-blister4\/","og_locale":"pt_PT","og_type":"article","og_title":"VARTA - PILHA ALCALINA ENERG\u00c9TICA AA LR6 BLISTER*4 - Lovme","og_description":"VARTA - PILHA ALCALINA ENERG\u00c9TICA AA LR6 BLISTER*4","og_url":"https:\/\/lovme.pt\/index.php\/produto\/varta-pilha-alcalina-energetica-aa-lr6-blister4\/","og_site_name":"Lovme","article_modified_time":"2026-02-19T20:22:40+00:00","og_image":[{"width":800,"height":800,"url":"https:\/\/erki24nd3ub.exactdn.com\/wp-content\/uploads\/dream\/img\/img_198882_5ff1f05f939f81940c6528f4e5f80cee_1.jpg?strip=all","type":"image\/jpeg"}],"twitter_card":"summary_large_image","twitter_misc":{"Tempo estimado de leitura":"2 minutos"},"schema":{"@context":"https:\/\/schema.org","@graph":[{"@type":"WebPage","@id":"https:\/\/lovme.pt\/index.php\/produto\/varta-pilha-alcalina-energetica-aa-lr6-blister4\/","url":"https:\/\/lovme.pt\/index.php\/produto\/varta-pilha-alcalina-energetica-aa-lr6-blister4\/","name":"VARTA - PILHA ALCALINA ENERG\u00c9TICA AA LR6 BLISTER*4 - Lovme","isPartOf":{"@id":"https:\/\/lovme.pt\/#website"},"primaryImageOfPage":{"@id":"https:\/\/lovme.pt\/index.php\/produto\/varta-pilha-alcalina-energetica-aa-lr6-blister4\/#primaryimage"},"image":{"@id":"https:\/\/lovme.pt\/index.php\/produto\/varta-pilha-alcalina-energetica-aa-lr6-blister4\/#primaryimage"},"thumbnailUrl":"https:\/\/erki24nd3ub.exactdn.com\/wp-content\/uploads\/dream\/img\/img_198882_5ff1f05f939f81940c6528f4e5f80cee_1.jpg?strip=all","datePublished":"2025-10-01T03:13:23+00:00","dateModified":"2026-02-19T20:22:40+00:00","breadcrumb":{"@id":"https:\/\/lovme.pt\/index.php\/produto\/varta-pilha-alcalina-energetica-aa-lr6-blister4\/#breadcrumb"},"inLanguage":"pt-PT","potentialAction":[{"@type":"ReadAction","target":["https:\/\/lovme.pt\/index.php\/produto\/varta-pilha-alcalina-energetica-aa-lr6-blister4\/"]}]},{"@type":"ImageObject","inLanguage":"pt-PT","@id":"https:\/\/lovme.pt\/index.php\/produto\/varta-pilha-alcalina-energetica-aa-lr6-blister4\/#primaryimage","url":"https:\/\/erki24nd3ub.exactdn.com\/wp-content\/uploads\/dream\/img\/img_198882_5ff1f05f939f81940c6528f4e5f80cee_1.jpg?strip=all","contentUrl":"https:\/\/erki24nd3ub.exactdn.com\/wp-content\/uploads\/dream\/img\/img_198882_5ff1f05f939f81940c6528f4e5f80cee_1.jpg?strip=all","width":800,"height":800},{"@type":"BreadcrumbList","@id":"https:\/\/lovme.pt\/index.php\/produto\/varta-pilha-alcalina-energetica-aa-lr6-blister4\/#breadcrumb","itemListElement":[{"@type":"ListItem","position":1,"name":"In\u00edcio","item":"https:\/\/lovme.pt\/"},{"@type":"ListItem","position":2,"name":"Loja","item":"https:\/\/lovme.pt\/index.php\/loja\/"},{"@type":"ListItem","position":3,"name":"VARTA &#8211; PILHA ALCALINA ENERG\u00c9TICA AA LR6 BLISTER*4"}]},{"@type":"WebSite","@id":"https:\/\/lovme.pt\/#website","url":"https:\/\/lovme.pt\/","name":"Lovme Loja Er\u00f3tica N\u00ba1 em Portugal","description":"A melhor loja er\u00f3tica de Portugal.","alternateName":"Loja Er\u00f3tica Lovme","potentialAction":[{"@type":"SearchAction","target":{"@type":"EntryPoint","urlTemplate":"https:\/\/lovme.pt\/?s={search_term_string}"},"query-input":{"@type":"PropertyValueSpecification","valueRequired":true,"valueName":"search_term_string"}}],"inLanguage":"pt-PT"}]}},"_links":{"self":[{"href":"https:\/\/lovme.pt\/index.php\/wp-json\/wp\/v2\/product\/51305","targetHints":{"allow":["GET"]}}],"collection":[{"href":"https:\/\/lovme.pt\/index.php\/wp-json\/wp\/v2\/product"}],"about":[{"href":"https:\/\/lovme.pt\/index.php\/wp-json\/wp\/v2\/types\/product"}],"wp:featuredmedia":[{"embeddable":true,"href":"https:\/\/lovme.pt\/index.php\/wp-json\/wp\/v2\/media\/102131"}],"wp:attachment":[{"href":"https:\/\/lovme.pt\/index.php\/wp-json\/wp\/v2\/media?parent=51305"}],"wp:term":[{"taxonomy":"product_brand","embeddable":true,"href":"https:\/\/lovme.pt\/index.php\/wp-json\/wp\/v2\/product_brand?post=51305"},{"taxonomy":"product_cat","embeddable":true,"href":"https:\/\/lovme.pt\/index.php\/wp-json\/wp\/v2\/product_cat?post=51305"},{"taxonomy":"product_tag","embeddable":true,"href":"https:\/\/lovme.pt\/index.php\/wp-json\/wp\/v2\/product_tag?post=51305"}],"curies":[{"name":"wp","href":"https:\/\/api.w.org\/{rel}","templated":true}]}}