{"id":51239,"date":"2025-09-30T22:05:51","date_gmt":"2025-09-30T22:05:51","guid":{"rendered":"https:\/\/lovme.pt\/?post_type=product&p=51239"},"modified":"2026-02-19T20:09:10","modified_gmt":"2026-02-19T20:09:10","slug":"pretty-love-shania-triple-rabbit-multifuncional-vibrador-3-em-1-azul","status":"publish","type":"product","link":"https:\/\/lovme.pt\/index.php\/produto\/pretty-love-shania-triple-rabbit-multifuncional-vibrador-3-em-1-azul\/","title":{"rendered":"PRETTY LOVE &#8211; SHANIA TRIPLE RABBIT MULTIFUNCIONAL VIBRADOR 3 EM 1 AZUL"},"content":{"rendered":"<p><strong>AMOR BONITO BW-500041-1<\/strong><br \/> Este vibrador de coelho com textura \u00fanica oferece sensa\u00e7\u00f5es internas e externas alucinantes com 7 configura\u00e7\u00f5es de batidas e vibra\u00e7\u00e3o. Este brinquedo \u00e9 feito com um silicone aveludado de alta qualidade que proporciona uma sensa\u00e7\u00e3o linda, sexy e sedosa para deix\u00e1-lo completamente satisfeito a noite toda. Com um design de l\u00edngua extra, este vibrador exclusivo certamente far\u00e1 jus ao seu nome e proporcionar\u00e1 cl\u00edmax ap\u00f3s cl\u00edmax. \u00c9 o complemento perfeito para o quarto de casais que gostam de contato vibracional intenso, sensual e completo.<\/p>\n<\/p>\n<p> <u><strong>CARACTER\u00cdSTICAS<\/strong><\/u> : <\/p>\n<table bgcolor=\"dddddd\" border=\"0\" cellpadding=\"3\" cellspacing=\"1\" color=\"666\" font-size:=\"\" new=\"\" style=\"border-style: solid; border-color: black; border-collapse: collapse; border-spacing: 0px; color: rgb(64, 64, 64); font-family: Arial, Verdana, \" times=\"\" width=\"100%\">\n<tbody>\n<tr style=\"border: 1px solid black;\">\n<td align=\"left\" style=\"border-style: solid; border-color: black; color: rgb(10, 179, 163); font-weight: bold; background-color: rgb(245, 245, 245);\" width=\"30%\"> Fun\u00e7\u00e3o <\/td>\n<td align=\"left\" style=\"border-style: solid; border-color: black; padding: 5px; color: rgb(102, 102, 102);\" width=\"70%\"> 7 fun\u00e7\u00f5es de vibra\u00e7\u00e3o 7 fun\u00e7\u00f5es de batida <\/td>\n<\/tr>\n<tr style=\"border: 1px solid black;\">\n<td align=\"left\" style=\"border-style: solid; border-color: black; color: rgb(10, 179, 163); font-weight: bold; background-color: rgb(245, 245, 245);\" width=\"30%\"> Material <\/td>\n<td align=\"left\" style=\"border-style: solid; border-color: black; padding: 5px; color: rgb(102, 102, 102);\" width=\"70%\"> Silicone <\/td>\n<\/tr>\n<tr style=\"border: 1px solid black;\">\n<td align=\"left\" style=\"border-style: solid; border-color: black; color: rgb(10, 179, 163); font-weight: bold; background-color: rgb(245, 245, 245);\" width=\"30%\"> Poder <\/td>\n<td align=\"left\" style=\"border-style: solid; border-color: black; padding: 5px; color: rgb(102, 102, 102);\" width=\"70%\"> Carregamento USB magn\u00e9tico<\/td>\n<\/tr>\n<\/tbody>\n<\/table>\n","protected":false},"excerpt":{"rendered":"<p>PRETTY LOVE &#8211; SHANIA TRIPLE RABBIT MULTIFUNCIONAL VIBRADOR 3 EM 1 AZUL<\/p>\n","protected":false},"featured_media":73872,"template":"","meta":{"_acf_changed":false},"product_brand":[],"product_cat":[17,61,76],"product_tag":[],"class_list":{"0":"post-51239","1":"product","2":"type-product","3":"status-publish","4":"has-post-thumbnail","6":"product_cat-brinquedos-de-bem-estar-sexual","7":"product_cat-para-elas","8":"product_cat-vibradores","9":"yith_product_brand-pretty-love","10":"yith_product_brand-pretty-lovepretty-love-party-up","12":"first","13":"instock","14":"taxable","15":"shipping-taxable","16":"purchasable","17":"product-type-simple"},"acf":[],"yoast_head":"<!-- This site is optimized with the Yoast SEO plugin v27.4 - https:\/\/yoast.com\/product\/yoast-seo-wordpress\/ -->\n<title>PRETTY LOVE - SHANIA TRIPLE RABBIT MULTIFUNCIONAL VIBRADOR 3 EM 1 AZUL - Lovme<\/title>\n<meta name=\"robots\" content=\"index, follow, max-snippet:-1, max-image-preview:large, max-video-preview:-1\" \/>\n<link rel=\"canonical\" href=\"https:\/\/lovme.pt\/index.php\/produto\/pretty-love-shania-triple-rabbit-multifuncional-vibrador-3-em-1-azul\/\" \/>\n<meta property=\"og:locale\" content=\"pt_PT\" \/>\n<meta property=\"og:type\" content=\"article\" \/>\n<meta property=\"og:title\" content=\"PRETTY LOVE - SHANIA TRIPLE RABBIT MULTIFUNCIONAL VIBRADOR 3 EM 1 AZUL - Lovme\" \/>\n<meta property=\"og:description\" content=\"PRETTY LOVE - SHANIA TRIPLE RABBIT MULTIFUNCIONAL VIBRADOR 3 EM 1 AZUL\" \/>\n<meta property=\"og:url\" content=\"https:\/\/lovme.pt\/index.php\/produto\/pretty-love-shania-triple-rabbit-multifuncional-vibrador-3-em-1-azul\/\" \/>\n<meta property=\"og:site_name\" content=\"Lovme\" \/>\n<meta property=\"article:modified_time\" content=\"2026-02-19T20:09:10+00:00\" \/>\n<meta property=\"og:image\" content=\"https:\/\/erki24nd3ub.exactdn.com\/wp-content\/uploads\/dream\/img\/img_198285_7e7dc3ba8b00e301f75dc7c7a190e31b_1.jpg?strip=all\" \/>\n\t<meta property=\"og:image:width\" content=\"800\" \/>\n\t<meta property=\"og:image:height\" content=\"800\" \/>\n\t<meta property=\"og:image:type\" content=\"image\/jpeg\" \/>\n<meta name=\"twitter:card\" content=\"summary_large_image\" \/>\n<meta name=\"twitter:label1\" content=\"Tempo estimado de leitura\" \/>\n\t<meta name=\"twitter:data1\" content=\"1 minuto\" \/>\n<script type=\"application\/ld+json\" class=\"yoast-schema-graph\">{\"@context\":\"https:\\\/\\\/schema.org\",\"@graph\":[{\"@type\":\"WebPage\",\"@id\":\"https:\\\/\\\/lovme.pt\\\/index.php\\\/produto\\\/pretty-love-shania-triple-rabbit-multifuncional-vibrador-3-em-1-azul\\\/\",\"url\":\"https:\\\/\\\/lovme.pt\\\/index.php\\\/produto\\\/pretty-love-shania-triple-rabbit-multifuncional-vibrador-3-em-1-azul\\\/\",\"name\":\"PRETTY LOVE - SHANIA TRIPLE RABBIT MULTIFUNCIONAL VIBRADOR 3 EM 1 AZUL - Lovme\",\"isPartOf\":{\"@id\":\"https:\\\/\\\/lovme.pt\\\/#website\"},\"primaryImageOfPage\":{\"@id\":\"https:\\\/\\\/lovme.pt\\\/index.php\\\/produto\\\/pretty-love-shania-triple-rabbit-multifuncional-vibrador-3-em-1-azul\\\/#primaryimage\"},\"image\":{\"@id\":\"https:\\\/\\\/lovme.pt\\\/index.php\\\/produto\\\/pretty-love-shania-triple-rabbit-multifuncional-vibrador-3-em-1-azul\\\/#primaryimage\"},\"thumbnailUrl\":\"https:\\\/\\\/erki24nd3ub.exactdn.com\\\/wp-content\\\/uploads\\\/dream\\\/img\\\/img_198285_7e7dc3ba8b00e301f75dc7c7a190e31b_1.jpg?strip=all\",\"datePublished\":\"2025-09-30T22:05:51+00:00\",\"dateModified\":\"2026-02-19T20:09:10+00:00\",\"breadcrumb\":{\"@id\":\"https:\\\/\\\/lovme.pt\\\/index.php\\\/produto\\\/pretty-love-shania-triple-rabbit-multifuncional-vibrador-3-em-1-azul\\\/#breadcrumb\"},\"inLanguage\":\"pt-PT\",\"potentialAction\":[{\"@type\":\"ReadAction\",\"target\":[\"https:\\\/\\\/lovme.pt\\\/index.php\\\/produto\\\/pretty-love-shania-triple-rabbit-multifuncional-vibrador-3-em-1-azul\\\/\"]}]},{\"@type\":\"ImageObject\",\"inLanguage\":\"pt-PT\",\"@id\":\"https:\\\/\\\/lovme.pt\\\/index.php\\\/produto\\\/pretty-love-shania-triple-rabbit-multifuncional-vibrador-3-em-1-azul\\\/#primaryimage\",\"url\":\"https:\\\/\\\/erki24nd3ub.exactdn.com\\\/wp-content\\\/uploads\\\/dream\\\/img\\\/img_198285_7e7dc3ba8b00e301f75dc7c7a190e31b_1.jpg?strip=all\",\"contentUrl\":\"https:\\\/\\\/erki24nd3ub.exactdn.com\\\/wp-content\\\/uploads\\\/dream\\\/img\\\/img_198285_7e7dc3ba8b00e301f75dc7c7a190e31b_1.jpg?strip=all\",\"width\":800,\"height\":800},{\"@type\":\"BreadcrumbList\",\"@id\":\"https:\\\/\\\/lovme.pt\\\/index.php\\\/produto\\\/pretty-love-shania-triple-rabbit-multifuncional-vibrador-3-em-1-azul\\\/#breadcrumb\",\"itemListElement\":[{\"@type\":\"ListItem\",\"position\":1,\"name\":\"In\u00edcio\",\"item\":\"https:\\\/\\\/lovme.pt\\\/\"},{\"@type\":\"ListItem\",\"position\":2,\"name\":\"Loja\",\"item\":\"https:\\\/\\\/lovme.pt\\\/index.php\\\/loja\\\/\"},{\"@type\":\"ListItem\",\"position\":3,\"name\":\"PRETTY LOVE &#8211; SHANIA TRIPLE RABBIT MULTIFUNCIONAL VIBRADOR 3 EM 1 AZUL\"}]},{\"@type\":\"WebSite\",\"@id\":\"https:\\\/\\\/lovme.pt\\\/#website\",\"url\":\"https:\\\/\\\/lovme.pt\\\/\",\"name\":\"Lovme Loja Er\u00f3tica N\u00ba1 em Portugal\",\"description\":\"A melhor loja er\u00f3tica de Portugal.\",\"alternateName\":\"Loja Er\u00f3tica Lovme\",\"potentialAction\":[{\"@type\":\"SearchAction\",\"target\":{\"@type\":\"EntryPoint\",\"urlTemplate\":\"https:\\\/\\\/lovme.pt\\\/?s={search_term_string}\"},\"query-input\":{\"@type\":\"PropertyValueSpecification\",\"valueRequired\":true,\"valueName\":\"search_term_string\"}}],\"inLanguage\":\"pt-PT\"}]}<\/script>\n<!-- \/ Yoast SEO plugin. -->","yoast_head_json":{"title":"PRETTY LOVE - SHANIA TRIPLE RABBIT MULTIFUNCIONAL VIBRADOR 3 EM 1 AZUL - Lovme","robots":{"index":"index","follow":"follow","max-snippet":"max-snippet:-1","max-image-preview":"max-image-preview:large","max-video-preview":"max-video-preview:-1"},"canonical":"https:\/\/lovme.pt\/index.php\/produto\/pretty-love-shania-triple-rabbit-multifuncional-vibrador-3-em-1-azul\/","og_locale":"pt_PT","og_type":"article","og_title":"PRETTY LOVE - SHANIA TRIPLE RABBIT MULTIFUNCIONAL VIBRADOR 3 EM 1 AZUL - Lovme","og_description":"PRETTY LOVE - SHANIA TRIPLE RABBIT MULTIFUNCIONAL VIBRADOR 3 EM 1 AZUL","og_url":"https:\/\/lovme.pt\/index.php\/produto\/pretty-love-shania-triple-rabbit-multifuncional-vibrador-3-em-1-azul\/","og_site_name":"Lovme","article_modified_time":"2026-02-19T20:09:10+00:00","og_image":[{"width":800,"height":800,"url":"https:\/\/erki24nd3ub.exactdn.com\/wp-content\/uploads\/dream\/img\/img_198285_7e7dc3ba8b00e301f75dc7c7a190e31b_1.jpg?strip=all","type":"image\/jpeg"}],"twitter_card":"summary_large_image","twitter_misc":{"Tempo estimado de leitura":"1 minuto"},"schema":{"@context":"https:\/\/schema.org","@graph":[{"@type":"WebPage","@id":"https:\/\/lovme.pt\/index.php\/produto\/pretty-love-shania-triple-rabbit-multifuncional-vibrador-3-em-1-azul\/","url":"https:\/\/lovme.pt\/index.php\/produto\/pretty-love-shania-triple-rabbit-multifuncional-vibrador-3-em-1-azul\/","name":"PRETTY LOVE - SHANIA TRIPLE RABBIT MULTIFUNCIONAL VIBRADOR 3 EM 1 AZUL - Lovme","isPartOf":{"@id":"https:\/\/lovme.pt\/#website"},"primaryImageOfPage":{"@id":"https:\/\/lovme.pt\/index.php\/produto\/pretty-love-shania-triple-rabbit-multifuncional-vibrador-3-em-1-azul\/#primaryimage"},"image":{"@id":"https:\/\/lovme.pt\/index.php\/produto\/pretty-love-shania-triple-rabbit-multifuncional-vibrador-3-em-1-azul\/#primaryimage"},"thumbnailUrl":"https:\/\/erki24nd3ub.exactdn.com\/wp-content\/uploads\/dream\/img\/img_198285_7e7dc3ba8b00e301f75dc7c7a190e31b_1.jpg?strip=all","datePublished":"2025-09-30T22:05:51+00:00","dateModified":"2026-02-19T20:09:10+00:00","breadcrumb":{"@id":"https:\/\/lovme.pt\/index.php\/produto\/pretty-love-shania-triple-rabbit-multifuncional-vibrador-3-em-1-azul\/#breadcrumb"},"inLanguage":"pt-PT","potentialAction":[{"@type":"ReadAction","target":["https:\/\/lovme.pt\/index.php\/produto\/pretty-love-shania-triple-rabbit-multifuncional-vibrador-3-em-1-azul\/"]}]},{"@type":"ImageObject","inLanguage":"pt-PT","@id":"https:\/\/lovme.pt\/index.php\/produto\/pretty-love-shania-triple-rabbit-multifuncional-vibrador-3-em-1-azul\/#primaryimage","url":"https:\/\/erki24nd3ub.exactdn.com\/wp-content\/uploads\/dream\/img\/img_198285_7e7dc3ba8b00e301f75dc7c7a190e31b_1.jpg?strip=all","contentUrl":"https:\/\/erki24nd3ub.exactdn.com\/wp-content\/uploads\/dream\/img\/img_198285_7e7dc3ba8b00e301f75dc7c7a190e31b_1.jpg?strip=all","width":800,"height":800},{"@type":"BreadcrumbList","@id":"https:\/\/lovme.pt\/index.php\/produto\/pretty-love-shania-triple-rabbit-multifuncional-vibrador-3-em-1-azul\/#breadcrumb","itemListElement":[{"@type":"ListItem","position":1,"name":"In\u00edcio","item":"https:\/\/lovme.pt\/"},{"@type":"ListItem","position":2,"name":"Loja","item":"https:\/\/lovme.pt\/index.php\/loja\/"},{"@type":"ListItem","position":3,"name":"PRETTY LOVE &#8211; SHANIA TRIPLE RABBIT MULTIFUNCIONAL VIBRADOR 3 EM 1 AZUL"}]},{"@type":"WebSite","@id":"https:\/\/lovme.pt\/#website","url":"https:\/\/lovme.pt\/","name":"Lovme Loja Er\u00f3tica N\u00ba1 em Portugal","description":"A melhor loja er\u00f3tica de Portugal.","alternateName":"Loja Er\u00f3tica Lovme","potentialAction":[{"@type":"SearchAction","target":{"@type":"EntryPoint","urlTemplate":"https:\/\/lovme.pt\/?s={search_term_string}"},"query-input":{"@type":"PropertyValueSpecification","valueRequired":true,"valueName":"search_term_string"}}],"inLanguage":"pt-PT"}]}},"_links":{"self":[{"href":"https:\/\/lovme.pt\/index.php\/wp-json\/wp\/v2\/product\/51239","targetHints":{"allow":["GET"]}}],"collection":[{"href":"https:\/\/lovme.pt\/index.php\/wp-json\/wp\/v2\/product"}],"about":[{"href":"https:\/\/lovme.pt\/index.php\/wp-json\/wp\/v2\/types\/product"}],"wp:featuredmedia":[{"embeddable":true,"href":"https:\/\/lovme.pt\/index.php\/wp-json\/wp\/v2\/media\/73872"}],"wp:attachment":[{"href":"https:\/\/lovme.pt\/index.php\/wp-json\/wp\/v2\/media?parent=51239"}],"wp:term":[{"taxonomy":"product_brand","embeddable":true,"href":"https:\/\/lovme.pt\/index.php\/wp-json\/wp\/v2\/product_brand?post=51239"},{"taxonomy":"product_cat","embeddable":true,"href":"https:\/\/lovme.pt\/index.php\/wp-json\/wp\/v2\/product_cat?post=51239"},{"taxonomy":"product_tag","embeddable":true,"href":"https:\/\/lovme.pt\/index.php\/wp-json\/wp\/v2\/product_tag?post=51239"}],"curies":[{"name":"wp","href":"https:\/\/api.w.org\/{rel}","templated":true}]}}