{"id":50764,"date":"2025-10-01T00:32:02","date_gmt":"2025-10-01T00:32:02","guid":{"rendered":"https:\/\/lovme.pt\/?post_type=product&p=50764"},"modified":"2026-02-19T20:15:49","modified_gmt":"2026-02-19T20:15:49","slug":"leg-avenue-faixa-de-cabeca-de-flor-de-unicornio-dourada","status":"publish","type":"product","link":"https:\/\/lovme.pt\/index.php\/produto\/leg-avenue-faixa-de-cabeca-de-flor-de-unicornio-dourada\/","title":{"rendered":"LEG AVENUE &#8211; FAIXA DE CABE\u00c7A DE FLOR DE UNIC\u00d3RNIO DOURADA"},"content":{"rendered":"<p>Adicione um toque de magia e fantasia ao seu visual com nossa <strong>faixa de cabe\u00e7a m\u00e1gica de unic\u00f3rnio e flor<\/strong> em dourado.<\/p>\n<p> Este acess\u00f3rio charmoso \u00e9 perfeito para festas, festivais ou apenas para adicionar um toque divertido \u00e0 sua roupa do dia a dia.<\/p>\n<\/p>\n<p> <u><strong>CARACTER\u00cdSTICAS<\/strong><\/u> :<\/p>\n<ul>\n<li> <strong>Design encantador de unic\u00f3rnio<\/strong> : a faixa de cabe\u00e7a apresenta um ador\u00e1vel unic\u00f3rnio em relevo, adornado com detalhes brilhantes que capturam a luz e adicionam um toque de fantasia a qualquer visual.<\/li>\n<li> <strong>Flores coloridas<\/strong> : cercado por flores vibrantes, o unic\u00f3rnio real\u00e7a o charme da faixa de cabe\u00e7a, criando uma combina\u00e7\u00e3o perfeita de magia e beleza natural.<\/li>\n<li> <strong>Material leve e confort\u00e1vel<\/strong> : feita de materiais de alta qualidade, esta faixa de cabe\u00e7a \u00e9 leve e confort\u00e1vel de usar, ideal para uso durante todo o dia.<\/li>\n<li> <strong>Use e experimente<\/strong> : perfeita para quem procura um acess\u00f3rio \u00fanico e divertido, esta faixa de cabe\u00e7a \u00e9 ideal para anivers\u00e1rios, festivais ou como um toque especial em uma celebra\u00e7\u00e3o tem\u00e1tica. Deixe seu lado m\u00e1gico brilhar com este acess\u00f3rio ador\u00e1vel!<\/li>\n<\/ul>\n<p> <strong>A Leg Avenue<\/strong> tem os produtos que voc\u00ea procura, comprometida em oferecer aos clientes produtos inovadores, pre\u00e7os competitivos e grande satisfa\u00e7\u00e3o, sempre frescos e com o que h\u00e1 de mais fashion em Los Angeles.<\/p>\n<p> Aqui \u00e9 tudo sobre voc\u00ea! Entendemos que cada corpo \u00e9 \u00fanico e acreditamos que todas as mulheres devem ter uma apar\u00eancia e se sentir fant\u00e1sticas, independentemente do seu tamanho ou forma. Ent\u00e3o, fique tranquila, nossos designs est\u00e3o sempre focados em destacar suas melhores caracter\u00edsticas. E falando s\u00e9rio, falamos s\u00e9rio quando dizemos que valorizamos tecidos supermacios e elasticidade de n\u00edvel superior. Conforto e estilo? Confira duas vezes!<\/p>\n<p> A variedade \u00e9 a chave para o nosso sucesso e voc\u00ea pode ver isso em nossos estilos. Nossos designers misturam e combinam materiais como profissionais, dando \u00e0s nossas cria\u00e7\u00f5es aquele ar de luxo inconfund\u00edvel para que voc\u00ea se sinta absolutamente de primeira classe. Seja uma renda que faz seus sentidos formigarem ou um cetim supermacio que suas m\u00e3os n\u00e3o conseguem resistir, n\u00f3s vamos al\u00e9m para lhe dar algo especial.<\/p>\n<p> <strong>A Leg Avenue<\/strong> \u00e9 cheia de paix\u00e3o, divers\u00e3o e autoexpress\u00e3o. Queremos que voc\u00ea seja completamente voc\u00ea mesmo, com um toque de travessura e montanhas de confian\u00e7a. Descubra como nossa lingerie, meias e fantasias levam seu visual para o pr\u00f3ximo n\u00edvel. Juntos, aspiramos ao fant\u00e1stico e provamos que estilo n\u00e3o tem tamanho!<\/p>\n","protected":false},"excerpt":{"rendered":"<p>LEG AVENUE &#8211; FAIXA DE CABE\u00c7A DE FLOR DE UNIC\u00d3RNIO DOURADA<\/p>\n","protected":false},"featured_media":88699,"template":"","meta":{"_acf_changed":false},"product_brand":[],"product_cat":[50,47,66],"product_tag":[],"class_list":{"0":"post-50764","1":"product","2":"type-product","3":"status-publish","4":"has-post-thumbnail","6":"product_cat-complementos-e-acessorios","7":"product_cat-lingerie","8":"product_cat-lingerie-feminina","9":"yith_product_brand-leg-avenue","10":"yith_product_brand-leg-avenueleg-avenue-accessories","12":"first","13":"instock","14":"taxable","15":"shipping-taxable","16":"purchasable","17":"product-type-simple"},"acf":[],"yoast_head":"<!-- This site is optimized with the Yoast SEO plugin v27.4 - https:\/\/yoast.com\/product\/yoast-seo-wordpress\/ -->\n<title>LEG AVENUE - FAIXA DE CABE\u00c7A DE FLOR DE UNIC\u00d3RNIO DOURADA - Lovme<\/title>\n<meta name=\"robots\" content=\"index, follow, max-snippet:-1, max-image-preview:large, max-video-preview:-1\" \/>\n<link rel=\"canonical\" href=\"https:\/\/lovme.pt\/index.php\/produto\/leg-avenue-faixa-de-cabeca-de-flor-de-unicornio-dourada\/\" \/>\n<meta property=\"og:locale\" content=\"pt_PT\" \/>\n<meta property=\"og:type\" content=\"article\" \/>\n<meta property=\"og:title\" content=\"LEG AVENUE - FAIXA DE CABE\u00c7A DE FLOR DE UNIC\u00d3RNIO DOURADA - Lovme\" \/>\n<meta property=\"og:description\" content=\"LEG AVENUE - FAIXA DE CABE\u00c7A DE FLOR DE UNIC\u00d3RNIO DOURADA\" \/>\n<meta property=\"og:url\" content=\"https:\/\/lovme.pt\/index.php\/produto\/leg-avenue-faixa-de-cabeca-de-flor-de-unicornio-dourada\/\" \/>\n<meta property=\"og:site_name\" content=\"Lovme\" \/>\n<meta property=\"article:modified_time\" content=\"2026-02-19T20:15:49+00:00\" \/>\n<meta property=\"og:image\" content=\"https:\/\/erki24nd3ub.exactdn.com\/wp-content\/uploads\/dream\/img\/img_192852_127a9fe1465bab3b9d1fde8780cf4e8a_1.jpg?strip=all\" \/>\n\t<meta property=\"og:image:width\" content=\"800\" \/>\n\t<meta property=\"og:image:height\" content=\"800\" \/>\n\t<meta property=\"og:image:type\" content=\"image\/jpeg\" \/>\n<meta name=\"twitter:card\" content=\"summary_large_image\" \/>\n<meta name=\"twitter:label1\" content=\"Tempo estimado de leitura\" \/>\n\t<meta name=\"twitter:data1\" content=\"2 minutos\" \/>\n<script type=\"application\/ld+json\" class=\"yoast-schema-graph\">{\"@context\":\"https:\\\/\\\/schema.org\",\"@graph\":[{\"@type\":\"WebPage\",\"@id\":\"https:\\\/\\\/lovme.pt\\\/index.php\\\/produto\\\/leg-avenue-faixa-de-cabeca-de-flor-de-unicornio-dourada\\\/\",\"url\":\"https:\\\/\\\/lovme.pt\\\/index.php\\\/produto\\\/leg-avenue-faixa-de-cabeca-de-flor-de-unicornio-dourada\\\/\",\"name\":\"LEG AVENUE - FAIXA DE CABE\u00c7A DE FLOR DE UNIC\u00d3RNIO DOURADA - Lovme\",\"isPartOf\":{\"@id\":\"https:\\\/\\\/lovme.pt\\\/#website\"},\"primaryImageOfPage\":{\"@id\":\"https:\\\/\\\/lovme.pt\\\/index.php\\\/produto\\\/leg-avenue-faixa-de-cabeca-de-flor-de-unicornio-dourada\\\/#primaryimage\"},\"image\":{\"@id\":\"https:\\\/\\\/lovme.pt\\\/index.php\\\/produto\\\/leg-avenue-faixa-de-cabeca-de-flor-de-unicornio-dourada\\\/#primaryimage\"},\"thumbnailUrl\":\"https:\\\/\\\/erki24nd3ub.exactdn.com\\\/wp-content\\\/uploads\\\/dream\\\/img\\\/img_192852_127a9fe1465bab3b9d1fde8780cf4e8a_1.jpg?strip=all\",\"datePublished\":\"2025-10-01T00:32:02+00:00\",\"dateModified\":\"2026-02-19T20:15:49+00:00\",\"breadcrumb\":{\"@id\":\"https:\\\/\\\/lovme.pt\\\/index.php\\\/produto\\\/leg-avenue-faixa-de-cabeca-de-flor-de-unicornio-dourada\\\/#breadcrumb\"},\"inLanguage\":\"pt-PT\",\"potentialAction\":[{\"@type\":\"ReadAction\",\"target\":[\"https:\\\/\\\/lovme.pt\\\/index.php\\\/produto\\\/leg-avenue-faixa-de-cabeca-de-flor-de-unicornio-dourada\\\/\"]}]},{\"@type\":\"ImageObject\",\"inLanguage\":\"pt-PT\",\"@id\":\"https:\\\/\\\/lovme.pt\\\/index.php\\\/produto\\\/leg-avenue-faixa-de-cabeca-de-flor-de-unicornio-dourada\\\/#primaryimage\",\"url\":\"https:\\\/\\\/erki24nd3ub.exactdn.com\\\/wp-content\\\/uploads\\\/dream\\\/img\\\/img_192852_127a9fe1465bab3b9d1fde8780cf4e8a_1.jpg?strip=all\",\"contentUrl\":\"https:\\\/\\\/erki24nd3ub.exactdn.com\\\/wp-content\\\/uploads\\\/dream\\\/img\\\/img_192852_127a9fe1465bab3b9d1fde8780cf4e8a_1.jpg?strip=all\",\"width\":800,\"height\":800},{\"@type\":\"BreadcrumbList\",\"@id\":\"https:\\\/\\\/lovme.pt\\\/index.php\\\/produto\\\/leg-avenue-faixa-de-cabeca-de-flor-de-unicornio-dourada\\\/#breadcrumb\",\"itemListElement\":[{\"@type\":\"ListItem\",\"position\":1,\"name\":\"In\u00edcio\",\"item\":\"https:\\\/\\\/lovme.pt\\\/\"},{\"@type\":\"ListItem\",\"position\":2,\"name\":\"Loja\",\"item\":\"https:\\\/\\\/lovme.pt\\\/index.php\\\/loja\\\/\"},{\"@type\":\"ListItem\",\"position\":3,\"name\":\"LEG AVENUE &#8211; FAIXA DE CABE\u00c7A DE FLOR DE UNIC\u00d3RNIO DOURADA\"}]},{\"@type\":\"WebSite\",\"@id\":\"https:\\\/\\\/lovme.pt\\\/#website\",\"url\":\"https:\\\/\\\/lovme.pt\\\/\",\"name\":\"Lovme Loja Er\u00f3tica N\u00ba1 em Portugal\",\"description\":\"A melhor loja er\u00f3tica de Portugal.\",\"alternateName\":\"Loja Er\u00f3tica Lovme\",\"potentialAction\":[{\"@type\":\"SearchAction\",\"target\":{\"@type\":\"EntryPoint\",\"urlTemplate\":\"https:\\\/\\\/lovme.pt\\\/?s={search_term_string}\"},\"query-input\":{\"@type\":\"PropertyValueSpecification\",\"valueRequired\":true,\"valueName\":\"search_term_string\"}}],\"inLanguage\":\"pt-PT\"}]}<\/script>\n<!-- \/ Yoast SEO plugin. -->","yoast_head_json":{"title":"LEG AVENUE - FAIXA DE CABE\u00c7A DE FLOR DE UNIC\u00d3RNIO DOURADA - Lovme","robots":{"index":"index","follow":"follow","max-snippet":"max-snippet:-1","max-image-preview":"max-image-preview:large","max-video-preview":"max-video-preview:-1"},"canonical":"https:\/\/lovme.pt\/index.php\/produto\/leg-avenue-faixa-de-cabeca-de-flor-de-unicornio-dourada\/","og_locale":"pt_PT","og_type":"article","og_title":"LEG AVENUE - FAIXA DE CABE\u00c7A DE FLOR DE UNIC\u00d3RNIO DOURADA - Lovme","og_description":"LEG AVENUE - FAIXA DE CABE\u00c7A DE FLOR DE UNIC\u00d3RNIO DOURADA","og_url":"https:\/\/lovme.pt\/index.php\/produto\/leg-avenue-faixa-de-cabeca-de-flor-de-unicornio-dourada\/","og_site_name":"Lovme","article_modified_time":"2026-02-19T20:15:49+00:00","og_image":[{"width":800,"height":800,"url":"https:\/\/erki24nd3ub.exactdn.com\/wp-content\/uploads\/dream\/img\/img_192852_127a9fe1465bab3b9d1fde8780cf4e8a_1.jpg?strip=all","type":"image\/jpeg"}],"twitter_card":"summary_large_image","twitter_misc":{"Tempo estimado de leitura":"2 minutos"},"schema":{"@context":"https:\/\/schema.org","@graph":[{"@type":"WebPage","@id":"https:\/\/lovme.pt\/index.php\/produto\/leg-avenue-faixa-de-cabeca-de-flor-de-unicornio-dourada\/","url":"https:\/\/lovme.pt\/index.php\/produto\/leg-avenue-faixa-de-cabeca-de-flor-de-unicornio-dourada\/","name":"LEG AVENUE - FAIXA DE CABE\u00c7A DE FLOR DE UNIC\u00d3RNIO DOURADA - Lovme","isPartOf":{"@id":"https:\/\/lovme.pt\/#website"},"primaryImageOfPage":{"@id":"https:\/\/lovme.pt\/index.php\/produto\/leg-avenue-faixa-de-cabeca-de-flor-de-unicornio-dourada\/#primaryimage"},"image":{"@id":"https:\/\/lovme.pt\/index.php\/produto\/leg-avenue-faixa-de-cabeca-de-flor-de-unicornio-dourada\/#primaryimage"},"thumbnailUrl":"https:\/\/erki24nd3ub.exactdn.com\/wp-content\/uploads\/dream\/img\/img_192852_127a9fe1465bab3b9d1fde8780cf4e8a_1.jpg?strip=all","datePublished":"2025-10-01T00:32:02+00:00","dateModified":"2026-02-19T20:15:49+00:00","breadcrumb":{"@id":"https:\/\/lovme.pt\/index.php\/produto\/leg-avenue-faixa-de-cabeca-de-flor-de-unicornio-dourada\/#breadcrumb"},"inLanguage":"pt-PT","potentialAction":[{"@type":"ReadAction","target":["https:\/\/lovme.pt\/index.php\/produto\/leg-avenue-faixa-de-cabeca-de-flor-de-unicornio-dourada\/"]}]},{"@type":"ImageObject","inLanguage":"pt-PT","@id":"https:\/\/lovme.pt\/index.php\/produto\/leg-avenue-faixa-de-cabeca-de-flor-de-unicornio-dourada\/#primaryimage","url":"https:\/\/erki24nd3ub.exactdn.com\/wp-content\/uploads\/dream\/img\/img_192852_127a9fe1465bab3b9d1fde8780cf4e8a_1.jpg?strip=all","contentUrl":"https:\/\/erki24nd3ub.exactdn.com\/wp-content\/uploads\/dream\/img\/img_192852_127a9fe1465bab3b9d1fde8780cf4e8a_1.jpg?strip=all","width":800,"height":800},{"@type":"BreadcrumbList","@id":"https:\/\/lovme.pt\/index.php\/produto\/leg-avenue-faixa-de-cabeca-de-flor-de-unicornio-dourada\/#breadcrumb","itemListElement":[{"@type":"ListItem","position":1,"name":"In\u00edcio","item":"https:\/\/lovme.pt\/"},{"@type":"ListItem","position":2,"name":"Loja","item":"https:\/\/lovme.pt\/index.php\/loja\/"},{"@type":"ListItem","position":3,"name":"LEG AVENUE &#8211; FAIXA DE CABE\u00c7A DE FLOR DE UNIC\u00d3RNIO DOURADA"}]},{"@type":"WebSite","@id":"https:\/\/lovme.pt\/#website","url":"https:\/\/lovme.pt\/","name":"Lovme Loja Er\u00f3tica N\u00ba1 em Portugal","description":"A melhor loja er\u00f3tica de Portugal.","alternateName":"Loja Er\u00f3tica Lovme","potentialAction":[{"@type":"SearchAction","target":{"@type":"EntryPoint","urlTemplate":"https:\/\/lovme.pt\/?s={search_term_string}"},"query-input":{"@type":"PropertyValueSpecification","valueRequired":true,"valueName":"search_term_string"}}],"inLanguage":"pt-PT"}]}},"_links":{"self":[{"href":"https:\/\/lovme.pt\/index.php\/wp-json\/wp\/v2\/product\/50764","targetHints":{"allow":["GET"]}}],"collection":[{"href":"https:\/\/lovme.pt\/index.php\/wp-json\/wp\/v2\/product"}],"about":[{"href":"https:\/\/lovme.pt\/index.php\/wp-json\/wp\/v2\/types\/product"}],"wp:featuredmedia":[{"embeddable":true,"href":"https:\/\/lovme.pt\/index.php\/wp-json\/wp\/v2\/media\/88699"}],"wp:attachment":[{"href":"https:\/\/lovme.pt\/index.php\/wp-json\/wp\/v2\/media?parent=50764"}],"wp:term":[{"taxonomy":"product_brand","embeddable":true,"href":"https:\/\/lovme.pt\/index.php\/wp-json\/wp\/v2\/product_brand?post=50764"},{"taxonomy":"product_cat","embeddable":true,"href":"https:\/\/lovme.pt\/index.php\/wp-json\/wp\/v2\/product_cat?post=50764"},{"taxonomy":"product_tag","embeddable":true,"href":"https:\/\/lovme.pt\/index.php\/wp-json\/wp\/v2\/product_tag?post=50764"}],"curies":[{"name":"wp","href":"https:\/\/api.w.org\/{rel}","templated":true}]}}