{"id":50536,"date":"2025-09-30T10:01:19","date_gmt":"2025-09-30T10:01:19","guid":{"rendered":"https:\/\/lovme.pt\/?post_type=product&p=50536"},"modified":"2026-02-19T20:06:15","modified_gmt":"2026-02-19T20:06:15","slug":"lelo-gigi-3-vibrador-g-spot-rosa","status":"publish","type":"product","link":"https:\/\/lovme.pt\/index.php\/produto\/lelo-gigi-3-vibrador-g-spot-rosa\/","title":{"rendered":"LELO &#8211; GIGI\u2122 3 VIBRADOR G-SPOT ROSA"},"content":{"rendered":"<p>N\u00f3s redesenhamos o formato do nosso mais novo vibrador de ponto G, o <strong>GIGI\u2122 3<\/strong> , para se encaixar perfeitamente e oferecer personaliza\u00e7\u00e3o e controle inigual\u00e1veis. O modelo mais novo apresenta um exterior de silicone suave, garantindo uma experi\u00eancia confort\u00e1vel, bem como maior controle sobre seus m\u00faltiplos modos de prazer. No aplicativo <strong>LELO<\/strong> , voc\u00ea pode acessar dois modos adicionais e personalizar sua experi\u00eancia de usu\u00e1rio. \u00c9 hora de descobrir a estimula\u00e7\u00e3o precisa do ponto G e sensa\u00e7\u00f5es diferentes e emocionantes com o novo <strong>GIGI\u2122 3<\/strong> .<\/p>\n<p><strong>GIGI\u2122 GIGI\u2122 3<\/strong> \u00e9 compat\u00edvel com o aplicativo LELO, permitindo que os usu\u00e1rios desbloqueiem mais modos de prazer e experimentem diferentes intensidades para encontrar seu ponto ideal. Al\u00e9m de oferecer uma gama mais ampla de op\u00e7\u00f5es ao brincar com seu GIGI\u2122 3, o aplicativo LELO oferece muitos outros benef\u00edcios. \u00c9 uma plataforma multifuncional de bem-estar sexual dedicada \u00e0 sexualidade humana. Ele apresenta mais de 4.000 artigos, literatura er\u00f3tica v\u00edvida e conselhos valiosos sobre relacionamentos.<\/p>\n<p>O produto \u00e9 configurado com um tempo padr\u00e3o de desligamento autom\u00e1tico de 20 minutos, que pode ser facilmente ajustado pelo aplicativo.<\/p>\n<p><u><strong>CARACTER\u00cdSTICAS:<\/strong><\/u><\/p>\n<ul>\n<li><strong>Materiais<\/strong> : Silicone biocompat\u00edvel e pl\u00e1stico ABS<\/li>\n<li><strong>Acabamento<\/strong> : Liso<\/li>\n<li><strong>Tamanho<\/strong> : 163 x 35 x 42 mm<\/li>\n<li><strong>Comprimento inser\u00edvel<\/strong> : 90 mm<\/li>\n<li><strong>Peso<\/strong> : 87 g<\/li>\n<li><strong>Bateria<\/strong> : Li-ion 420 mAh 3,7 V<\/li>\n<li><strong>Carregamento<\/strong> : at\u00e9 2 h a 5 V 420 mA<\/li>\n<li><strong>Pot\u00eancia nominal:<\/strong><\/li>\n<\/ul>\n<ol>\n<li><strong>\u2022 Entrada: 5 V 420 mA 2,1 W<\/strong><\/li>\n<li>\u2022 Sa\u00edda: 3,7 V 600 mA 2,22 W<\/li>\n<\/ol>\n<ul>\n<li><strong>Tempo de uso<\/strong> : at\u00e9 2 h<\/li>\n<\/ul>\n<ol>\n<li>Espera: 90 dias<\/li>\n<li>Frequ\u00eancia: 100 Hz<\/li>\n<\/ol>\n<ul>\n<li><strong>N\u00edvel m\u00e1ximo de ru\u00eddo:<\/strong> <60 dB<\/li>\n<li><strong>Interface<\/strong> : 3 bot\u00f5es<\/li>\n<\/ul>\n<p>\u00a0<\/p>\n","protected":false},"excerpt":{"rendered":"<p>LELO &#8211; GIGI\u2122 3 VIBRADOR G-SPOT ROSA<\/p>\n","protected":false},"featured_media":61036,"template":"","meta":{"_acf_changed":false},"product_brand":[],"product_cat":[17,76],"product_tag":[],"class_list":{"0":"post-50536","1":"product","2":"type-product","3":"status-publish","4":"has-post-thumbnail","6":"product_cat-brinquedos-de-bem-estar-sexual","7":"product_cat-vibradores","8":"yith_product_brand-lelo","10":"first","11":"instock","12":"taxable","13":"shipping-taxable","14":"purchasable","15":"product-type-simple"},"acf":[],"yoast_head":"<!-- This site is optimized with the Yoast SEO plugin v27.4 - https:\/\/yoast.com\/product\/yoast-seo-wordpress\/ -->\n<title>LELO - GIGI\u2122 3 VIBRADOR G-SPOT ROSA - Lovme<\/title>\n<meta name=\"robots\" content=\"index, follow, max-snippet:-1, max-image-preview:large, max-video-preview:-1\" \/>\n<link rel=\"canonical\" href=\"https:\/\/lovme.pt\/index.php\/produto\/lelo-gigi-3-vibrador-g-spot-rosa\/\" \/>\n<meta property=\"og:locale\" content=\"pt_PT\" \/>\n<meta property=\"og:type\" content=\"article\" \/>\n<meta property=\"og:title\" content=\"LELO - GIGI\u2122 3 VIBRADOR G-SPOT ROSA - Lovme\" \/>\n<meta property=\"og:description\" content=\"LELO - GIGI\u2122 3 VIBRADOR G-SPOT ROSA\" \/>\n<meta property=\"og:url\" content=\"https:\/\/lovme.pt\/index.php\/produto\/lelo-gigi-3-vibrador-g-spot-rosa\/\" \/>\n<meta property=\"og:site_name\" content=\"Lovme\" \/>\n<meta property=\"article:modified_time\" content=\"2026-02-19T20:06:15+00:00\" \/>\n<meta property=\"og:image\" content=\"https:\/\/erki24nd3ub.exactdn.com\/wp-content\/uploads\/dream\/img\/img_191030_ed044abcbb779b53df2cfb73c5a223e6_1.jpg?strip=all\" \/>\n\t<meta property=\"og:image:width\" content=\"800\" \/>\n\t<meta property=\"og:image:height\" content=\"800\" \/>\n\t<meta property=\"og:image:type\" content=\"image\/jpeg\" \/>\n<meta name=\"twitter:card\" content=\"summary_large_image\" \/>\n<meta name=\"twitter:label1\" content=\"Tempo estimado de leitura\" \/>\n\t<meta name=\"twitter:data1\" content=\"1 minuto\" \/>\n<script type=\"application\/ld+json\" class=\"yoast-schema-graph\">{\"@context\":\"https:\\\/\\\/schema.org\",\"@graph\":[{\"@type\":\"WebPage\",\"@id\":\"https:\\\/\\\/lovme.pt\\\/index.php\\\/produto\\\/lelo-gigi-3-vibrador-g-spot-rosa\\\/\",\"url\":\"https:\\\/\\\/lovme.pt\\\/index.php\\\/produto\\\/lelo-gigi-3-vibrador-g-spot-rosa\\\/\",\"name\":\"LELO - GIGI\u2122 3 VIBRADOR G-SPOT ROSA - Lovme\",\"isPartOf\":{\"@id\":\"https:\\\/\\\/lovme.pt\\\/#website\"},\"primaryImageOfPage\":{\"@id\":\"https:\\\/\\\/lovme.pt\\\/index.php\\\/produto\\\/lelo-gigi-3-vibrador-g-spot-rosa\\\/#primaryimage\"},\"image\":{\"@id\":\"https:\\\/\\\/lovme.pt\\\/index.php\\\/produto\\\/lelo-gigi-3-vibrador-g-spot-rosa\\\/#primaryimage\"},\"thumbnailUrl\":\"https:\\\/\\\/erki24nd3ub.exactdn.com\\\/wp-content\\\/uploads\\\/dream\\\/img\\\/img_191030_ed044abcbb779b53df2cfb73c5a223e6_1.jpg?strip=all\",\"datePublished\":\"2025-09-30T10:01:19+00:00\",\"dateModified\":\"2026-02-19T20:06:15+00:00\",\"breadcrumb\":{\"@id\":\"https:\\\/\\\/lovme.pt\\\/index.php\\\/produto\\\/lelo-gigi-3-vibrador-g-spot-rosa\\\/#breadcrumb\"},\"inLanguage\":\"pt-PT\",\"potentialAction\":[{\"@type\":\"ReadAction\",\"target\":[\"https:\\\/\\\/lovme.pt\\\/index.php\\\/produto\\\/lelo-gigi-3-vibrador-g-spot-rosa\\\/\"]}]},{\"@type\":\"ImageObject\",\"inLanguage\":\"pt-PT\",\"@id\":\"https:\\\/\\\/lovme.pt\\\/index.php\\\/produto\\\/lelo-gigi-3-vibrador-g-spot-rosa\\\/#primaryimage\",\"url\":\"https:\\\/\\\/erki24nd3ub.exactdn.com\\\/wp-content\\\/uploads\\\/dream\\\/img\\\/img_191030_ed044abcbb779b53df2cfb73c5a223e6_1.jpg?strip=all\",\"contentUrl\":\"https:\\\/\\\/erki24nd3ub.exactdn.com\\\/wp-content\\\/uploads\\\/dream\\\/img\\\/img_191030_ed044abcbb779b53df2cfb73c5a223e6_1.jpg?strip=all\",\"width\":800,\"height\":800},{\"@type\":\"BreadcrumbList\",\"@id\":\"https:\\\/\\\/lovme.pt\\\/index.php\\\/produto\\\/lelo-gigi-3-vibrador-g-spot-rosa\\\/#breadcrumb\",\"itemListElement\":[{\"@type\":\"ListItem\",\"position\":1,\"name\":\"In\u00edcio\",\"item\":\"https:\\\/\\\/lovme.pt\\\/\"},{\"@type\":\"ListItem\",\"position\":2,\"name\":\"Loja\",\"item\":\"https:\\\/\\\/lovme.pt\\\/index.php\\\/loja\\\/\"},{\"@type\":\"ListItem\",\"position\":3,\"name\":\"LELO &#8211; GIGI\u2122 3 VIBRADOR G-SPOT ROSA\"}]},{\"@type\":\"WebSite\",\"@id\":\"https:\\\/\\\/lovme.pt\\\/#website\",\"url\":\"https:\\\/\\\/lovme.pt\\\/\",\"name\":\"Lovme Loja Er\u00f3tica N\u00ba1 em Portugal\",\"description\":\"A melhor loja er\u00f3tica de Portugal.\",\"alternateName\":\"Loja Er\u00f3tica Lovme\",\"potentialAction\":[{\"@type\":\"SearchAction\",\"target\":{\"@type\":\"EntryPoint\",\"urlTemplate\":\"https:\\\/\\\/lovme.pt\\\/?s={search_term_string}\"},\"query-input\":{\"@type\":\"PropertyValueSpecification\",\"valueRequired\":true,\"valueName\":\"search_term_string\"}}],\"inLanguage\":\"pt-PT\"}]}<\/script>\n<!-- \/ Yoast SEO plugin. -->","yoast_head_json":{"title":"LELO - GIGI\u2122 3 VIBRADOR G-SPOT ROSA - Lovme","robots":{"index":"index","follow":"follow","max-snippet":"max-snippet:-1","max-image-preview":"max-image-preview:large","max-video-preview":"max-video-preview:-1"},"canonical":"https:\/\/lovme.pt\/index.php\/produto\/lelo-gigi-3-vibrador-g-spot-rosa\/","og_locale":"pt_PT","og_type":"article","og_title":"LELO - GIGI\u2122 3 VIBRADOR G-SPOT ROSA - Lovme","og_description":"LELO - GIGI\u2122 3 VIBRADOR G-SPOT ROSA","og_url":"https:\/\/lovme.pt\/index.php\/produto\/lelo-gigi-3-vibrador-g-spot-rosa\/","og_site_name":"Lovme","article_modified_time":"2026-02-19T20:06:15+00:00","og_image":[{"width":800,"height":800,"url":"https:\/\/erki24nd3ub.exactdn.com\/wp-content\/uploads\/dream\/img\/img_191030_ed044abcbb779b53df2cfb73c5a223e6_1.jpg?strip=all","type":"image\/jpeg"}],"twitter_card":"summary_large_image","twitter_misc":{"Tempo estimado de leitura":"1 minuto"},"schema":{"@context":"https:\/\/schema.org","@graph":[{"@type":"WebPage","@id":"https:\/\/lovme.pt\/index.php\/produto\/lelo-gigi-3-vibrador-g-spot-rosa\/","url":"https:\/\/lovme.pt\/index.php\/produto\/lelo-gigi-3-vibrador-g-spot-rosa\/","name":"LELO - GIGI\u2122 3 VIBRADOR G-SPOT ROSA - Lovme","isPartOf":{"@id":"https:\/\/lovme.pt\/#website"},"primaryImageOfPage":{"@id":"https:\/\/lovme.pt\/index.php\/produto\/lelo-gigi-3-vibrador-g-spot-rosa\/#primaryimage"},"image":{"@id":"https:\/\/lovme.pt\/index.php\/produto\/lelo-gigi-3-vibrador-g-spot-rosa\/#primaryimage"},"thumbnailUrl":"https:\/\/erki24nd3ub.exactdn.com\/wp-content\/uploads\/dream\/img\/img_191030_ed044abcbb779b53df2cfb73c5a223e6_1.jpg?strip=all","datePublished":"2025-09-30T10:01:19+00:00","dateModified":"2026-02-19T20:06:15+00:00","breadcrumb":{"@id":"https:\/\/lovme.pt\/index.php\/produto\/lelo-gigi-3-vibrador-g-spot-rosa\/#breadcrumb"},"inLanguage":"pt-PT","potentialAction":[{"@type":"ReadAction","target":["https:\/\/lovme.pt\/index.php\/produto\/lelo-gigi-3-vibrador-g-spot-rosa\/"]}]},{"@type":"ImageObject","inLanguage":"pt-PT","@id":"https:\/\/lovme.pt\/index.php\/produto\/lelo-gigi-3-vibrador-g-spot-rosa\/#primaryimage","url":"https:\/\/erki24nd3ub.exactdn.com\/wp-content\/uploads\/dream\/img\/img_191030_ed044abcbb779b53df2cfb73c5a223e6_1.jpg?strip=all","contentUrl":"https:\/\/erki24nd3ub.exactdn.com\/wp-content\/uploads\/dream\/img\/img_191030_ed044abcbb779b53df2cfb73c5a223e6_1.jpg?strip=all","width":800,"height":800},{"@type":"BreadcrumbList","@id":"https:\/\/lovme.pt\/index.php\/produto\/lelo-gigi-3-vibrador-g-spot-rosa\/#breadcrumb","itemListElement":[{"@type":"ListItem","position":1,"name":"In\u00edcio","item":"https:\/\/lovme.pt\/"},{"@type":"ListItem","position":2,"name":"Loja","item":"https:\/\/lovme.pt\/index.php\/loja\/"},{"@type":"ListItem","position":3,"name":"LELO &#8211; GIGI\u2122 3 VIBRADOR G-SPOT ROSA"}]},{"@type":"WebSite","@id":"https:\/\/lovme.pt\/#website","url":"https:\/\/lovme.pt\/","name":"Lovme Loja Er\u00f3tica N\u00ba1 em Portugal","description":"A melhor loja er\u00f3tica de Portugal.","alternateName":"Loja Er\u00f3tica Lovme","potentialAction":[{"@type":"SearchAction","target":{"@type":"EntryPoint","urlTemplate":"https:\/\/lovme.pt\/?s={search_term_string}"},"query-input":{"@type":"PropertyValueSpecification","valueRequired":true,"valueName":"search_term_string"}}],"inLanguage":"pt-PT"}]}},"_links":{"self":[{"href":"https:\/\/lovme.pt\/index.php\/wp-json\/wp\/v2\/product\/50536","targetHints":{"allow":["GET"]}}],"collection":[{"href":"https:\/\/lovme.pt\/index.php\/wp-json\/wp\/v2\/product"}],"about":[{"href":"https:\/\/lovme.pt\/index.php\/wp-json\/wp\/v2\/types\/product"}],"wp:featuredmedia":[{"embeddable":true,"href":"https:\/\/lovme.pt\/index.php\/wp-json\/wp\/v2\/media\/61036"}],"wp:attachment":[{"href":"https:\/\/lovme.pt\/index.php\/wp-json\/wp\/v2\/media?parent=50536"}],"wp:term":[{"taxonomy":"product_brand","embeddable":true,"href":"https:\/\/lovme.pt\/index.php\/wp-json\/wp\/v2\/product_brand?post=50536"},{"taxonomy":"product_cat","embeddable":true,"href":"https:\/\/lovme.pt\/index.php\/wp-json\/wp\/v2\/product_cat?post=50536"},{"taxonomy":"product_tag","embeddable":true,"href":"https:\/\/lovme.pt\/index.php\/wp-json\/wp\/v2\/product_tag?post=50536"}],"curies":[{"name":"wp","href":"https:\/\/api.w.org\/{rel}","templated":true}]}}