{"id":50483,"date":"2025-09-30T09:41:31","date_gmt":"2025-09-30T09:41:31","guid":{"rendered":"https:\/\/lovme.pt\/?post_type=product&p=50483"},"modified":"2026-02-19T20:01:42","modified_gmt":"2026-02-19T20:01:42","slug":"pasante-lubrificante-sabor-mente-75-ml","status":"publish","type":"product","link":"https:\/\/lovme.pt\/index.php\/produto\/pasante-lubrificante-sabor-mente-75-ml\/","title":{"rendered":"PASANTE &#8211; LUBRIFICANTE SABOR MENTE 75 ML"},"content":{"rendered":"<p>Aproveite ao m\u00e1ximo sua caminhada er\u00f3tica e n\u00e3o se preocupe com nada que possa atrapalhar seus pensamentos. Confie neste gel lubrificante Pasante Mint Tingle 75 ml e experimente a singularidade do seu momento \u00edntimo. O gel vegano sem ingredientes de origem animal foi criado para momentos extraordin\u00e1rios de paix\u00e3o, levando em considera\u00e7\u00e3o o ambiente sens\u00edvel de suas pe\u00e7as. A textura macia e suave do gel \u00e0 base de \u00e1gua desliza lindamente e proporciona hidrata\u00e7\u00e3o de longa dura\u00e7\u00e3o. N\u00e3o irritante, n\u00e3o pegajoso e deixa a pele sedosa e perfeitamente hidratada. Refresca e proporciona um efeito de estimula\u00e7\u00e3o \u00fanico e levemente vibrat\u00f3rio para sensa\u00e7\u00f5es de prazer ainda mais intensas. Al\u00e9m disso, voc\u00ea vai adorar o aroma refrescante da menta.<\/p>\n<p>Os g\u00e9is Pasante s\u00e3o submetidos a rigorosos testes dermatol\u00f3gicos e possuem certifica\u00e7\u00e3o sanit\u00e1ria. S\u00e3o compat\u00edveis com todos os materiais de ajuda er\u00f3tica e preservativos de l\u00e1tex. N\u00e3o cont\u00e9m espermicidas. O pr\u00e1tico frasco dispensador pode ser facilmente escondido na bolsa ou no bolso da jaqueta para todas as ocasi\u00f5es. Basta colocar a bomba na posi\u00e7\u00e3o ON e apertar para aplicar uma camada de gel nas partes \u00edntimas ou um preservativo. Ap\u00f3s a abertura, utilizar no prazo de 3 meses.<br \/>Descubra o emocionante gel provocante premium e desfrute de divers\u00e3o fresca e picante.<\/p>\n<p>\u00a0<\/p>\n<p><u><strong>Por que escolher o Gel Lubrificante Pasante Mint Tingle 75 ml:<\/strong><\/u><\/p>\n<ul>\n<li>Gel lubrificante premium com m\u00e1ximo cuidado para peles sens\u00edveis.<\/li>\n<li>N\u00e3o irrita nem cola e n\u00e3o deixa manchas.<\/li>\n<li>Composi\u00e7\u00e3o vegana sem ingredientes de origem animal.<\/li>\n<li>Um ador\u00e1vel e refrescante aroma de menta com leve efeito refrescante e de estimula\u00e7\u00e3o vibrat\u00f3ria.<\/li>\n<li>Destaca-se pelo excelente deslizamento de longa dura\u00e7\u00e3o e hidrata\u00e7\u00e3o perfeita.<\/li>\n<li>Compat\u00edvel com todas as ajudas er\u00f3ticas e preservativos.<\/li>\n<li>Frasco pr\u00e1tico com dispensador.<\/li>\n<\/ul>\n<p>\u00a0<\/p>\n<p><u><strong>Caracter\u00edsticas:<\/strong><\/u><\/p>\n<ul>\n<li>Cor: Transparente<\/li>\n<li>Conte\u00fado: 75ml<\/li>\n<li>Ingredientes: Aqua, Propilenoglicol, Glicerina, Hidroxietilcelulose, EDTA Diss\u00f3dico, Polissorbato 20, Benzoato de S\u00f3dio, \u00c1cido L\u00e1tico, Sabor Menta<\/li>\n<\/ul>\n","protected":false},"excerpt":{"rendered":"<p>PASANTE &#8211; LUBRIFICANTE SABOR MENTE 75 ML<\/p>\n","protected":false},"featured_media":55832,"template":"","meta":{"_acf_changed":false},"product_brand":[],"product_cat":[49,53],"product_tag":[],"class_list":{"0":"post-50483","1":"product","2":"type-product","3":"status-publish","4":"has-post-thumbnail","6":"product_cat-cosmeticos","7":"product_cat-lubrificantes-intimos","8":"yith_product_brand-pasante","10":"first","11":"instock","12":"taxable","13":"shipping-taxable","14":"purchasable","15":"product-type-simple"},"acf":[],"yoast_head":"<!-- This site is optimized with the Yoast SEO plugin v27.4 - https:\/\/yoast.com\/product\/yoast-seo-wordpress\/ -->\n<title>PASANTE - LUBRIFICANTE SABOR MENTE 75 ML - Lovme<\/title>\n<meta name=\"robots\" content=\"index, follow, max-snippet:-1, max-image-preview:large, max-video-preview:-1\" \/>\n<link rel=\"canonical\" href=\"https:\/\/lovme.pt\/index.php\/produto\/pasante-lubrificante-sabor-mente-75-ml\/\" \/>\n<meta property=\"og:locale\" content=\"pt_PT\" \/>\n<meta property=\"og:type\" content=\"article\" \/>\n<meta property=\"og:title\" content=\"PASANTE - LUBRIFICANTE SABOR MENTE 75 ML - Lovme\" \/>\n<meta property=\"og:description\" content=\"PASANTE - LUBRIFICANTE SABOR MENTE 75 ML\" \/>\n<meta property=\"og:url\" content=\"https:\/\/lovme.pt\/index.php\/produto\/pasante-lubrificante-sabor-mente-75-ml\/\" \/>\n<meta property=\"og:site_name\" content=\"Lovme\" \/>\n<meta property=\"article:modified_time\" content=\"2026-02-19T20:01:42+00:00\" \/>\n<meta property=\"og:image\" content=\"https:\/\/erki24nd3ub.exactdn.com\/wp-content\/uploads\/dream\/img\/img_190542_31678e9487de48274cd39adc54b0a387_1.jpg?strip=all\" \/>\n\t<meta property=\"og:image:width\" content=\"800\" \/>\n\t<meta property=\"og:image:height\" content=\"800\" \/>\n\t<meta property=\"og:image:type\" content=\"image\/jpeg\" \/>\n<meta name=\"twitter:card\" content=\"summary_large_image\" \/>\n<meta name=\"twitter:label1\" content=\"Tempo estimado de leitura\" \/>\n\t<meta name=\"twitter:data1\" content=\"2 minutos\" \/>\n<script type=\"application\/ld+json\" class=\"yoast-schema-graph\">{\"@context\":\"https:\\\/\\\/schema.org\",\"@graph\":[{\"@type\":\"WebPage\",\"@id\":\"https:\\\/\\\/lovme.pt\\\/index.php\\\/produto\\\/pasante-lubrificante-sabor-mente-75-ml\\\/\",\"url\":\"https:\\\/\\\/lovme.pt\\\/index.php\\\/produto\\\/pasante-lubrificante-sabor-mente-75-ml\\\/\",\"name\":\"PASANTE - LUBRIFICANTE SABOR MENTE 75 ML - Lovme\",\"isPartOf\":{\"@id\":\"https:\\\/\\\/lovme.pt\\\/#website\"},\"primaryImageOfPage\":{\"@id\":\"https:\\\/\\\/lovme.pt\\\/index.php\\\/produto\\\/pasante-lubrificante-sabor-mente-75-ml\\\/#primaryimage\"},\"image\":{\"@id\":\"https:\\\/\\\/lovme.pt\\\/index.php\\\/produto\\\/pasante-lubrificante-sabor-mente-75-ml\\\/#primaryimage\"},\"thumbnailUrl\":\"https:\\\/\\\/erki24nd3ub.exactdn.com\\\/wp-content\\\/uploads\\\/dream\\\/img\\\/img_190542_31678e9487de48274cd39adc54b0a387_1.jpg?strip=all\",\"datePublished\":\"2025-09-30T09:41:31+00:00\",\"dateModified\":\"2026-02-19T20:01:42+00:00\",\"breadcrumb\":{\"@id\":\"https:\\\/\\\/lovme.pt\\\/index.php\\\/produto\\\/pasante-lubrificante-sabor-mente-75-ml\\\/#breadcrumb\"},\"inLanguage\":\"pt-PT\",\"potentialAction\":[{\"@type\":\"ReadAction\",\"target\":[\"https:\\\/\\\/lovme.pt\\\/index.php\\\/produto\\\/pasante-lubrificante-sabor-mente-75-ml\\\/\"]}]},{\"@type\":\"ImageObject\",\"inLanguage\":\"pt-PT\",\"@id\":\"https:\\\/\\\/lovme.pt\\\/index.php\\\/produto\\\/pasante-lubrificante-sabor-mente-75-ml\\\/#primaryimage\",\"url\":\"https:\\\/\\\/erki24nd3ub.exactdn.com\\\/wp-content\\\/uploads\\\/dream\\\/img\\\/img_190542_31678e9487de48274cd39adc54b0a387_1.jpg?strip=all\",\"contentUrl\":\"https:\\\/\\\/erki24nd3ub.exactdn.com\\\/wp-content\\\/uploads\\\/dream\\\/img\\\/img_190542_31678e9487de48274cd39adc54b0a387_1.jpg?strip=all\",\"width\":800,\"height\":800},{\"@type\":\"BreadcrumbList\",\"@id\":\"https:\\\/\\\/lovme.pt\\\/index.php\\\/produto\\\/pasante-lubrificante-sabor-mente-75-ml\\\/#breadcrumb\",\"itemListElement\":[{\"@type\":\"ListItem\",\"position\":1,\"name\":\"In\u00edcio\",\"item\":\"https:\\\/\\\/lovme.pt\\\/\"},{\"@type\":\"ListItem\",\"position\":2,\"name\":\"Loja\",\"item\":\"https:\\\/\\\/lovme.pt\\\/index.php\\\/loja\\\/\"},{\"@type\":\"ListItem\",\"position\":3,\"name\":\"PASANTE &#8211; LUBRIFICANTE SABOR MENTE 75 ML\"}]},{\"@type\":\"WebSite\",\"@id\":\"https:\\\/\\\/lovme.pt\\\/#website\",\"url\":\"https:\\\/\\\/lovme.pt\\\/\",\"name\":\"Lovme Loja Er\u00f3tica N\u00ba1 em Portugal\",\"description\":\"A melhor loja er\u00f3tica de Portugal.\",\"alternateName\":\"Loja Er\u00f3tica Lovme\",\"potentialAction\":[{\"@type\":\"SearchAction\",\"target\":{\"@type\":\"EntryPoint\",\"urlTemplate\":\"https:\\\/\\\/lovme.pt\\\/?s={search_term_string}\"},\"query-input\":{\"@type\":\"PropertyValueSpecification\",\"valueRequired\":true,\"valueName\":\"search_term_string\"}}],\"inLanguage\":\"pt-PT\"}]}<\/script>\n<!-- \/ Yoast SEO plugin. -->","yoast_head_json":{"title":"PASANTE - LUBRIFICANTE SABOR MENTE 75 ML - Lovme","robots":{"index":"index","follow":"follow","max-snippet":"max-snippet:-1","max-image-preview":"max-image-preview:large","max-video-preview":"max-video-preview:-1"},"canonical":"https:\/\/lovme.pt\/index.php\/produto\/pasante-lubrificante-sabor-mente-75-ml\/","og_locale":"pt_PT","og_type":"article","og_title":"PASANTE - LUBRIFICANTE SABOR MENTE 75 ML - Lovme","og_description":"PASANTE - LUBRIFICANTE SABOR MENTE 75 ML","og_url":"https:\/\/lovme.pt\/index.php\/produto\/pasante-lubrificante-sabor-mente-75-ml\/","og_site_name":"Lovme","article_modified_time":"2026-02-19T20:01:42+00:00","og_image":[{"width":800,"height":800,"url":"https:\/\/erki24nd3ub.exactdn.com\/wp-content\/uploads\/dream\/img\/img_190542_31678e9487de48274cd39adc54b0a387_1.jpg?strip=all","type":"image\/jpeg"}],"twitter_card":"summary_large_image","twitter_misc":{"Tempo estimado de leitura":"2 minutos"},"schema":{"@context":"https:\/\/schema.org","@graph":[{"@type":"WebPage","@id":"https:\/\/lovme.pt\/index.php\/produto\/pasante-lubrificante-sabor-mente-75-ml\/","url":"https:\/\/lovme.pt\/index.php\/produto\/pasante-lubrificante-sabor-mente-75-ml\/","name":"PASANTE - LUBRIFICANTE SABOR MENTE 75 ML - Lovme","isPartOf":{"@id":"https:\/\/lovme.pt\/#website"},"primaryImageOfPage":{"@id":"https:\/\/lovme.pt\/index.php\/produto\/pasante-lubrificante-sabor-mente-75-ml\/#primaryimage"},"image":{"@id":"https:\/\/lovme.pt\/index.php\/produto\/pasante-lubrificante-sabor-mente-75-ml\/#primaryimage"},"thumbnailUrl":"https:\/\/erki24nd3ub.exactdn.com\/wp-content\/uploads\/dream\/img\/img_190542_31678e9487de48274cd39adc54b0a387_1.jpg?strip=all","datePublished":"2025-09-30T09:41:31+00:00","dateModified":"2026-02-19T20:01:42+00:00","breadcrumb":{"@id":"https:\/\/lovme.pt\/index.php\/produto\/pasante-lubrificante-sabor-mente-75-ml\/#breadcrumb"},"inLanguage":"pt-PT","potentialAction":[{"@type":"ReadAction","target":["https:\/\/lovme.pt\/index.php\/produto\/pasante-lubrificante-sabor-mente-75-ml\/"]}]},{"@type":"ImageObject","inLanguage":"pt-PT","@id":"https:\/\/lovme.pt\/index.php\/produto\/pasante-lubrificante-sabor-mente-75-ml\/#primaryimage","url":"https:\/\/erki24nd3ub.exactdn.com\/wp-content\/uploads\/dream\/img\/img_190542_31678e9487de48274cd39adc54b0a387_1.jpg?strip=all","contentUrl":"https:\/\/erki24nd3ub.exactdn.com\/wp-content\/uploads\/dream\/img\/img_190542_31678e9487de48274cd39adc54b0a387_1.jpg?strip=all","width":800,"height":800},{"@type":"BreadcrumbList","@id":"https:\/\/lovme.pt\/index.php\/produto\/pasante-lubrificante-sabor-mente-75-ml\/#breadcrumb","itemListElement":[{"@type":"ListItem","position":1,"name":"In\u00edcio","item":"https:\/\/lovme.pt\/"},{"@type":"ListItem","position":2,"name":"Loja","item":"https:\/\/lovme.pt\/index.php\/loja\/"},{"@type":"ListItem","position":3,"name":"PASANTE &#8211; LUBRIFICANTE SABOR MENTE 75 ML"}]},{"@type":"WebSite","@id":"https:\/\/lovme.pt\/#website","url":"https:\/\/lovme.pt\/","name":"Lovme Loja Er\u00f3tica N\u00ba1 em Portugal","description":"A melhor loja er\u00f3tica de Portugal.","alternateName":"Loja Er\u00f3tica Lovme","potentialAction":[{"@type":"SearchAction","target":{"@type":"EntryPoint","urlTemplate":"https:\/\/lovme.pt\/?s={search_term_string}"},"query-input":{"@type":"PropertyValueSpecification","valueRequired":true,"valueName":"search_term_string"}}],"inLanguage":"pt-PT"}]}},"_links":{"self":[{"href":"https:\/\/lovme.pt\/index.php\/wp-json\/wp\/v2\/product\/50483","targetHints":{"allow":["GET"]}}],"collection":[{"href":"https:\/\/lovme.pt\/index.php\/wp-json\/wp\/v2\/product"}],"about":[{"href":"https:\/\/lovme.pt\/index.php\/wp-json\/wp\/v2\/types\/product"}],"wp:featuredmedia":[{"embeddable":true,"href":"https:\/\/lovme.pt\/index.php\/wp-json\/wp\/v2\/media\/55832"}],"wp:attachment":[{"href":"https:\/\/lovme.pt\/index.php\/wp-json\/wp\/v2\/media?parent=50483"}],"wp:term":[{"taxonomy":"product_brand","embeddable":true,"href":"https:\/\/lovme.pt\/index.php\/wp-json\/wp\/v2\/product_brand?post=50483"},{"taxonomy":"product_cat","embeddable":true,"href":"https:\/\/lovme.pt\/index.php\/wp-json\/wp\/v2\/product_cat?post=50483"},{"taxonomy":"product_tag","embeddable":true,"href":"https:\/\/lovme.pt\/index.php\/wp-json\/wp\/v2\/product_tag?post=50483"}],"curies":[{"name":"wp","href":"https:\/\/api.w.org\/{rel}","templated":true}]}}