{"id":50249,"date":"2025-09-30T22:20:06","date_gmt":"2025-09-30T22:20:06","guid":{"rendered":"https:\/\/lovme.pt\/?post_type=product&p=50249"},"modified":"2026-02-19T20:09:56","modified_gmt":"2026-02-19T20:09:56","slug":"ruf-stay-up-creme-de-reversao-40-ml","status":"publish","type":"product","link":"https:\/\/lovme.pt\/index.php\/produto\/ruf-stay-up-creme-de-reversao-40-ml\/","title":{"rendered":"RUF &#8211; STAY UP CREME DE REVERS\u00c3O 40 ML"},"content":{"rendered":"<p><strong>Stay Up<\/strong> \u00e9 um creme retardante com a\u00e7\u00e3o refrescante e efeito analg\u00e9sico na camada superior do p\u00eanis.<\/p>\n<p>Stay Up pode ajudar voc\u00ea a atrasar o orgasmo com uma a\u00e7\u00e3o simples. Composto principalmente por ingredientes ativos refrescantes, ele ajudar\u00e1 a deixar a pele do p\u00eanis um pouco menos sens\u00edvel por um curto per\u00edodo de tempo para que o prazer dure mais.<\/p>\n<p>\u00a0<\/p>\n<p><u><strong>CARACTER\u00cdSTICAS<\/strong><\/u> :<\/p>\n<ul>\n<li>Creme para o p\u00e9nis que atrasa o despertar<\/li>\n<li>40 ml<\/li>\n<li>Hortel\u00e3 selvagem, eucalipto, hortel\u00e3 e hortel\u00e3-pimenta: poderosa a\u00e7\u00e3o refrescante<\/li>\n<li>\u00d3leo vegetal de avel\u00e3: hidratante e hidratante<\/li>\n<li>Ingredientes: \u00e1gua, \u00e1lcool cetoestear\u00edlico, glicerina, parafina l\u00edquida, \u00f3leo de semente de Corylus avellana, cera de abelha sint\u00e9tica, fenoxietanol, ceteareth-20, lactato de mentila, \u00f3leo de Mentha arvensis, \u00f3leo de Eucalyptus globulus, \u00f3leo de Mentha viridis, \u00f3leo de Mentha piperata, \u00f3leo de Foeniculum vulgare, etilhexilglicerina, \u00f3leo de r\u00edcino hidrogenado PPG-26 buteth-26 \/ PEG-40, goma xantana, acetato de tocoferol, mentol, 1,8 cineol, carvona, mentona.<\/li>\n<\/ul>\n","protected":false},"excerpt":{"rendered":"<p>RUF &#8211; STAY UP CREME DE REVERS\u00c3O 40 ML<\/p>\n","protected":false},"featured_media":76909,"template":"","meta":{"_acf_changed":false},"product_brand":[],"product_cat":[49,52],"product_tag":[],"class_list":{"0":"post-50249","1":"product","2":"type-product","3":"status-publish","4":"has-post-thumbnail","6":"product_cat-cosmeticos","7":"product_cat-estimulantes","8":"yith_product_brand-ruf","10":"first","11":"instock","12":"taxable","13":"shipping-taxable","14":"purchasable","15":"product-type-simple"},"acf":[],"yoast_head":"<!-- This site is optimized with the Yoast SEO plugin v27.4 - https:\/\/yoast.com\/product\/yoast-seo-wordpress\/ -->\n<title>RUF - STAY UP CREME DE REVERS\u00c3O 40 ML - Lovme<\/title>\n<meta name=\"robots\" content=\"index, follow, max-snippet:-1, max-image-preview:large, max-video-preview:-1\" \/>\n<link rel=\"canonical\" href=\"https:\/\/lovme.pt\/index.php\/produto\/ruf-stay-up-creme-de-reversao-40-ml\/\" \/>\n<meta property=\"og:locale\" content=\"pt_PT\" \/>\n<meta property=\"og:type\" content=\"article\" \/>\n<meta property=\"og:title\" content=\"RUF - STAY UP CREME DE REVERS\u00c3O 40 ML - Lovme\" \/>\n<meta property=\"og:description\" content=\"RUF - STAY UP CREME DE REVERS\u00c3O 40 ML\" \/>\n<meta property=\"og:url\" content=\"https:\/\/lovme.pt\/index.php\/produto\/ruf-stay-up-creme-de-reversao-40-ml\/\" \/>\n<meta property=\"og:site_name\" content=\"Lovme\" \/>\n<meta property=\"article:modified_time\" content=\"2026-02-19T20:09:56+00:00\" \/>\n<meta property=\"og:image\" content=\"https:\/\/erki24nd3ub.exactdn.com\/wp-content\/uploads\/dream\/img\/img_188196_4f851abd76a816a259c380d9eafa46bd_1.jpg?strip=all\" \/>\n\t<meta property=\"og:image:width\" content=\"800\" \/>\n\t<meta property=\"og:image:height\" content=\"800\" \/>\n\t<meta property=\"og:image:type\" content=\"image\/jpeg\" \/>\n<meta name=\"twitter:card\" content=\"summary_large_image\" \/>\n<meta name=\"twitter:label1\" content=\"Tempo estimado de leitura\" \/>\n\t<meta name=\"twitter:data1\" content=\"1 minuto\" \/>\n<script type=\"application\/ld+json\" class=\"yoast-schema-graph\">{\"@context\":\"https:\\\/\\\/schema.org\",\"@graph\":[{\"@type\":\"WebPage\",\"@id\":\"https:\\\/\\\/lovme.pt\\\/index.php\\\/produto\\\/ruf-stay-up-creme-de-reversao-40-ml\\\/\",\"url\":\"https:\\\/\\\/lovme.pt\\\/index.php\\\/produto\\\/ruf-stay-up-creme-de-reversao-40-ml\\\/\",\"name\":\"RUF - STAY UP CREME DE REVERS\u00c3O 40 ML - Lovme\",\"isPartOf\":{\"@id\":\"https:\\\/\\\/lovme.pt\\\/#website\"},\"primaryImageOfPage\":{\"@id\":\"https:\\\/\\\/lovme.pt\\\/index.php\\\/produto\\\/ruf-stay-up-creme-de-reversao-40-ml\\\/#primaryimage\"},\"image\":{\"@id\":\"https:\\\/\\\/lovme.pt\\\/index.php\\\/produto\\\/ruf-stay-up-creme-de-reversao-40-ml\\\/#primaryimage\"},\"thumbnailUrl\":\"https:\\\/\\\/erki24nd3ub.exactdn.com\\\/wp-content\\\/uploads\\\/dream\\\/img\\\/img_188196_4f851abd76a816a259c380d9eafa46bd_1.jpg?strip=all\",\"datePublished\":\"2025-09-30T22:20:06+00:00\",\"dateModified\":\"2026-02-19T20:09:56+00:00\",\"breadcrumb\":{\"@id\":\"https:\\\/\\\/lovme.pt\\\/index.php\\\/produto\\\/ruf-stay-up-creme-de-reversao-40-ml\\\/#breadcrumb\"},\"inLanguage\":\"pt-PT\",\"potentialAction\":[{\"@type\":\"ReadAction\",\"target\":[\"https:\\\/\\\/lovme.pt\\\/index.php\\\/produto\\\/ruf-stay-up-creme-de-reversao-40-ml\\\/\"]}]},{\"@type\":\"ImageObject\",\"inLanguage\":\"pt-PT\",\"@id\":\"https:\\\/\\\/lovme.pt\\\/index.php\\\/produto\\\/ruf-stay-up-creme-de-reversao-40-ml\\\/#primaryimage\",\"url\":\"https:\\\/\\\/erki24nd3ub.exactdn.com\\\/wp-content\\\/uploads\\\/dream\\\/img\\\/img_188196_4f851abd76a816a259c380d9eafa46bd_1.jpg?strip=all\",\"contentUrl\":\"https:\\\/\\\/erki24nd3ub.exactdn.com\\\/wp-content\\\/uploads\\\/dream\\\/img\\\/img_188196_4f851abd76a816a259c380d9eafa46bd_1.jpg?strip=all\",\"width\":800,\"height\":800},{\"@type\":\"BreadcrumbList\",\"@id\":\"https:\\\/\\\/lovme.pt\\\/index.php\\\/produto\\\/ruf-stay-up-creme-de-reversao-40-ml\\\/#breadcrumb\",\"itemListElement\":[{\"@type\":\"ListItem\",\"position\":1,\"name\":\"In\u00edcio\",\"item\":\"https:\\\/\\\/lovme.pt\\\/\"},{\"@type\":\"ListItem\",\"position\":2,\"name\":\"Loja\",\"item\":\"https:\\\/\\\/lovme.pt\\\/index.php\\\/loja\\\/\"},{\"@type\":\"ListItem\",\"position\":3,\"name\":\"RUF &#8211; STAY UP CREME DE REVERS\u00c3O 40 ML\"}]},{\"@type\":\"WebSite\",\"@id\":\"https:\\\/\\\/lovme.pt\\\/#website\",\"url\":\"https:\\\/\\\/lovme.pt\\\/\",\"name\":\"Lovme Loja Er\u00f3tica N\u00ba1 em Portugal\",\"description\":\"A melhor loja er\u00f3tica de Portugal.\",\"alternateName\":\"Loja Er\u00f3tica Lovme\",\"potentialAction\":[{\"@type\":\"SearchAction\",\"target\":{\"@type\":\"EntryPoint\",\"urlTemplate\":\"https:\\\/\\\/lovme.pt\\\/?s={search_term_string}\"},\"query-input\":{\"@type\":\"PropertyValueSpecification\",\"valueRequired\":true,\"valueName\":\"search_term_string\"}}],\"inLanguage\":\"pt-PT\"}]}<\/script>\n<!-- \/ Yoast SEO plugin. -->","yoast_head_json":{"title":"RUF - STAY UP CREME DE REVERS\u00c3O 40 ML - Lovme","robots":{"index":"index","follow":"follow","max-snippet":"max-snippet:-1","max-image-preview":"max-image-preview:large","max-video-preview":"max-video-preview:-1"},"canonical":"https:\/\/lovme.pt\/index.php\/produto\/ruf-stay-up-creme-de-reversao-40-ml\/","og_locale":"pt_PT","og_type":"article","og_title":"RUF - STAY UP CREME DE REVERS\u00c3O 40 ML - Lovme","og_description":"RUF - STAY UP CREME DE REVERS\u00c3O 40 ML","og_url":"https:\/\/lovme.pt\/index.php\/produto\/ruf-stay-up-creme-de-reversao-40-ml\/","og_site_name":"Lovme","article_modified_time":"2026-02-19T20:09:56+00:00","og_image":[{"width":800,"height":800,"url":"https:\/\/erki24nd3ub.exactdn.com\/wp-content\/uploads\/dream\/img\/img_188196_4f851abd76a816a259c380d9eafa46bd_1.jpg?strip=all","type":"image\/jpeg"}],"twitter_card":"summary_large_image","twitter_misc":{"Tempo estimado de leitura":"1 minuto"},"schema":{"@context":"https:\/\/schema.org","@graph":[{"@type":"WebPage","@id":"https:\/\/lovme.pt\/index.php\/produto\/ruf-stay-up-creme-de-reversao-40-ml\/","url":"https:\/\/lovme.pt\/index.php\/produto\/ruf-stay-up-creme-de-reversao-40-ml\/","name":"RUF - STAY UP CREME DE REVERS\u00c3O 40 ML - Lovme","isPartOf":{"@id":"https:\/\/lovme.pt\/#website"},"primaryImageOfPage":{"@id":"https:\/\/lovme.pt\/index.php\/produto\/ruf-stay-up-creme-de-reversao-40-ml\/#primaryimage"},"image":{"@id":"https:\/\/lovme.pt\/index.php\/produto\/ruf-stay-up-creme-de-reversao-40-ml\/#primaryimage"},"thumbnailUrl":"https:\/\/erki24nd3ub.exactdn.com\/wp-content\/uploads\/dream\/img\/img_188196_4f851abd76a816a259c380d9eafa46bd_1.jpg?strip=all","datePublished":"2025-09-30T22:20:06+00:00","dateModified":"2026-02-19T20:09:56+00:00","breadcrumb":{"@id":"https:\/\/lovme.pt\/index.php\/produto\/ruf-stay-up-creme-de-reversao-40-ml\/#breadcrumb"},"inLanguage":"pt-PT","potentialAction":[{"@type":"ReadAction","target":["https:\/\/lovme.pt\/index.php\/produto\/ruf-stay-up-creme-de-reversao-40-ml\/"]}]},{"@type":"ImageObject","inLanguage":"pt-PT","@id":"https:\/\/lovme.pt\/index.php\/produto\/ruf-stay-up-creme-de-reversao-40-ml\/#primaryimage","url":"https:\/\/erki24nd3ub.exactdn.com\/wp-content\/uploads\/dream\/img\/img_188196_4f851abd76a816a259c380d9eafa46bd_1.jpg?strip=all","contentUrl":"https:\/\/erki24nd3ub.exactdn.com\/wp-content\/uploads\/dream\/img\/img_188196_4f851abd76a816a259c380d9eafa46bd_1.jpg?strip=all","width":800,"height":800},{"@type":"BreadcrumbList","@id":"https:\/\/lovme.pt\/index.php\/produto\/ruf-stay-up-creme-de-reversao-40-ml\/#breadcrumb","itemListElement":[{"@type":"ListItem","position":1,"name":"In\u00edcio","item":"https:\/\/lovme.pt\/"},{"@type":"ListItem","position":2,"name":"Loja","item":"https:\/\/lovme.pt\/index.php\/loja\/"},{"@type":"ListItem","position":3,"name":"RUF &#8211; STAY UP CREME DE REVERS\u00c3O 40 ML"}]},{"@type":"WebSite","@id":"https:\/\/lovme.pt\/#website","url":"https:\/\/lovme.pt\/","name":"Lovme Loja Er\u00f3tica N\u00ba1 em Portugal","description":"A melhor loja er\u00f3tica de Portugal.","alternateName":"Loja Er\u00f3tica Lovme","potentialAction":[{"@type":"SearchAction","target":{"@type":"EntryPoint","urlTemplate":"https:\/\/lovme.pt\/?s={search_term_string}"},"query-input":{"@type":"PropertyValueSpecification","valueRequired":true,"valueName":"search_term_string"}}],"inLanguage":"pt-PT"}]}},"_links":{"self":[{"href":"https:\/\/lovme.pt\/index.php\/wp-json\/wp\/v2\/product\/50249","targetHints":{"allow":["GET"]}}],"collection":[{"href":"https:\/\/lovme.pt\/index.php\/wp-json\/wp\/v2\/product"}],"about":[{"href":"https:\/\/lovme.pt\/index.php\/wp-json\/wp\/v2\/types\/product"}],"wp:featuredmedia":[{"embeddable":true,"href":"https:\/\/lovme.pt\/index.php\/wp-json\/wp\/v2\/media\/76909"}],"wp:attachment":[{"href":"https:\/\/lovme.pt\/index.php\/wp-json\/wp\/v2\/media?parent=50249"}],"wp:term":[{"taxonomy":"product_brand","embeddable":true,"href":"https:\/\/lovme.pt\/index.php\/wp-json\/wp\/v2\/product_brand?post=50249"},{"taxonomy":"product_cat","embeddable":true,"href":"https:\/\/lovme.pt\/index.php\/wp-json\/wp\/v2\/product_cat?post=50249"},{"taxonomy":"product_tag","embeddable":true,"href":"https:\/\/lovme.pt\/index.php\/wp-json\/wp\/v2\/product_tag?post=50249"}],"curies":[{"name":"wp","href":"https:\/\/api.w.org\/{rel}","templated":true}]}}