{"id":50126,"date":"2025-09-30T10:14:18","date_gmt":"2025-09-30T10:14:18","guid":{"rendered":"https:\/\/lovme.pt\/?post_type=product&p=50126"},"modified":"2026-02-19T20:07:01","modified_gmt":"2026-02-19T20:07:01","slug":"pdx-plus-fap-flask-discreto-stroker-clear-modelo-1","status":"publish","type":"product","link":"https:\/\/lovme.pt\/index.php\/produto\/pdx-plus-fap-flask-discreto-stroker-clear-modelo-1\/","title":{"rendered":"PDX PLUS &#8211; FAP FLASK DISCRETO STROKER CLEAR MODELO 1"},"content":{"rendered":"<p>Fa\u00e7a uma excurs\u00e3o e viva emo\u00e7\u00f5es fortes com o <strong>Fap Flask,<\/strong> o discreto estimulador de garrafa de \u00e1gua!<\/p>\n<p>Imitando uma garrafa de \u00e1gua reutiliz\u00e1vel moderna, ela garante privacidade ao se integrar perfeitamente a qualquer ambiente.<\/p>\n<p>Ideal para viagens ou momentos discretos, ele se esconde facilmente em mochilas, malas ou porta-malas de carro. Diga adeus aos olhares curiosos com seu design elegante.<\/p>\n<p>No interior, descubra costelas de prazer para estimula\u00e7\u00e3o inigual\u00e1vel. Projetado para sensa\u00e7\u00f5es realistas, ele excede as expectativas. A tampa possui uma v\u00e1lvula de controle de suc\u00e7\u00e3o flip-top para ajustar o fluxo de ar. Precisa de velocidade? O anel de dedo integrado garante uma pegada segura e portabilidade sem esfor\u00e7o.<\/p>\n<p>Desfrute de discri\u00e7\u00e3o e satisfa\u00e7\u00e3o em qualquer lugar!<\/p>\n<p>\u00a0<\/p>\n<p><u><strong>CARACTER\u00cdSTICAS<\/strong><\/u> :<\/p>\n<ul>\n<li>Dimens\u00f5es do produto: 23,8 x 8,3 cm<\/li>\n<li>Comprimento total: 23,8 cm<\/li>\n<li>Comprimento inser\u00edvel: 17,8 cm<\/li>\n<li>Material: Pl\u00e1stico ABS  TPE  Polipropileno  Silicone<\/li>\n<\/ul>\n","protected":false},"excerpt":{"rendered":"<p>PDX PLUS &#8211; FAP FLASK DISCRETO STROKER CLEAR MODELO 1<\/p>\n","protected":false},"featured_media":64538,"template":"","meta":{"_acf_changed":false},"product_brand":[],"product_cat":[17,58,60],"product_tag":[],"class_list":{"0":"post-50126","1":"product","2":"type-product","3":"status-publish","4":"has-post-thumbnail","6":"product_cat-brinquedos-de-bem-estar-sexual","7":"product_cat-masturbadores-para-penis","8":"product_cat-para-eles","9":"yith_product_brand-pipedreamspdx-plus","10":"yith_product_brand-pipedreams","12":"first","13":"instock","14":"taxable","15":"shipping-taxable","16":"purchasable","17":"product-type-simple"},"acf":[],"yoast_head":"<!-- This site is optimized with the Yoast SEO plugin v27.4 - https:\/\/yoast.com\/product\/yoast-seo-wordpress\/ -->\n<title>PDX PLUS - FAP FLASK DISCRETO STROKER CLEAR MODELO 1 - Lovme<\/title>\n<meta name=\"robots\" content=\"index, follow, max-snippet:-1, max-image-preview:large, max-video-preview:-1\" \/>\n<link rel=\"canonical\" href=\"https:\/\/lovme.pt\/index.php\/produto\/pdx-plus-fap-flask-discreto-stroker-clear-modelo-1\/\" \/>\n<meta property=\"og:locale\" content=\"pt_PT\" \/>\n<meta property=\"og:type\" content=\"article\" \/>\n<meta property=\"og:title\" content=\"PDX PLUS - FAP FLASK DISCRETO STROKER CLEAR MODELO 1 - Lovme\" \/>\n<meta property=\"og:description\" content=\"PDX PLUS - FAP FLASK DISCRETO STROKER CLEAR MODELO 1\" \/>\n<meta property=\"og:url\" content=\"https:\/\/lovme.pt\/index.php\/produto\/pdx-plus-fap-flask-discreto-stroker-clear-modelo-1\/\" \/>\n<meta property=\"og:site_name\" content=\"Lovme\" \/>\n<meta property=\"article:modified_time\" content=\"2026-02-19T20:07:01+00:00\" \/>\n<meta property=\"og:image\" content=\"https:\/\/erki24nd3ub.exactdn.com\/wp-content\/uploads\/dream\/img\/img_186456_9971933fa17a3a22919d22355c5c3a27_1.jpg?strip=all\" \/>\n\t<meta property=\"og:image:width\" content=\"800\" \/>\n\t<meta property=\"og:image:height\" content=\"800\" \/>\n\t<meta property=\"og:image:type\" content=\"image\/jpeg\" \/>\n<meta name=\"twitter:card\" content=\"summary_large_image\" \/>\n<meta name=\"twitter:label1\" content=\"Tempo estimado de leitura\" \/>\n\t<meta name=\"twitter:data1\" content=\"1 minuto\" \/>\n<script type=\"application\/ld+json\" class=\"yoast-schema-graph\">{\"@context\":\"https:\\\/\\\/schema.org\",\"@graph\":[{\"@type\":\"WebPage\",\"@id\":\"https:\\\/\\\/lovme.pt\\\/index.php\\\/produto\\\/pdx-plus-fap-flask-discreto-stroker-clear-modelo-1\\\/\",\"url\":\"https:\\\/\\\/lovme.pt\\\/index.php\\\/produto\\\/pdx-plus-fap-flask-discreto-stroker-clear-modelo-1\\\/\",\"name\":\"PDX PLUS - FAP FLASK DISCRETO STROKER CLEAR MODELO 1 - Lovme\",\"isPartOf\":{\"@id\":\"https:\\\/\\\/lovme.pt\\\/#website\"},\"primaryImageOfPage\":{\"@id\":\"https:\\\/\\\/lovme.pt\\\/index.php\\\/produto\\\/pdx-plus-fap-flask-discreto-stroker-clear-modelo-1\\\/#primaryimage\"},\"image\":{\"@id\":\"https:\\\/\\\/lovme.pt\\\/index.php\\\/produto\\\/pdx-plus-fap-flask-discreto-stroker-clear-modelo-1\\\/#primaryimage\"},\"thumbnailUrl\":\"https:\\\/\\\/erki24nd3ub.exactdn.com\\\/wp-content\\\/uploads\\\/dream\\\/img\\\/img_186456_9971933fa17a3a22919d22355c5c3a27_1.jpg?strip=all\",\"datePublished\":\"2025-09-30T10:14:18+00:00\",\"dateModified\":\"2026-02-19T20:07:01+00:00\",\"breadcrumb\":{\"@id\":\"https:\\\/\\\/lovme.pt\\\/index.php\\\/produto\\\/pdx-plus-fap-flask-discreto-stroker-clear-modelo-1\\\/#breadcrumb\"},\"inLanguage\":\"pt-PT\",\"potentialAction\":[{\"@type\":\"ReadAction\",\"target\":[\"https:\\\/\\\/lovme.pt\\\/index.php\\\/produto\\\/pdx-plus-fap-flask-discreto-stroker-clear-modelo-1\\\/\"]}]},{\"@type\":\"ImageObject\",\"inLanguage\":\"pt-PT\",\"@id\":\"https:\\\/\\\/lovme.pt\\\/index.php\\\/produto\\\/pdx-plus-fap-flask-discreto-stroker-clear-modelo-1\\\/#primaryimage\",\"url\":\"https:\\\/\\\/erki24nd3ub.exactdn.com\\\/wp-content\\\/uploads\\\/dream\\\/img\\\/img_186456_9971933fa17a3a22919d22355c5c3a27_1.jpg?strip=all\",\"contentUrl\":\"https:\\\/\\\/erki24nd3ub.exactdn.com\\\/wp-content\\\/uploads\\\/dream\\\/img\\\/img_186456_9971933fa17a3a22919d22355c5c3a27_1.jpg?strip=all\",\"width\":800,\"height\":800},{\"@type\":\"BreadcrumbList\",\"@id\":\"https:\\\/\\\/lovme.pt\\\/index.php\\\/produto\\\/pdx-plus-fap-flask-discreto-stroker-clear-modelo-1\\\/#breadcrumb\",\"itemListElement\":[{\"@type\":\"ListItem\",\"position\":1,\"name\":\"In\u00edcio\",\"item\":\"https:\\\/\\\/lovme.pt\\\/\"},{\"@type\":\"ListItem\",\"position\":2,\"name\":\"Loja\",\"item\":\"https:\\\/\\\/lovme.pt\\\/index.php\\\/loja\\\/\"},{\"@type\":\"ListItem\",\"position\":3,\"name\":\"PDX PLUS &#8211; FAP FLASK DISCRETO STROKER CLEAR MODELO 1\"}]},{\"@type\":\"WebSite\",\"@id\":\"https:\\\/\\\/lovme.pt\\\/#website\",\"url\":\"https:\\\/\\\/lovme.pt\\\/\",\"name\":\"Lovme Loja Er\u00f3tica N\u00ba1 em Portugal\",\"description\":\"A melhor loja er\u00f3tica de Portugal.\",\"alternateName\":\"Loja Er\u00f3tica Lovme\",\"potentialAction\":[{\"@type\":\"SearchAction\",\"target\":{\"@type\":\"EntryPoint\",\"urlTemplate\":\"https:\\\/\\\/lovme.pt\\\/?s={search_term_string}\"},\"query-input\":{\"@type\":\"PropertyValueSpecification\",\"valueRequired\":true,\"valueName\":\"search_term_string\"}}],\"inLanguage\":\"pt-PT\"}]}<\/script>\n<!-- \/ Yoast SEO plugin. -->","yoast_head_json":{"title":"PDX PLUS - FAP FLASK DISCRETO STROKER CLEAR MODELO 1 - Lovme","robots":{"index":"index","follow":"follow","max-snippet":"max-snippet:-1","max-image-preview":"max-image-preview:large","max-video-preview":"max-video-preview:-1"},"canonical":"https:\/\/lovme.pt\/index.php\/produto\/pdx-plus-fap-flask-discreto-stroker-clear-modelo-1\/","og_locale":"pt_PT","og_type":"article","og_title":"PDX PLUS - FAP FLASK DISCRETO STROKER CLEAR MODELO 1 - Lovme","og_description":"PDX PLUS - FAP FLASK DISCRETO STROKER CLEAR MODELO 1","og_url":"https:\/\/lovme.pt\/index.php\/produto\/pdx-plus-fap-flask-discreto-stroker-clear-modelo-1\/","og_site_name":"Lovme","article_modified_time":"2026-02-19T20:07:01+00:00","og_image":[{"width":800,"height":800,"url":"https:\/\/erki24nd3ub.exactdn.com\/wp-content\/uploads\/dream\/img\/img_186456_9971933fa17a3a22919d22355c5c3a27_1.jpg?strip=all","type":"image\/jpeg"}],"twitter_card":"summary_large_image","twitter_misc":{"Tempo estimado de leitura":"1 minuto"},"schema":{"@context":"https:\/\/schema.org","@graph":[{"@type":"WebPage","@id":"https:\/\/lovme.pt\/index.php\/produto\/pdx-plus-fap-flask-discreto-stroker-clear-modelo-1\/","url":"https:\/\/lovme.pt\/index.php\/produto\/pdx-plus-fap-flask-discreto-stroker-clear-modelo-1\/","name":"PDX PLUS - FAP FLASK DISCRETO STROKER CLEAR MODELO 1 - Lovme","isPartOf":{"@id":"https:\/\/lovme.pt\/#website"},"primaryImageOfPage":{"@id":"https:\/\/lovme.pt\/index.php\/produto\/pdx-plus-fap-flask-discreto-stroker-clear-modelo-1\/#primaryimage"},"image":{"@id":"https:\/\/lovme.pt\/index.php\/produto\/pdx-plus-fap-flask-discreto-stroker-clear-modelo-1\/#primaryimage"},"thumbnailUrl":"https:\/\/erki24nd3ub.exactdn.com\/wp-content\/uploads\/dream\/img\/img_186456_9971933fa17a3a22919d22355c5c3a27_1.jpg?strip=all","datePublished":"2025-09-30T10:14:18+00:00","dateModified":"2026-02-19T20:07:01+00:00","breadcrumb":{"@id":"https:\/\/lovme.pt\/index.php\/produto\/pdx-plus-fap-flask-discreto-stroker-clear-modelo-1\/#breadcrumb"},"inLanguage":"pt-PT","potentialAction":[{"@type":"ReadAction","target":["https:\/\/lovme.pt\/index.php\/produto\/pdx-plus-fap-flask-discreto-stroker-clear-modelo-1\/"]}]},{"@type":"ImageObject","inLanguage":"pt-PT","@id":"https:\/\/lovme.pt\/index.php\/produto\/pdx-plus-fap-flask-discreto-stroker-clear-modelo-1\/#primaryimage","url":"https:\/\/erki24nd3ub.exactdn.com\/wp-content\/uploads\/dream\/img\/img_186456_9971933fa17a3a22919d22355c5c3a27_1.jpg?strip=all","contentUrl":"https:\/\/erki24nd3ub.exactdn.com\/wp-content\/uploads\/dream\/img\/img_186456_9971933fa17a3a22919d22355c5c3a27_1.jpg?strip=all","width":800,"height":800},{"@type":"BreadcrumbList","@id":"https:\/\/lovme.pt\/index.php\/produto\/pdx-plus-fap-flask-discreto-stroker-clear-modelo-1\/#breadcrumb","itemListElement":[{"@type":"ListItem","position":1,"name":"In\u00edcio","item":"https:\/\/lovme.pt\/"},{"@type":"ListItem","position":2,"name":"Loja","item":"https:\/\/lovme.pt\/index.php\/loja\/"},{"@type":"ListItem","position":3,"name":"PDX PLUS &#8211; FAP FLASK DISCRETO STROKER CLEAR MODELO 1"}]},{"@type":"WebSite","@id":"https:\/\/lovme.pt\/#website","url":"https:\/\/lovme.pt\/","name":"Lovme Loja Er\u00f3tica N\u00ba1 em Portugal","description":"A melhor loja er\u00f3tica de Portugal.","alternateName":"Loja Er\u00f3tica Lovme","potentialAction":[{"@type":"SearchAction","target":{"@type":"EntryPoint","urlTemplate":"https:\/\/lovme.pt\/?s={search_term_string}"},"query-input":{"@type":"PropertyValueSpecification","valueRequired":true,"valueName":"search_term_string"}}],"inLanguage":"pt-PT"}]}},"_links":{"self":[{"href":"https:\/\/lovme.pt\/index.php\/wp-json\/wp\/v2\/product\/50126","targetHints":{"allow":["GET"]}}],"collection":[{"href":"https:\/\/lovme.pt\/index.php\/wp-json\/wp\/v2\/product"}],"about":[{"href":"https:\/\/lovme.pt\/index.php\/wp-json\/wp\/v2\/types\/product"}],"wp:featuredmedia":[{"embeddable":true,"href":"https:\/\/lovme.pt\/index.php\/wp-json\/wp\/v2\/media\/64538"}],"wp:attachment":[{"href":"https:\/\/lovme.pt\/index.php\/wp-json\/wp\/v2\/media?parent=50126"}],"wp:term":[{"taxonomy":"product_brand","embeddable":true,"href":"https:\/\/lovme.pt\/index.php\/wp-json\/wp\/v2\/product_brand?post=50126"},{"taxonomy":"product_cat","embeddable":true,"href":"https:\/\/lovme.pt\/index.php\/wp-json\/wp\/v2\/product_cat?post=50126"},{"taxonomy":"product_tag","embeddable":true,"href":"https:\/\/lovme.pt\/index.php\/wp-json\/wp\/v2\/product_tag?post=50126"}],"curies":[{"name":"wp","href":"https:\/\/api.w.org\/{rel}","templated":true}]}}