{"id":50053,"date":"2025-10-01T02:32:06","date_gmt":"2025-10-01T02:32:06","guid":{"rendered":"https:\/\/lovme.pt\/?post_type=product&p=50053"},"modified":"2026-02-19T20:19:14","modified_gmt":"2026-02-19T20:19:14","slug":"calexotics-couture-kit-vibrador-wand-10-vibracoes-azul","status":"publish","type":"product","link":"https:\/\/lovme.pt\/index.php\/produto\/calexotics-couture-kit-vibrador-wand-10-vibracoes-azul\/","title":{"rendered":"CALEXOTICS &#8211; COUTURE KIT VIBRADOR WAND 10 VIBRA\u00c7\u00d5ES AZUL"},"content":{"rendered":"<p>Deixe-se levar pelo prazer opulento com o <strong>Couture Collection Body Wand Kit<\/strong> , um conjunto refinado para apreciadores do prazer sensual.<\/p>\n<p>Suas vibra\u00e7\u00f5es profundas e pesco\u00e7o flex\u00edvel oferecem uma experi\u00eancia de massagem transcendental.<\/p>\n<p>Com dois acess\u00f3rios  o Dual Teaser e o Triple Teaser  ele eleva o prazer. O Dual Teaser tem como alvo a estimula\u00e7\u00e3o precisa, enquanto o Triple Teaser proporciona sensa\u00e7\u00f5es robustas.<\/p>\n<p>Com 10 velocidades, de suave a potente, garante satisfa\u00e7\u00e3o personalizada. Feito de silicone de alta qualidade, \u00e0 prova d\u00e1gua com classifica\u00e7\u00e3o IPX7, \u00e9 vers\u00e1til para qualquer fantasia. Com um chip de mem\u00f3ria, ele retoma na \u00faltima velocidade usada, e um bloqueio de viagem garante discri\u00e7\u00e3o. Recarreg\u00e1vel por USB, fornece 55 minutos em alta velocidade e 80 minutos em baixa velocidade.<\/p>\n<p>Perfeito para quem busca prazeres diversos.<\/p>\n<p>\u00a0<\/p>\n<p><u><strong>CARACTER\u00cdSTICAS<\/strong><\/u> :<\/p>\n<ul>\n<li>Vibra\u00e7\u00f5es potentes e profundas com um eixo macio e flex\u00edvel<\/li>\n<li>2 acess\u00f3rios de varinha inclu\u00eddos: estimulador duplo e estimulador triplo<\/li>\n<li>Use a varinha com ou sem acess\u00f3rios<\/li>\n<li>10 velocidades de vibra\u00e7\u00e3o intensas<\/li>\n<li>Silicone e 100% \u00e0 prova d\u00e1gua<\/li>\n<li>Chip de mem\u00f3ria de \u00faltima gera\u00e7\u00e3o retoma a \u00faltima velocidade usada<\/li>\n<li>Recurso de bloqueio de seguran\u00e7a para viagem &#8211; pressione e segure por 3 segundos para ligar ou desligar<\/li>\n<li>Recarreg\u00e1vel por USB &#8211; cabo de carregamento inclu\u00eddo<\/li>\n<li>Totalmente carregado em 2 horas<\/li>\n<li>Funciona por 55 minutos em alta velocidade e 80 minutos em baixa velocidade<\/li>\n<\/ul>\n","protected":false},"excerpt":{"rendered":"<p>CALEXOTICS &#8211; COUTURE KIT VIBRADOR WAND 10 VIBRA\u00c7\u00d5ES AZUL<\/p>\n","protected":false},"featured_media":97503,"template":"","meta":{"_acf_changed":false},"product_brand":[],"product_cat":[17,61,76],"product_tag":[],"class_list":{"0":"post-50053","1":"product","2":"type-product","3":"status-publish","4":"has-post-thumbnail","6":"product_cat-brinquedos-de-bem-estar-sexual","7":"product_cat-para-elas","8":"product_cat-vibradores","9":"yith_product_brand-calexotics","11":"first","12":"instock","13":"taxable","14":"shipping-taxable","15":"purchasable","16":"product-type-simple"},"acf":[],"yoast_head":"<!-- This site is optimized with the Yoast SEO plugin v27.3 - https:\/\/yoast.com\/product\/yoast-seo-wordpress\/ -->\n<title>CALEXOTICS - COUTURE KIT VIBRADOR WAND 10 VIBRA\u00c7\u00d5ES AZUL - Lovme<\/title>\n<meta name=\"robots\" content=\"index, follow, max-snippet:-1, max-image-preview:large, max-video-preview:-1\" \/>\n<link rel=\"canonical\" href=\"https:\/\/lovme.pt\/index.php\/produto\/calexotics-couture-kit-vibrador-wand-10-vibracoes-azul\/\" \/>\n<meta property=\"og:locale\" content=\"pt_PT\" \/>\n<meta property=\"og:type\" content=\"article\" \/>\n<meta property=\"og:title\" content=\"CALEXOTICS - COUTURE KIT VIBRADOR WAND 10 VIBRA\u00c7\u00d5ES AZUL - Lovme\" \/>\n<meta property=\"og:description\" content=\"CALEXOTICS - COUTURE KIT VIBRADOR WAND 10 VIBRA\u00c7\u00d5ES AZUL\" \/>\n<meta property=\"og:url\" content=\"https:\/\/lovme.pt\/index.php\/produto\/calexotics-couture-kit-vibrador-wand-10-vibracoes-azul\/\" \/>\n<meta property=\"og:site_name\" content=\"Lovme\" \/>\n<meta property=\"article:modified_time\" content=\"2026-02-19T20:19:14+00:00\" \/>\n<meta property=\"og:image\" content=\"https:\/\/erki24nd3ub.exactdn.com\/wp-content\/uploads\/dream\/img\/img_185961_ea9c6fb17bee9accfda01c7ea1d0341b_1.jpg?strip=all\" \/>\n\t<meta property=\"og:image:width\" content=\"800\" \/>\n\t<meta property=\"og:image:height\" content=\"800\" \/>\n\t<meta property=\"og:image:type\" content=\"image\/jpeg\" \/>\n<meta name=\"twitter:card\" content=\"summary_large_image\" \/>\n<meta name=\"twitter:label1\" content=\"Tempo estimado de leitura\" \/>\n\t<meta name=\"twitter:data1\" content=\"1 minuto\" \/>\n<script type=\"application\/ld+json\" class=\"yoast-schema-graph\">{\"@context\":\"https:\\\/\\\/schema.org\",\"@graph\":[{\"@type\":\"WebPage\",\"@id\":\"https:\\\/\\\/lovme.pt\\\/index.php\\\/produto\\\/calexotics-couture-kit-vibrador-wand-10-vibracoes-azul\\\/\",\"url\":\"https:\\\/\\\/lovme.pt\\\/index.php\\\/produto\\\/calexotics-couture-kit-vibrador-wand-10-vibracoes-azul\\\/\",\"name\":\"CALEXOTICS - COUTURE KIT VIBRADOR WAND 10 VIBRA\u00c7\u00d5ES AZUL - Lovme\",\"isPartOf\":{\"@id\":\"https:\\\/\\\/lovme.pt\\\/#website\"},\"primaryImageOfPage\":{\"@id\":\"https:\\\/\\\/lovme.pt\\\/index.php\\\/produto\\\/calexotics-couture-kit-vibrador-wand-10-vibracoes-azul\\\/#primaryimage\"},\"image\":{\"@id\":\"https:\\\/\\\/lovme.pt\\\/index.php\\\/produto\\\/calexotics-couture-kit-vibrador-wand-10-vibracoes-azul\\\/#primaryimage\"},\"thumbnailUrl\":\"https:\\\/\\\/erki24nd3ub.exactdn.com\\\/wp-content\\\/uploads\\\/dream\\\/img\\\/img_185961_ea9c6fb17bee9accfda01c7ea1d0341b_1.jpg?strip=all\",\"datePublished\":\"2025-10-01T02:32:06+00:00\",\"dateModified\":\"2026-02-19T20:19:14+00:00\",\"breadcrumb\":{\"@id\":\"https:\\\/\\\/lovme.pt\\\/index.php\\\/produto\\\/calexotics-couture-kit-vibrador-wand-10-vibracoes-azul\\\/#breadcrumb\"},\"inLanguage\":\"pt-PT\",\"potentialAction\":[{\"@type\":\"ReadAction\",\"target\":[\"https:\\\/\\\/lovme.pt\\\/index.php\\\/produto\\\/calexotics-couture-kit-vibrador-wand-10-vibracoes-azul\\\/\"]}]},{\"@type\":\"ImageObject\",\"inLanguage\":\"pt-PT\",\"@id\":\"https:\\\/\\\/lovme.pt\\\/index.php\\\/produto\\\/calexotics-couture-kit-vibrador-wand-10-vibracoes-azul\\\/#primaryimage\",\"url\":\"https:\\\/\\\/erki24nd3ub.exactdn.com\\\/wp-content\\\/uploads\\\/dream\\\/img\\\/img_185961_ea9c6fb17bee9accfda01c7ea1d0341b_1.jpg?strip=all\",\"contentUrl\":\"https:\\\/\\\/erki24nd3ub.exactdn.com\\\/wp-content\\\/uploads\\\/dream\\\/img\\\/img_185961_ea9c6fb17bee9accfda01c7ea1d0341b_1.jpg?strip=all\",\"width\":800,\"height\":800},{\"@type\":\"BreadcrumbList\",\"@id\":\"https:\\\/\\\/lovme.pt\\\/index.php\\\/produto\\\/calexotics-couture-kit-vibrador-wand-10-vibracoes-azul\\\/#breadcrumb\",\"itemListElement\":[{\"@type\":\"ListItem\",\"position\":1,\"name\":\"In\u00edcio\",\"item\":\"https:\\\/\\\/lovme.pt\\\/\"},{\"@type\":\"ListItem\",\"position\":2,\"name\":\"Loja\",\"item\":\"https:\\\/\\\/lovme.pt\\\/index.php\\\/loja\\\/\"},{\"@type\":\"ListItem\",\"position\":3,\"name\":\"CALEXOTICS &#8211; COUTURE KIT VIBRADOR WAND 10 VIBRA\u00c7\u00d5ES AZUL\"}]},{\"@type\":\"WebSite\",\"@id\":\"https:\\\/\\\/lovme.pt\\\/#website\",\"url\":\"https:\\\/\\\/lovme.pt\\\/\",\"name\":\"Lovme Loja Er\u00f3tica N\u00ba1 em Portugal\",\"description\":\"A melhor loja er\u00f3tica de Portugal.\",\"alternateName\":\"Loja Er\u00f3tica Lovme\",\"potentialAction\":[{\"@type\":\"SearchAction\",\"target\":{\"@type\":\"EntryPoint\",\"urlTemplate\":\"https:\\\/\\\/lovme.pt\\\/?s={search_term_string}\"},\"query-input\":{\"@type\":\"PropertyValueSpecification\",\"valueRequired\":true,\"valueName\":\"search_term_string\"}}],\"inLanguage\":\"pt-PT\"}]}<\/script>\n<!-- \/ Yoast SEO plugin. -->","yoast_head_json":{"title":"CALEXOTICS - COUTURE KIT VIBRADOR WAND 10 VIBRA\u00c7\u00d5ES AZUL - Lovme","robots":{"index":"index","follow":"follow","max-snippet":"max-snippet:-1","max-image-preview":"max-image-preview:large","max-video-preview":"max-video-preview:-1"},"canonical":"https:\/\/lovme.pt\/index.php\/produto\/calexotics-couture-kit-vibrador-wand-10-vibracoes-azul\/","og_locale":"pt_PT","og_type":"article","og_title":"CALEXOTICS - COUTURE KIT VIBRADOR WAND 10 VIBRA\u00c7\u00d5ES AZUL - Lovme","og_description":"CALEXOTICS - COUTURE KIT VIBRADOR WAND 10 VIBRA\u00c7\u00d5ES AZUL","og_url":"https:\/\/lovme.pt\/index.php\/produto\/calexotics-couture-kit-vibrador-wand-10-vibracoes-azul\/","og_site_name":"Lovme","article_modified_time":"2026-02-19T20:19:14+00:00","og_image":[{"width":800,"height":800,"url":"https:\/\/erki24nd3ub.exactdn.com\/wp-content\/uploads\/dream\/img\/img_185961_ea9c6fb17bee9accfda01c7ea1d0341b_1.jpg?strip=all","type":"image\/jpeg"}],"twitter_card":"summary_large_image","twitter_misc":{"Tempo estimado de leitura":"1 minuto"},"schema":{"@context":"https:\/\/schema.org","@graph":[{"@type":"WebPage","@id":"https:\/\/lovme.pt\/index.php\/produto\/calexotics-couture-kit-vibrador-wand-10-vibracoes-azul\/","url":"https:\/\/lovme.pt\/index.php\/produto\/calexotics-couture-kit-vibrador-wand-10-vibracoes-azul\/","name":"CALEXOTICS - COUTURE KIT VIBRADOR WAND 10 VIBRA\u00c7\u00d5ES AZUL - Lovme","isPartOf":{"@id":"https:\/\/lovme.pt\/#website"},"primaryImageOfPage":{"@id":"https:\/\/lovme.pt\/index.php\/produto\/calexotics-couture-kit-vibrador-wand-10-vibracoes-azul\/#primaryimage"},"image":{"@id":"https:\/\/lovme.pt\/index.php\/produto\/calexotics-couture-kit-vibrador-wand-10-vibracoes-azul\/#primaryimage"},"thumbnailUrl":"https:\/\/erki24nd3ub.exactdn.com\/wp-content\/uploads\/dream\/img\/img_185961_ea9c6fb17bee9accfda01c7ea1d0341b_1.jpg?strip=all","datePublished":"2025-10-01T02:32:06+00:00","dateModified":"2026-02-19T20:19:14+00:00","breadcrumb":{"@id":"https:\/\/lovme.pt\/index.php\/produto\/calexotics-couture-kit-vibrador-wand-10-vibracoes-azul\/#breadcrumb"},"inLanguage":"pt-PT","potentialAction":[{"@type":"ReadAction","target":["https:\/\/lovme.pt\/index.php\/produto\/calexotics-couture-kit-vibrador-wand-10-vibracoes-azul\/"]}]},{"@type":"ImageObject","inLanguage":"pt-PT","@id":"https:\/\/lovme.pt\/index.php\/produto\/calexotics-couture-kit-vibrador-wand-10-vibracoes-azul\/#primaryimage","url":"https:\/\/erki24nd3ub.exactdn.com\/wp-content\/uploads\/dream\/img\/img_185961_ea9c6fb17bee9accfda01c7ea1d0341b_1.jpg?strip=all","contentUrl":"https:\/\/erki24nd3ub.exactdn.com\/wp-content\/uploads\/dream\/img\/img_185961_ea9c6fb17bee9accfda01c7ea1d0341b_1.jpg?strip=all","width":800,"height":800},{"@type":"BreadcrumbList","@id":"https:\/\/lovme.pt\/index.php\/produto\/calexotics-couture-kit-vibrador-wand-10-vibracoes-azul\/#breadcrumb","itemListElement":[{"@type":"ListItem","position":1,"name":"In\u00edcio","item":"https:\/\/lovme.pt\/"},{"@type":"ListItem","position":2,"name":"Loja","item":"https:\/\/lovme.pt\/index.php\/loja\/"},{"@type":"ListItem","position":3,"name":"CALEXOTICS &#8211; COUTURE KIT VIBRADOR WAND 10 VIBRA\u00c7\u00d5ES AZUL"}]},{"@type":"WebSite","@id":"https:\/\/lovme.pt\/#website","url":"https:\/\/lovme.pt\/","name":"Lovme Loja Er\u00f3tica N\u00ba1 em Portugal","description":"A melhor loja er\u00f3tica de Portugal.","alternateName":"Loja Er\u00f3tica Lovme","potentialAction":[{"@type":"SearchAction","target":{"@type":"EntryPoint","urlTemplate":"https:\/\/lovme.pt\/?s={search_term_string}"},"query-input":{"@type":"PropertyValueSpecification","valueRequired":true,"valueName":"search_term_string"}}],"inLanguage":"pt-PT"}]}},"_links":{"self":[{"href":"https:\/\/lovme.pt\/index.php\/wp-json\/wp\/v2\/product\/50053","targetHints":{"allow":["GET"]}}],"collection":[{"href":"https:\/\/lovme.pt\/index.php\/wp-json\/wp\/v2\/product"}],"about":[{"href":"https:\/\/lovme.pt\/index.php\/wp-json\/wp\/v2\/types\/product"}],"wp:featuredmedia":[{"embeddable":true,"href":"https:\/\/lovme.pt\/index.php\/wp-json\/wp\/v2\/media\/97503"}],"wp:attachment":[{"href":"https:\/\/lovme.pt\/index.php\/wp-json\/wp\/v2\/media?parent=50053"}],"wp:term":[{"taxonomy":"product_brand","embeddable":true,"href":"https:\/\/lovme.pt\/index.php\/wp-json\/wp\/v2\/product_brand?post=50053"},{"taxonomy":"product_cat","embeddable":true,"href":"https:\/\/lovme.pt\/index.php\/wp-json\/wp\/v2\/product_cat?post=50053"},{"taxonomy":"product_tag","embeddable":true,"href":"https:\/\/lovme.pt\/index.php\/wp-json\/wp\/v2\/product_tag?post=50053"}],"curies":[{"name":"wp","href":"https:\/\/api.w.org\/{rel}","templated":true}]}}