{"id":50021,"date":"2025-10-01T02:32:03","date_gmt":"2025-10-01T02:32:03","guid":{"rendered":"https:\/\/lovme.pt\/?post_type=product&p=50021"},"modified":"2026-02-19T20:19:14","modified_gmt":"2026-02-19T20:19:14","slug":"calexotics-first-time-massageador-recarregavel-10-vibracoes-rosa","status":"publish","type":"product","link":"https:\/\/lovme.pt\/index.php\/produto\/calexotics-first-time-massageador-recarregavel-10-vibracoes-rosa\/","title":{"rendered":"CALEXOTICS &#8211; FIRST TIME MASSAGEADOR RECARREG\u00c1VEL 10 VIBRA\u00c7\u00d5ES ROSA"},"content":{"rendered":"<p>Mergulhe em um novo reino de prazer pessoal com o <strong>massageador recarreg\u00e1vel First Time.<\/strong><\/p>\n<p>Projetado tanto para iniciantes quanto para entusiastas experientes, ele combina vibra\u00e7\u00f5es intensas com um design flex\u00edvel, garantindo que cada curva seja atendida.<\/p>\n<p>Com 10 modos de vibra\u00e7\u00e3o, ele proporciona uma sinfonia personaliz\u00e1vel de sensa\u00e7\u00f5es. Sua constru\u00e7\u00e3o \u00e0 prova d\u00e1gua e segura para o corpo convida a brincadeiras aventureiras em qualquer lugar. Equipado com um chip de mem\u00f3ria, ele lembra suas configura\u00e7\u00f5es preferidas para uma experi\u00eancia personalizada. Um bloqueio de viagem garante discri\u00e7\u00e3o em movimento.<\/p>\n<p>Recarreg\u00e1vel via USB, ele proporciona 45 minutos de prazer em alta velocidade ou 50 minutos de prazer em baixa velocidade com uma carga de uma hora. Mais do que apenas uma ferramenta, \u00e9 um convite ao autocuidado.<\/p>\n<p>\u00a0<\/p>\n<p><u><strong>CARACTER\u00cdSTICAS:<\/strong><\/u><\/p>\n<ul>\n<li>Vibra\u00e7\u00f5es intensas e estrondosas com pesco\u00e7o flex\u00edvel<\/li>\n<li>10 fun\u00e7\u00f5es de vibra\u00e7\u00e3o, pulsa\u00e7\u00e3o e escalada<\/li>\n<li>Seguro para o corpo e 100% \u00e0 prova d\u00e1gua<\/li>\n<li>Chip de mem\u00f3ria de \u00faltima gera\u00e7\u00e3o retoma a \u00faltima fun\u00e7\u00e3o usada<\/li>\n<li>Recurso de bloqueio de seguran\u00e7a para viagem  pressione e segure por 3 segundos para ativar ou desativar<\/li>\n<li>Recarreg\u00e1vel por USB  cabo de carregamento inclu\u00eddo<\/li>\n<li>Totalmente carregado em 1 hora<\/li>\n<li>Funciona por 45 minutos em alta velocidade e 50 minutos em baixa velocidade<\/li>\n<li>Dimens\u00f5es: 5,75 cm x 4,5 cm (cabe\u00e7a)  12 cm x 4,5 cm (total)<\/li>\n<\/ul>\n","protected":false},"excerpt":{"rendered":"<p>CALEXOTICS &#8211; FIRST TIME MASSAGEADOR RECARREG\u00c1VEL 10 VIBRA\u00c7\u00d5ES ROSA<\/p>\n","protected":false},"featured_media":97498,"template":"","meta":{"_acf_changed":false},"product_brand":[],"product_cat":[17,61,76],"product_tag":[],"class_list":{"0":"post-50021","1":"product","2":"type-product","3":"status-publish","4":"has-post-thumbnail","6":"product_cat-brinquedos-de-bem-estar-sexual","7":"product_cat-para-elas","8":"product_cat-vibradores","9":"yith_product_brand-calexotics","11":"first","12":"instock","13":"taxable","14":"shipping-taxable","15":"purchasable","16":"product-type-simple"},"acf":[],"yoast_head":"<!-- This site is optimized with the Yoast SEO plugin v27.3 - https:\/\/yoast.com\/product\/yoast-seo-wordpress\/ -->\n<title>CALEXOTICS - FIRST TIME MASSAGEADOR RECARREG\u00c1VEL 10 VIBRA\u00c7\u00d5ES ROSA - Lovme<\/title>\n<meta name=\"robots\" content=\"index, follow, max-snippet:-1, max-image-preview:large, max-video-preview:-1\" \/>\n<link rel=\"canonical\" href=\"https:\/\/lovme.pt\/index.php\/produto\/calexotics-first-time-massageador-recarregavel-10-vibracoes-rosa\/\" \/>\n<meta property=\"og:locale\" content=\"pt_PT\" \/>\n<meta property=\"og:type\" content=\"article\" \/>\n<meta property=\"og:title\" content=\"CALEXOTICS - FIRST TIME MASSAGEADOR RECARREG\u00c1VEL 10 VIBRA\u00c7\u00d5ES ROSA - Lovme\" \/>\n<meta property=\"og:description\" content=\"CALEXOTICS - FIRST TIME MASSAGEADOR RECARREG\u00c1VEL 10 VIBRA\u00c7\u00d5ES ROSA\" \/>\n<meta property=\"og:url\" content=\"https:\/\/lovme.pt\/index.php\/produto\/calexotics-first-time-massageador-recarregavel-10-vibracoes-rosa\/\" \/>\n<meta property=\"og:site_name\" content=\"Lovme\" \/>\n<meta property=\"article:modified_time\" content=\"2026-02-19T20:19:14+00:00\" \/>\n<meta property=\"og:image\" content=\"https:\/\/erki24nd3ub.exactdn.com\/wp-content\/uploads\/dream\/img\/img_185573_56330caa8b70f23d8a875aaaa203d90b_1.jpg?strip=all\" \/>\n\t<meta property=\"og:image:width\" content=\"800\" \/>\n\t<meta property=\"og:image:height\" content=\"800\" \/>\n\t<meta property=\"og:image:type\" content=\"image\/jpeg\" \/>\n<meta name=\"twitter:card\" content=\"summary_large_image\" \/>\n<meta name=\"twitter:label1\" content=\"Tempo estimado de leitura\" \/>\n\t<meta name=\"twitter:data1\" content=\"1 minuto\" \/>\n<script type=\"application\/ld+json\" class=\"yoast-schema-graph\">{\"@context\":\"https:\\\/\\\/schema.org\",\"@graph\":[{\"@type\":\"WebPage\",\"@id\":\"https:\\\/\\\/lovme.pt\\\/index.php\\\/produto\\\/calexotics-first-time-massageador-recarregavel-10-vibracoes-rosa\\\/\",\"url\":\"https:\\\/\\\/lovme.pt\\\/index.php\\\/produto\\\/calexotics-first-time-massageador-recarregavel-10-vibracoes-rosa\\\/\",\"name\":\"CALEXOTICS - FIRST TIME MASSAGEADOR RECARREG\u00c1VEL 10 VIBRA\u00c7\u00d5ES ROSA - Lovme\",\"isPartOf\":{\"@id\":\"https:\\\/\\\/lovme.pt\\\/#website\"},\"primaryImageOfPage\":{\"@id\":\"https:\\\/\\\/lovme.pt\\\/index.php\\\/produto\\\/calexotics-first-time-massageador-recarregavel-10-vibracoes-rosa\\\/#primaryimage\"},\"image\":{\"@id\":\"https:\\\/\\\/lovme.pt\\\/index.php\\\/produto\\\/calexotics-first-time-massageador-recarregavel-10-vibracoes-rosa\\\/#primaryimage\"},\"thumbnailUrl\":\"https:\\\/\\\/erki24nd3ub.exactdn.com\\\/wp-content\\\/uploads\\\/dream\\\/img\\\/img_185573_56330caa8b70f23d8a875aaaa203d90b_1.jpg?strip=all\",\"datePublished\":\"2025-10-01T02:32:03+00:00\",\"dateModified\":\"2026-02-19T20:19:14+00:00\",\"breadcrumb\":{\"@id\":\"https:\\\/\\\/lovme.pt\\\/index.php\\\/produto\\\/calexotics-first-time-massageador-recarregavel-10-vibracoes-rosa\\\/#breadcrumb\"},\"inLanguage\":\"pt-PT\",\"potentialAction\":[{\"@type\":\"ReadAction\",\"target\":[\"https:\\\/\\\/lovme.pt\\\/index.php\\\/produto\\\/calexotics-first-time-massageador-recarregavel-10-vibracoes-rosa\\\/\"]}]},{\"@type\":\"ImageObject\",\"inLanguage\":\"pt-PT\",\"@id\":\"https:\\\/\\\/lovme.pt\\\/index.php\\\/produto\\\/calexotics-first-time-massageador-recarregavel-10-vibracoes-rosa\\\/#primaryimage\",\"url\":\"https:\\\/\\\/erki24nd3ub.exactdn.com\\\/wp-content\\\/uploads\\\/dream\\\/img\\\/img_185573_56330caa8b70f23d8a875aaaa203d90b_1.jpg?strip=all\",\"contentUrl\":\"https:\\\/\\\/erki24nd3ub.exactdn.com\\\/wp-content\\\/uploads\\\/dream\\\/img\\\/img_185573_56330caa8b70f23d8a875aaaa203d90b_1.jpg?strip=all\",\"width\":800,\"height\":800},{\"@type\":\"BreadcrumbList\",\"@id\":\"https:\\\/\\\/lovme.pt\\\/index.php\\\/produto\\\/calexotics-first-time-massageador-recarregavel-10-vibracoes-rosa\\\/#breadcrumb\",\"itemListElement\":[{\"@type\":\"ListItem\",\"position\":1,\"name\":\"In\u00edcio\",\"item\":\"https:\\\/\\\/lovme.pt\\\/\"},{\"@type\":\"ListItem\",\"position\":2,\"name\":\"Loja\",\"item\":\"https:\\\/\\\/lovme.pt\\\/index.php\\\/loja\\\/\"},{\"@type\":\"ListItem\",\"position\":3,\"name\":\"CALEXOTICS &#8211; FIRST TIME MASSAGEADOR RECARREG\u00c1VEL 10 VIBRA\u00c7\u00d5ES ROSA\"}]},{\"@type\":\"WebSite\",\"@id\":\"https:\\\/\\\/lovme.pt\\\/#website\",\"url\":\"https:\\\/\\\/lovme.pt\\\/\",\"name\":\"Lovme Loja Er\u00f3tica N\u00ba1 em Portugal\",\"description\":\"A melhor loja er\u00f3tica de Portugal.\",\"alternateName\":\"Loja Er\u00f3tica Lovme\",\"potentialAction\":[{\"@type\":\"SearchAction\",\"target\":{\"@type\":\"EntryPoint\",\"urlTemplate\":\"https:\\\/\\\/lovme.pt\\\/?s={search_term_string}\"},\"query-input\":{\"@type\":\"PropertyValueSpecification\",\"valueRequired\":true,\"valueName\":\"search_term_string\"}}],\"inLanguage\":\"pt-PT\"}]}<\/script>\n<!-- \/ Yoast SEO plugin. -->","yoast_head_json":{"title":"CALEXOTICS - FIRST TIME MASSAGEADOR RECARREG\u00c1VEL 10 VIBRA\u00c7\u00d5ES ROSA - Lovme","robots":{"index":"index","follow":"follow","max-snippet":"max-snippet:-1","max-image-preview":"max-image-preview:large","max-video-preview":"max-video-preview:-1"},"canonical":"https:\/\/lovme.pt\/index.php\/produto\/calexotics-first-time-massageador-recarregavel-10-vibracoes-rosa\/","og_locale":"pt_PT","og_type":"article","og_title":"CALEXOTICS - FIRST TIME MASSAGEADOR RECARREG\u00c1VEL 10 VIBRA\u00c7\u00d5ES ROSA - Lovme","og_description":"CALEXOTICS - FIRST TIME MASSAGEADOR RECARREG\u00c1VEL 10 VIBRA\u00c7\u00d5ES ROSA","og_url":"https:\/\/lovme.pt\/index.php\/produto\/calexotics-first-time-massageador-recarregavel-10-vibracoes-rosa\/","og_site_name":"Lovme","article_modified_time":"2026-02-19T20:19:14+00:00","og_image":[{"width":800,"height":800,"url":"https:\/\/erki24nd3ub.exactdn.com\/wp-content\/uploads\/dream\/img\/img_185573_56330caa8b70f23d8a875aaaa203d90b_1.jpg?strip=all","type":"image\/jpeg"}],"twitter_card":"summary_large_image","twitter_misc":{"Tempo estimado de leitura":"1 minuto"},"schema":{"@context":"https:\/\/schema.org","@graph":[{"@type":"WebPage","@id":"https:\/\/lovme.pt\/index.php\/produto\/calexotics-first-time-massageador-recarregavel-10-vibracoes-rosa\/","url":"https:\/\/lovme.pt\/index.php\/produto\/calexotics-first-time-massageador-recarregavel-10-vibracoes-rosa\/","name":"CALEXOTICS - FIRST TIME MASSAGEADOR RECARREG\u00c1VEL 10 VIBRA\u00c7\u00d5ES ROSA - Lovme","isPartOf":{"@id":"https:\/\/lovme.pt\/#website"},"primaryImageOfPage":{"@id":"https:\/\/lovme.pt\/index.php\/produto\/calexotics-first-time-massageador-recarregavel-10-vibracoes-rosa\/#primaryimage"},"image":{"@id":"https:\/\/lovme.pt\/index.php\/produto\/calexotics-first-time-massageador-recarregavel-10-vibracoes-rosa\/#primaryimage"},"thumbnailUrl":"https:\/\/erki24nd3ub.exactdn.com\/wp-content\/uploads\/dream\/img\/img_185573_56330caa8b70f23d8a875aaaa203d90b_1.jpg?strip=all","datePublished":"2025-10-01T02:32:03+00:00","dateModified":"2026-02-19T20:19:14+00:00","breadcrumb":{"@id":"https:\/\/lovme.pt\/index.php\/produto\/calexotics-first-time-massageador-recarregavel-10-vibracoes-rosa\/#breadcrumb"},"inLanguage":"pt-PT","potentialAction":[{"@type":"ReadAction","target":["https:\/\/lovme.pt\/index.php\/produto\/calexotics-first-time-massageador-recarregavel-10-vibracoes-rosa\/"]}]},{"@type":"ImageObject","inLanguage":"pt-PT","@id":"https:\/\/lovme.pt\/index.php\/produto\/calexotics-first-time-massageador-recarregavel-10-vibracoes-rosa\/#primaryimage","url":"https:\/\/erki24nd3ub.exactdn.com\/wp-content\/uploads\/dream\/img\/img_185573_56330caa8b70f23d8a875aaaa203d90b_1.jpg?strip=all","contentUrl":"https:\/\/erki24nd3ub.exactdn.com\/wp-content\/uploads\/dream\/img\/img_185573_56330caa8b70f23d8a875aaaa203d90b_1.jpg?strip=all","width":800,"height":800},{"@type":"BreadcrumbList","@id":"https:\/\/lovme.pt\/index.php\/produto\/calexotics-first-time-massageador-recarregavel-10-vibracoes-rosa\/#breadcrumb","itemListElement":[{"@type":"ListItem","position":1,"name":"In\u00edcio","item":"https:\/\/lovme.pt\/"},{"@type":"ListItem","position":2,"name":"Loja","item":"https:\/\/lovme.pt\/index.php\/loja\/"},{"@type":"ListItem","position":3,"name":"CALEXOTICS &#8211; FIRST TIME MASSAGEADOR RECARREG\u00c1VEL 10 VIBRA\u00c7\u00d5ES ROSA"}]},{"@type":"WebSite","@id":"https:\/\/lovme.pt\/#website","url":"https:\/\/lovme.pt\/","name":"Lovme Loja Er\u00f3tica N\u00ba1 em Portugal","description":"A melhor loja er\u00f3tica de Portugal.","alternateName":"Loja Er\u00f3tica Lovme","potentialAction":[{"@type":"SearchAction","target":{"@type":"EntryPoint","urlTemplate":"https:\/\/lovme.pt\/?s={search_term_string}"},"query-input":{"@type":"PropertyValueSpecification","valueRequired":true,"valueName":"search_term_string"}}],"inLanguage":"pt-PT"}]}},"_links":{"self":[{"href":"https:\/\/lovme.pt\/index.php\/wp-json\/wp\/v2\/product\/50021","targetHints":{"allow":["GET"]}}],"collection":[{"href":"https:\/\/lovme.pt\/index.php\/wp-json\/wp\/v2\/product"}],"about":[{"href":"https:\/\/lovme.pt\/index.php\/wp-json\/wp\/v2\/types\/product"}],"wp:featuredmedia":[{"embeddable":true,"href":"https:\/\/lovme.pt\/index.php\/wp-json\/wp\/v2\/media\/97498"}],"wp:attachment":[{"href":"https:\/\/lovme.pt\/index.php\/wp-json\/wp\/v2\/media?parent=50021"}],"wp:term":[{"taxonomy":"product_brand","embeddable":true,"href":"https:\/\/lovme.pt\/index.php\/wp-json\/wp\/v2\/product_brand?post=50021"},{"taxonomy":"product_cat","embeddable":true,"href":"https:\/\/lovme.pt\/index.php\/wp-json\/wp\/v2\/product_cat?post=50021"},{"taxonomy":"product_tag","embeddable":true,"href":"https:\/\/lovme.pt\/index.php\/wp-json\/wp\/v2\/product_tag?post=50021"}],"curies":[{"name":"wp","href":"https:\/\/api.w.org\/{rel}","templated":true}]}}