{"id":50013,"date":"2025-09-30T09:41:50","date_gmt":"2025-09-30T09:41:50","guid":{"rendered":"https:\/\/lovme.pt\/?post_type=product&p=50013"},"modified":"2026-02-19T20:02:45","modified_gmt":"2026-02-19T20:02:45","slug":"eros-toy-silicone-glide-lubrificante-a-base-de-silicone-175-ml","status":"publish","type":"product","link":"https:\/\/lovme.pt\/index.php\/produto\/eros-toy-silicone-glide-lubrificante-a-base-de-silicone-175-ml\/","title":{"rendered":"EROS &#8211; TOY SILICONE GLIDE LUBRIFICANTE \u00c0 BASE DE SILICONE 175 ML"},"content":{"rendered":"<p><u><strong>BRINQUEDO SILICONE DESLIZANTE<\/strong><\/u><\/p>\n<p>Lubrificante m\u00e9dico \u00e0 base de silicone especialmente desenvolvido para uso com brinquedos er\u00f3ticos e brinquedos de silicone.<\/p>\n<p>Fornece lubrifica\u00e7\u00e3o adicional para a rela\u00e7\u00e3o sexual e n\u00e3o resseca, deixando a pele macia.<\/p>\n<p><u><strong>MODO DE USAR:<\/strong><\/u><\/p>\n<p>Aplique o EROS Toy Silicone Glide nos seus brinquedos favoritos onde for necess\u00e1ria mais umidade.<\/p>\n<p><u><strong>OBSERVA\u00c7\u00c3O:<\/strong><\/u><\/p>\n<ul>\n<li>Mantenha o produto fora do alcance das crian\u00e7as.<\/li>\n<li>N\u00e3o \u00e9 um contraceptivo.<\/li>\n<li>\u00c9 facilmente removido com \u00e1gua e sab\u00e3o.<\/li>\n<li>Feche bem ap\u00f3s o uso.<\/li>\n<li>Adequado para uso com preservativos de l\u00e1tex<\/li>\n<\/ul>\n","protected":false},"excerpt":{"rendered":"<p>EROS &#8211; TOY SILICONE GLIDE LUBRIFICANTE \u00c0 BASE DE SILICONE 175 ML<\/p>\n","protected":false},"featured_media":55912,"template":"","meta":{"_acf_changed":false},"product_brand":[],"product_cat":[49,53],"product_tag":[],"class_list":{"0":"post-50013","1":"product","2":"type-product","3":"status-publish","4":"has-post-thumbnail","6":"product_cat-cosmeticos","7":"product_cat-lubrificantes-intimos","8":"yith_product_brand-eros","9":"yith_product_brand-eroseros-toy-bottles","11":"first","12":"instock","13":"taxable","14":"shipping-taxable","15":"purchasable","16":"product-type-simple"},"acf":[],"yoast_head":"<!-- This site is optimized with the Yoast SEO plugin v27.4 - https:\/\/yoast.com\/product\/yoast-seo-wordpress\/ -->\n<title>EROS - TOY SILICONE GLIDE LUBRIFICANTE \u00c0 BASE DE SILICONE 175 ML - Lovme<\/title>\n<meta name=\"robots\" content=\"index, follow, max-snippet:-1, max-image-preview:large, max-video-preview:-1\" \/>\n<link rel=\"canonical\" href=\"https:\/\/lovme.pt\/index.php\/produto\/eros-toy-silicone-glide-lubrificante-a-base-de-silicone-175-ml\/\" \/>\n<meta property=\"og:locale\" content=\"pt_PT\" \/>\n<meta property=\"og:type\" content=\"article\" \/>\n<meta property=\"og:title\" content=\"EROS - TOY SILICONE GLIDE LUBRIFICANTE \u00c0 BASE DE SILICONE 175 ML - Lovme\" \/>\n<meta property=\"og:description\" content=\"EROS - TOY SILICONE GLIDE LUBRIFICANTE \u00c0 BASE DE SILICONE 175 ML\" \/>\n<meta property=\"og:url\" content=\"https:\/\/lovme.pt\/index.php\/produto\/eros-toy-silicone-glide-lubrificante-a-base-de-silicone-175-ml\/\" \/>\n<meta property=\"og:site_name\" content=\"Lovme\" \/>\n<meta property=\"article:modified_time\" content=\"2026-02-19T20:02:45+00:00\" \/>\n<meta property=\"og:image\" content=\"https:\/\/erki24nd3ub.exactdn.com\/wp-content\/uploads\/dream\/img\/img_185447_1736b1e6b22bc74476669e464acfb9d4_1.jpg?strip=all\" \/>\n\t<meta property=\"og:image:width\" content=\"800\" \/>\n\t<meta property=\"og:image:height\" content=\"800\" \/>\n\t<meta property=\"og:image:type\" content=\"image\/jpeg\" \/>\n<meta name=\"twitter:card\" content=\"summary_large_image\" \/>\n<script type=\"application\/ld+json\" class=\"yoast-schema-graph\">{\"@context\":\"https:\\\/\\\/schema.org\",\"@graph\":[{\"@type\":\"WebPage\",\"@id\":\"https:\\\/\\\/lovme.pt\\\/index.php\\\/produto\\\/eros-toy-silicone-glide-lubrificante-a-base-de-silicone-175-ml\\\/\",\"url\":\"https:\\\/\\\/lovme.pt\\\/index.php\\\/produto\\\/eros-toy-silicone-glide-lubrificante-a-base-de-silicone-175-ml\\\/\",\"name\":\"EROS - TOY SILICONE GLIDE LUBRIFICANTE \u00c0 BASE DE SILICONE 175 ML - Lovme\",\"isPartOf\":{\"@id\":\"https:\\\/\\\/lovme.pt\\\/#website\"},\"primaryImageOfPage\":{\"@id\":\"https:\\\/\\\/lovme.pt\\\/index.php\\\/produto\\\/eros-toy-silicone-glide-lubrificante-a-base-de-silicone-175-ml\\\/#primaryimage\"},\"image\":{\"@id\":\"https:\\\/\\\/lovme.pt\\\/index.php\\\/produto\\\/eros-toy-silicone-glide-lubrificante-a-base-de-silicone-175-ml\\\/#primaryimage\"},\"thumbnailUrl\":\"https:\\\/\\\/erki24nd3ub.exactdn.com\\\/wp-content\\\/uploads\\\/dream\\\/img\\\/img_185447_1736b1e6b22bc74476669e464acfb9d4_1.jpg?strip=all\",\"datePublished\":\"2025-09-30T09:41:50+00:00\",\"dateModified\":\"2026-02-19T20:02:45+00:00\",\"breadcrumb\":{\"@id\":\"https:\\\/\\\/lovme.pt\\\/index.php\\\/produto\\\/eros-toy-silicone-glide-lubrificante-a-base-de-silicone-175-ml\\\/#breadcrumb\"},\"inLanguage\":\"pt-PT\",\"potentialAction\":[{\"@type\":\"ReadAction\",\"target\":[\"https:\\\/\\\/lovme.pt\\\/index.php\\\/produto\\\/eros-toy-silicone-glide-lubrificante-a-base-de-silicone-175-ml\\\/\"]}]},{\"@type\":\"ImageObject\",\"inLanguage\":\"pt-PT\",\"@id\":\"https:\\\/\\\/lovme.pt\\\/index.php\\\/produto\\\/eros-toy-silicone-glide-lubrificante-a-base-de-silicone-175-ml\\\/#primaryimage\",\"url\":\"https:\\\/\\\/erki24nd3ub.exactdn.com\\\/wp-content\\\/uploads\\\/dream\\\/img\\\/img_185447_1736b1e6b22bc74476669e464acfb9d4_1.jpg?strip=all\",\"contentUrl\":\"https:\\\/\\\/erki24nd3ub.exactdn.com\\\/wp-content\\\/uploads\\\/dream\\\/img\\\/img_185447_1736b1e6b22bc74476669e464acfb9d4_1.jpg?strip=all\",\"width\":800,\"height\":800},{\"@type\":\"BreadcrumbList\",\"@id\":\"https:\\\/\\\/lovme.pt\\\/index.php\\\/produto\\\/eros-toy-silicone-glide-lubrificante-a-base-de-silicone-175-ml\\\/#breadcrumb\",\"itemListElement\":[{\"@type\":\"ListItem\",\"position\":1,\"name\":\"In\u00edcio\",\"item\":\"https:\\\/\\\/lovme.pt\\\/\"},{\"@type\":\"ListItem\",\"position\":2,\"name\":\"Loja\",\"item\":\"https:\\\/\\\/lovme.pt\\\/index.php\\\/loja\\\/\"},{\"@type\":\"ListItem\",\"position\":3,\"name\":\"EROS &#8211; TOY SILICONE GLIDE LUBRIFICANTE \u00c0 BASE DE SILICONE 175 ML\"}]},{\"@type\":\"WebSite\",\"@id\":\"https:\\\/\\\/lovme.pt\\\/#website\",\"url\":\"https:\\\/\\\/lovme.pt\\\/\",\"name\":\"Lovme Loja Er\u00f3tica N\u00ba1 em Portugal\",\"description\":\"A melhor loja er\u00f3tica de Portugal.\",\"alternateName\":\"Loja Er\u00f3tica Lovme\",\"potentialAction\":[{\"@type\":\"SearchAction\",\"target\":{\"@type\":\"EntryPoint\",\"urlTemplate\":\"https:\\\/\\\/lovme.pt\\\/?s={search_term_string}\"},\"query-input\":{\"@type\":\"PropertyValueSpecification\",\"valueRequired\":true,\"valueName\":\"search_term_string\"}}],\"inLanguage\":\"pt-PT\"}]}<\/script>\n<!-- \/ Yoast SEO plugin. -->","yoast_head_json":{"title":"EROS - TOY SILICONE GLIDE LUBRIFICANTE \u00c0 BASE DE SILICONE 175 ML - Lovme","robots":{"index":"index","follow":"follow","max-snippet":"max-snippet:-1","max-image-preview":"max-image-preview:large","max-video-preview":"max-video-preview:-1"},"canonical":"https:\/\/lovme.pt\/index.php\/produto\/eros-toy-silicone-glide-lubrificante-a-base-de-silicone-175-ml\/","og_locale":"pt_PT","og_type":"article","og_title":"EROS - TOY SILICONE GLIDE LUBRIFICANTE \u00c0 BASE DE SILICONE 175 ML - Lovme","og_description":"EROS - TOY SILICONE GLIDE LUBRIFICANTE \u00c0 BASE DE SILICONE 175 ML","og_url":"https:\/\/lovme.pt\/index.php\/produto\/eros-toy-silicone-glide-lubrificante-a-base-de-silicone-175-ml\/","og_site_name":"Lovme","article_modified_time":"2026-02-19T20:02:45+00:00","og_image":[{"width":800,"height":800,"url":"https:\/\/erki24nd3ub.exactdn.com\/wp-content\/uploads\/dream\/img\/img_185447_1736b1e6b22bc74476669e464acfb9d4_1.jpg?strip=all","type":"image\/jpeg"}],"twitter_card":"summary_large_image","schema":{"@context":"https:\/\/schema.org","@graph":[{"@type":"WebPage","@id":"https:\/\/lovme.pt\/index.php\/produto\/eros-toy-silicone-glide-lubrificante-a-base-de-silicone-175-ml\/","url":"https:\/\/lovme.pt\/index.php\/produto\/eros-toy-silicone-glide-lubrificante-a-base-de-silicone-175-ml\/","name":"EROS - TOY SILICONE GLIDE LUBRIFICANTE \u00c0 BASE DE SILICONE 175 ML - Lovme","isPartOf":{"@id":"https:\/\/lovme.pt\/#website"},"primaryImageOfPage":{"@id":"https:\/\/lovme.pt\/index.php\/produto\/eros-toy-silicone-glide-lubrificante-a-base-de-silicone-175-ml\/#primaryimage"},"image":{"@id":"https:\/\/lovme.pt\/index.php\/produto\/eros-toy-silicone-glide-lubrificante-a-base-de-silicone-175-ml\/#primaryimage"},"thumbnailUrl":"https:\/\/erki24nd3ub.exactdn.com\/wp-content\/uploads\/dream\/img\/img_185447_1736b1e6b22bc74476669e464acfb9d4_1.jpg?strip=all","datePublished":"2025-09-30T09:41:50+00:00","dateModified":"2026-02-19T20:02:45+00:00","breadcrumb":{"@id":"https:\/\/lovme.pt\/index.php\/produto\/eros-toy-silicone-glide-lubrificante-a-base-de-silicone-175-ml\/#breadcrumb"},"inLanguage":"pt-PT","potentialAction":[{"@type":"ReadAction","target":["https:\/\/lovme.pt\/index.php\/produto\/eros-toy-silicone-glide-lubrificante-a-base-de-silicone-175-ml\/"]}]},{"@type":"ImageObject","inLanguage":"pt-PT","@id":"https:\/\/lovme.pt\/index.php\/produto\/eros-toy-silicone-glide-lubrificante-a-base-de-silicone-175-ml\/#primaryimage","url":"https:\/\/erki24nd3ub.exactdn.com\/wp-content\/uploads\/dream\/img\/img_185447_1736b1e6b22bc74476669e464acfb9d4_1.jpg?strip=all","contentUrl":"https:\/\/erki24nd3ub.exactdn.com\/wp-content\/uploads\/dream\/img\/img_185447_1736b1e6b22bc74476669e464acfb9d4_1.jpg?strip=all","width":800,"height":800},{"@type":"BreadcrumbList","@id":"https:\/\/lovme.pt\/index.php\/produto\/eros-toy-silicone-glide-lubrificante-a-base-de-silicone-175-ml\/#breadcrumb","itemListElement":[{"@type":"ListItem","position":1,"name":"In\u00edcio","item":"https:\/\/lovme.pt\/"},{"@type":"ListItem","position":2,"name":"Loja","item":"https:\/\/lovme.pt\/index.php\/loja\/"},{"@type":"ListItem","position":3,"name":"EROS &#8211; TOY SILICONE GLIDE LUBRIFICANTE \u00c0 BASE DE SILICONE 175 ML"}]},{"@type":"WebSite","@id":"https:\/\/lovme.pt\/#website","url":"https:\/\/lovme.pt\/","name":"Lovme Loja Er\u00f3tica N\u00ba1 em Portugal","description":"A melhor loja er\u00f3tica de Portugal.","alternateName":"Loja Er\u00f3tica Lovme","potentialAction":[{"@type":"SearchAction","target":{"@type":"EntryPoint","urlTemplate":"https:\/\/lovme.pt\/?s={search_term_string}"},"query-input":{"@type":"PropertyValueSpecification","valueRequired":true,"valueName":"search_term_string"}}],"inLanguage":"pt-PT"}]}},"_links":{"self":[{"href":"https:\/\/lovme.pt\/index.php\/wp-json\/wp\/v2\/product\/50013","targetHints":{"allow":["GET"]}}],"collection":[{"href":"https:\/\/lovme.pt\/index.php\/wp-json\/wp\/v2\/product"}],"about":[{"href":"https:\/\/lovme.pt\/index.php\/wp-json\/wp\/v2\/types\/product"}],"wp:featuredmedia":[{"embeddable":true,"href":"https:\/\/lovme.pt\/index.php\/wp-json\/wp\/v2\/media\/55912"}],"wp:attachment":[{"href":"https:\/\/lovme.pt\/index.php\/wp-json\/wp\/v2\/media?parent=50013"}],"wp:term":[{"taxonomy":"product_brand","embeddable":true,"href":"https:\/\/lovme.pt\/index.php\/wp-json\/wp\/v2\/product_brand?post=50013"},{"taxonomy":"product_cat","embeddable":true,"href":"https:\/\/lovme.pt\/index.php\/wp-json\/wp\/v2\/product_cat?post=50013"},{"taxonomy":"product_tag","embeddable":true,"href":"https:\/\/lovme.pt\/index.php\/wp-json\/wp\/v2\/product_tag?post=50013"}],"curies":[{"name":"wp","href":"https:\/\/api.w.org\/{rel}","templated":true}]}}