{"id":49078,"date":"2025-09-30T22:02:13","date_gmt":"2025-09-30T22:02:13","guid":{"rendered":"https:\/\/lovme.pt\/?post_type=product&p=49078"},"modified":"2026-02-19T20:09:03","modified_gmt":"2026-02-19T20:09:03","slug":"satisfyer-ribbed-petal-estimulador-de-ponto-g-controle-remoto-preto-aplicativo-gratuito","status":"publish","type":"product","link":"https:\/\/lovme.pt\/index.php\/produto\/satisfyer-ribbed-petal-estimulador-de-ponto-g-controle-remoto-preto-aplicativo-gratuito\/","title":{"rendered":"SATISFYER &#8211; RIBBED PETAL ESTIMULADOR DE PONTO G CONTROLE REMOTO PRETO APLICATIVO GRATUITO"},"content":{"rendered":"<p>Estimula\u00e7\u00e3o port\u00e1til do ponto G, o dia todo!<\/p>\n<p>Gra\u00e7as ao seu fio interno, que permite que a <strong>p\u00e9tala<\/strong> <strong>nervurada<\/strong> se dobre e se ajuste ligeiramente, este vibrador port\u00e1til \u00e9 ideal para viagens e para casais ou solteiros que gostam de desfrutar de aventuras fora do quarto.<\/p>\n<p>F\u00e1cil de ajustar e confort\u00e1vel de usar, <strong>o Ribbed<\/strong> <strong>Petal<\/strong> apresenta uma estrutura nervurada e um cano ligeiramente volumoso que ir\u00e1 mant\u00ea-lo satisfeito. <strong>O Ribbed<\/strong> <strong>Petal<\/strong> , habilitado para Bluetooth, pode ser conectado ao premiado aplicativo gratuito Satisfyer Connect, oferecendo a voc\u00ea a op\u00e7\u00e3o de assumir o controle total do potente motor e personalizar verdadeiramente o seu prazer. <strong>A Petal<\/strong> <strong>com nervuras<\/strong> \u00e9 feita de silicone seguro para o corpo, recarreg\u00e1vel e \u00e0 prova d\u00e1gua (IPX7), para que voc\u00ea brilhe intensamente!<\/p>\n<p>Desfrute do m\u00e1ximo prazer em qualquer lugar!<\/p>\n<p>\u00a0<\/p>\n<p><u><strong>CARACTER\u00cdSTICAS<\/strong><\/u><\/p>\n<ul>\n<li>Material: Silicone<\/li>\n<li>Cor: Preto<\/li>\n<li>Controle remoto<\/li>\n<li>Bluetooth e APLICATIVO<\/li>\n<li>Flex\u00edvel e male\u00e1vel<\/li>\n<li>15 anos de garantia<\/li>\n<li>\u00c0 prova d\u00e1gua (IPX7)<\/li>\n<\/ul>\n","protected":false},"excerpt":{"rendered":"<p>SATISFYER &#8211; RIBBED PETAL ESTIMULADOR DE PONTO G CONTROLE REMOTO PRETO APLICATIVO GRATUITO<\/p>\n","protected":false},"featured_media":73219,"template":"","meta":{"_acf_changed":false},"product_brand":[],"product_cat":[17,61,76],"product_tag":[],"class_list":{"0":"post-49078","1":"product","2":"type-product","3":"status-publish","4":"has-post-thumbnail","6":"product_cat-brinquedos-de-bem-estar-sexual","7":"product_cat-para-elas","8":"product_cat-vibradores","9":"yith_product_brand-satisfyer","10":"yith_product_brand-satisfyer-satisfyer-partner","12":"first","13":"instock","14":"taxable","15":"shipping-taxable","16":"purchasable","17":"product-type-simple"},"acf":[],"yoast_head":"<!-- This site is optimized with the Yoast SEO plugin v27.4 - https:\/\/yoast.com\/product\/yoast-seo-wordpress\/ -->\n<title>SATISFYER - RIBBED PETAL ESTIMULADOR DE PONTO G CONTROLE REMOTO PRETO APLICATIVO GRATUITO - Lovme<\/title>\n<meta name=\"robots\" content=\"index, follow, max-snippet:-1, max-image-preview:large, max-video-preview:-1\" \/>\n<link rel=\"canonical\" href=\"https:\/\/lovme.pt\/index.php\/produto\/satisfyer-ribbed-petal-estimulador-de-ponto-g-controle-remoto-preto-aplicativo-gratuito\/\" \/>\n<meta property=\"og:locale\" content=\"pt_PT\" \/>\n<meta property=\"og:type\" content=\"article\" \/>\n<meta property=\"og:title\" content=\"SATISFYER - RIBBED PETAL ESTIMULADOR DE PONTO G CONTROLE REMOTO PRETO APLICATIVO GRATUITO - Lovme\" \/>\n<meta property=\"og:description\" content=\"SATISFYER - RIBBED PETAL ESTIMULADOR DE PONTO G CONTROLE REMOTO PRETO APLICATIVO GRATUITO\" \/>\n<meta property=\"og:url\" content=\"https:\/\/lovme.pt\/index.php\/produto\/satisfyer-ribbed-petal-estimulador-de-ponto-g-controle-remoto-preto-aplicativo-gratuito\/\" \/>\n<meta property=\"og:site_name\" content=\"Lovme\" \/>\n<meta property=\"article:modified_time\" content=\"2026-02-19T20:09:03+00:00\" \/>\n<meta property=\"og:image\" content=\"https:\/\/erki24nd3ub.exactdn.com\/wp-content\/uploads\/dream\/img\/img_182660_91da19fbe3be594445191ad1d51537ad_1.jpg?strip=all\" \/>\n\t<meta property=\"og:image:width\" content=\"800\" \/>\n\t<meta property=\"og:image:height\" content=\"800\" \/>\n\t<meta property=\"og:image:type\" content=\"image\/jpeg\" \/>\n<meta name=\"twitter:card\" content=\"summary_large_image\" \/>\n<meta name=\"twitter:label1\" content=\"Tempo estimado de leitura\" \/>\n\t<meta name=\"twitter:data1\" content=\"1 minuto\" \/>\n<script type=\"application\/ld+json\" class=\"yoast-schema-graph\">{\"@context\":\"https:\\\/\\\/schema.org\",\"@graph\":[{\"@type\":\"WebPage\",\"@id\":\"https:\\\/\\\/lovme.pt\\\/index.php\\\/produto\\\/satisfyer-ribbed-petal-estimulador-de-ponto-g-controle-remoto-preto-aplicativo-gratuito\\\/\",\"url\":\"https:\\\/\\\/lovme.pt\\\/index.php\\\/produto\\\/satisfyer-ribbed-petal-estimulador-de-ponto-g-controle-remoto-preto-aplicativo-gratuito\\\/\",\"name\":\"SATISFYER - RIBBED PETAL ESTIMULADOR DE PONTO G CONTROLE REMOTO PRETO APLICATIVO GRATUITO - Lovme\",\"isPartOf\":{\"@id\":\"https:\\\/\\\/lovme.pt\\\/#website\"},\"primaryImageOfPage\":{\"@id\":\"https:\\\/\\\/lovme.pt\\\/index.php\\\/produto\\\/satisfyer-ribbed-petal-estimulador-de-ponto-g-controle-remoto-preto-aplicativo-gratuito\\\/#primaryimage\"},\"image\":{\"@id\":\"https:\\\/\\\/lovme.pt\\\/index.php\\\/produto\\\/satisfyer-ribbed-petal-estimulador-de-ponto-g-controle-remoto-preto-aplicativo-gratuito\\\/#primaryimage\"},\"thumbnailUrl\":\"https:\\\/\\\/erki24nd3ub.exactdn.com\\\/wp-content\\\/uploads\\\/dream\\\/img\\\/img_182660_91da19fbe3be594445191ad1d51537ad_1.jpg?strip=all\",\"datePublished\":\"2025-09-30T22:02:13+00:00\",\"dateModified\":\"2026-02-19T20:09:03+00:00\",\"breadcrumb\":{\"@id\":\"https:\\\/\\\/lovme.pt\\\/index.php\\\/produto\\\/satisfyer-ribbed-petal-estimulador-de-ponto-g-controle-remoto-preto-aplicativo-gratuito\\\/#breadcrumb\"},\"inLanguage\":\"pt-PT\",\"potentialAction\":[{\"@type\":\"ReadAction\",\"target\":[\"https:\\\/\\\/lovme.pt\\\/index.php\\\/produto\\\/satisfyer-ribbed-petal-estimulador-de-ponto-g-controle-remoto-preto-aplicativo-gratuito\\\/\"]}]},{\"@type\":\"ImageObject\",\"inLanguage\":\"pt-PT\",\"@id\":\"https:\\\/\\\/lovme.pt\\\/index.php\\\/produto\\\/satisfyer-ribbed-petal-estimulador-de-ponto-g-controle-remoto-preto-aplicativo-gratuito\\\/#primaryimage\",\"url\":\"https:\\\/\\\/erki24nd3ub.exactdn.com\\\/wp-content\\\/uploads\\\/dream\\\/img\\\/img_182660_91da19fbe3be594445191ad1d51537ad_1.jpg?strip=all\",\"contentUrl\":\"https:\\\/\\\/erki24nd3ub.exactdn.com\\\/wp-content\\\/uploads\\\/dream\\\/img\\\/img_182660_91da19fbe3be594445191ad1d51537ad_1.jpg?strip=all\",\"width\":800,\"height\":800},{\"@type\":\"BreadcrumbList\",\"@id\":\"https:\\\/\\\/lovme.pt\\\/index.php\\\/produto\\\/satisfyer-ribbed-petal-estimulador-de-ponto-g-controle-remoto-preto-aplicativo-gratuito\\\/#breadcrumb\",\"itemListElement\":[{\"@type\":\"ListItem\",\"position\":1,\"name\":\"In\u00edcio\",\"item\":\"https:\\\/\\\/lovme.pt\\\/\"},{\"@type\":\"ListItem\",\"position\":2,\"name\":\"Loja\",\"item\":\"https:\\\/\\\/lovme.pt\\\/index.php\\\/loja\\\/\"},{\"@type\":\"ListItem\",\"position\":3,\"name\":\"SATISFYER &#8211; RIBBED PETAL ESTIMULADOR DE PONTO G CONTROLE REMOTO PRETO APLICATIVO GRATUITO\"}]},{\"@type\":\"WebSite\",\"@id\":\"https:\\\/\\\/lovme.pt\\\/#website\",\"url\":\"https:\\\/\\\/lovme.pt\\\/\",\"name\":\"Lovme Loja Er\u00f3tica N\u00ba1 em Portugal\",\"description\":\"A melhor loja er\u00f3tica de Portugal.\",\"alternateName\":\"Loja Er\u00f3tica Lovme\",\"potentialAction\":[{\"@type\":\"SearchAction\",\"target\":{\"@type\":\"EntryPoint\",\"urlTemplate\":\"https:\\\/\\\/lovme.pt\\\/?s={search_term_string}\"},\"query-input\":{\"@type\":\"PropertyValueSpecification\",\"valueRequired\":true,\"valueName\":\"search_term_string\"}}],\"inLanguage\":\"pt-PT\"}]}<\/script>\n<!-- \/ Yoast SEO plugin. -->","yoast_head_json":{"title":"SATISFYER - RIBBED PETAL ESTIMULADOR DE PONTO G CONTROLE REMOTO PRETO APLICATIVO GRATUITO - Lovme","robots":{"index":"index","follow":"follow","max-snippet":"max-snippet:-1","max-image-preview":"max-image-preview:large","max-video-preview":"max-video-preview:-1"},"canonical":"https:\/\/lovme.pt\/index.php\/produto\/satisfyer-ribbed-petal-estimulador-de-ponto-g-controle-remoto-preto-aplicativo-gratuito\/","og_locale":"pt_PT","og_type":"article","og_title":"SATISFYER - RIBBED PETAL ESTIMULADOR DE PONTO G CONTROLE REMOTO PRETO APLICATIVO GRATUITO - Lovme","og_description":"SATISFYER - RIBBED PETAL ESTIMULADOR DE PONTO G CONTROLE REMOTO PRETO APLICATIVO GRATUITO","og_url":"https:\/\/lovme.pt\/index.php\/produto\/satisfyer-ribbed-petal-estimulador-de-ponto-g-controle-remoto-preto-aplicativo-gratuito\/","og_site_name":"Lovme","article_modified_time":"2026-02-19T20:09:03+00:00","og_image":[{"width":800,"height":800,"url":"https:\/\/erki24nd3ub.exactdn.com\/wp-content\/uploads\/dream\/img\/img_182660_91da19fbe3be594445191ad1d51537ad_1.jpg?strip=all","type":"image\/jpeg"}],"twitter_card":"summary_large_image","twitter_misc":{"Tempo estimado de leitura":"1 minuto"},"schema":{"@context":"https:\/\/schema.org","@graph":[{"@type":"WebPage","@id":"https:\/\/lovme.pt\/index.php\/produto\/satisfyer-ribbed-petal-estimulador-de-ponto-g-controle-remoto-preto-aplicativo-gratuito\/","url":"https:\/\/lovme.pt\/index.php\/produto\/satisfyer-ribbed-petal-estimulador-de-ponto-g-controle-remoto-preto-aplicativo-gratuito\/","name":"SATISFYER - RIBBED PETAL ESTIMULADOR DE PONTO G CONTROLE REMOTO PRETO APLICATIVO GRATUITO - Lovme","isPartOf":{"@id":"https:\/\/lovme.pt\/#website"},"primaryImageOfPage":{"@id":"https:\/\/lovme.pt\/index.php\/produto\/satisfyer-ribbed-petal-estimulador-de-ponto-g-controle-remoto-preto-aplicativo-gratuito\/#primaryimage"},"image":{"@id":"https:\/\/lovme.pt\/index.php\/produto\/satisfyer-ribbed-petal-estimulador-de-ponto-g-controle-remoto-preto-aplicativo-gratuito\/#primaryimage"},"thumbnailUrl":"https:\/\/erki24nd3ub.exactdn.com\/wp-content\/uploads\/dream\/img\/img_182660_91da19fbe3be594445191ad1d51537ad_1.jpg?strip=all","datePublished":"2025-09-30T22:02:13+00:00","dateModified":"2026-02-19T20:09:03+00:00","breadcrumb":{"@id":"https:\/\/lovme.pt\/index.php\/produto\/satisfyer-ribbed-petal-estimulador-de-ponto-g-controle-remoto-preto-aplicativo-gratuito\/#breadcrumb"},"inLanguage":"pt-PT","potentialAction":[{"@type":"ReadAction","target":["https:\/\/lovme.pt\/index.php\/produto\/satisfyer-ribbed-petal-estimulador-de-ponto-g-controle-remoto-preto-aplicativo-gratuito\/"]}]},{"@type":"ImageObject","inLanguage":"pt-PT","@id":"https:\/\/lovme.pt\/index.php\/produto\/satisfyer-ribbed-petal-estimulador-de-ponto-g-controle-remoto-preto-aplicativo-gratuito\/#primaryimage","url":"https:\/\/erki24nd3ub.exactdn.com\/wp-content\/uploads\/dream\/img\/img_182660_91da19fbe3be594445191ad1d51537ad_1.jpg?strip=all","contentUrl":"https:\/\/erki24nd3ub.exactdn.com\/wp-content\/uploads\/dream\/img\/img_182660_91da19fbe3be594445191ad1d51537ad_1.jpg?strip=all","width":800,"height":800},{"@type":"BreadcrumbList","@id":"https:\/\/lovme.pt\/index.php\/produto\/satisfyer-ribbed-petal-estimulador-de-ponto-g-controle-remoto-preto-aplicativo-gratuito\/#breadcrumb","itemListElement":[{"@type":"ListItem","position":1,"name":"In\u00edcio","item":"https:\/\/lovme.pt\/"},{"@type":"ListItem","position":2,"name":"Loja","item":"https:\/\/lovme.pt\/index.php\/loja\/"},{"@type":"ListItem","position":3,"name":"SATISFYER &#8211; RIBBED PETAL ESTIMULADOR DE PONTO G CONTROLE REMOTO PRETO APLICATIVO GRATUITO"}]},{"@type":"WebSite","@id":"https:\/\/lovme.pt\/#website","url":"https:\/\/lovme.pt\/","name":"Lovme Loja Er\u00f3tica N\u00ba1 em Portugal","description":"A melhor loja er\u00f3tica de Portugal.","alternateName":"Loja Er\u00f3tica Lovme","potentialAction":[{"@type":"SearchAction","target":{"@type":"EntryPoint","urlTemplate":"https:\/\/lovme.pt\/?s={search_term_string}"},"query-input":{"@type":"PropertyValueSpecification","valueRequired":true,"valueName":"search_term_string"}}],"inLanguage":"pt-PT"}]}},"_links":{"self":[{"href":"https:\/\/lovme.pt\/index.php\/wp-json\/wp\/v2\/product\/49078","targetHints":{"allow":["GET"]}}],"collection":[{"href":"https:\/\/lovme.pt\/index.php\/wp-json\/wp\/v2\/product"}],"about":[{"href":"https:\/\/lovme.pt\/index.php\/wp-json\/wp\/v2\/types\/product"}],"wp:featuredmedia":[{"embeddable":true,"href":"https:\/\/lovme.pt\/index.php\/wp-json\/wp\/v2\/media\/73219"}],"wp:attachment":[{"href":"https:\/\/lovme.pt\/index.php\/wp-json\/wp\/v2\/media?parent=49078"}],"wp:term":[{"taxonomy":"product_brand","embeddable":true,"href":"https:\/\/lovme.pt\/index.php\/wp-json\/wp\/v2\/product_brand?post=49078"},{"taxonomy":"product_cat","embeddable":true,"href":"https:\/\/lovme.pt\/index.php\/wp-json\/wp\/v2\/product_cat?post=49078"},{"taxonomy":"product_tag","embeddable":true,"href":"https:\/\/lovme.pt\/index.php\/wp-json\/wp\/v2\/product_tag?post=49078"}],"curies":[{"name":"wp","href":"https:\/\/api.w.org\/{rel}","templated":true}]}}