{"id":49059,"date":"2025-10-01T02:08:48","date_gmt":"2025-10-01T02:08:48","guid":{"rendered":"https:\/\/lovme.pt\/?post_type=product&p=49059"},"modified":"2026-02-19T20:18:29","modified_gmt":"2026-02-19T20:18:29","slug":"durex-natural-slim-fit-basico-144-unidades","status":"publish","type":"product","link":"https:\/\/lovme.pt\/index.php\/produto\/durex-natural-slim-fit-basico-144-unidades\/","title":{"rendered":"DUREX &#8211; NATURAL SLIM FIT B\u00c1SICO 144 UNIDADES"},"content":{"rendered":"<p><u><strong>Preservativos Durex Natural Slim Fit da DUREX.<\/strong><\/u><\/p>\n<p>Preservativos Durex Natural Slim Fit, para o conforto de quem prefere um tamanho mais justo que o nosso preservativo Natural normal.<\/p>\n<p>Os preservativos Durex Natural Slim Fit t\u00eam espessura m\u00e9dia. Seu per\u00edmetro \u00e9 estreito, t\u00eam largura nominal de 52 mm e s\u00e3o lubrificados com silicone.<\/p>\n<p>Esses preservativos s\u00e3o transparentes, feitos de l\u00e1tex de borracha natural, t\u00eam paredes retas, s\u00e3o macios e com reservat\u00f3rio. Somos todos diferentes, mas o tamanho certo deve sempre fazer voc\u00ea se sentir confort\u00e1vel e confiante.<\/p>\n<p>A forma como fabricamos os preservativos Durex faz com que eles cheirem melhor.<\/p>\n<p>100% dos nossos preservativos s\u00e3o testados eletronicamente. Al\u00e9m disso, cada lote passa por 5 testes de qualidade. Testado dermatologicamente.<\/p>\n<p>Mais de 90 anos de sexo real. Reivindicamos sexo real, que \u00e9 bom e satisfat\u00f3rio. \u00c9 por isso que, h\u00e1 mais de 90 anos, milh\u00f5es de pessoas em todo o mundo confiam em n\u00f3s todos os dias (e noites).<\/p>\n<p>Eles nos tornaram a marca de preservativos n\u00famero 1 do mundo*. Ent\u00e3o, independente do tipo de sexo que voc\u00ea deseja fazer hoje, esteja preparado com a prote\u00e7\u00e3o certa.<\/p>\n<p><u><strong>Contra-indica\u00e7\u00f5es:<\/strong><\/u><\/p>\n<ul>\n<li>Este preservativo \u00e9 feito de l\u00e1tex de borracha natural, que pode causar rea\u00e7\u00f5es al\u00e9rgicas, inclusive choque anafil\u00e1tico, se o usu\u00e1rio for al\u00e9rgico ao l\u00e1tex.<\/li>\n<\/ul>\n<p><u><strong>Precau\u00e7\u00f5es:<\/strong><\/u><\/p>\n<ul>\n<li>Tente usar apenas lubrificantes recomendados para uso com preservativos.<\/li>\n<li>Para sexo anal, use lubrifica\u00e7\u00e3o adicional na parte externa do preservativo (n\u00e3o use Durex Frescor ou Lovers Connect). Lembre-se que nenhum m\u00e9todo contraceptivo funciona 100% contra gravidez, HIV ou infec\u00e7\u00f5es sexualmente transmiss\u00edveis.<\/li>\n<li>Os preservativos podem apresentar risco de asfixia. Mantenha fora do alcance das crian\u00e7as.<\/li>\n<li>Pare de us\u00e1-lo se sentir desconforto ou irrita\u00e7\u00e3o ao usar o preservativo.<\/li>\n<li>Use o preservativo apenas uma vez. A reutiliza\u00e7\u00e3o pode aumentar o risco de quebra e infec\u00e7\u00e3o.<\/li>\n<li>Se voc\u00ea usar a camisinha primeiro para sexo oral, dever\u00e1 usar posteriormente uma camisinha nova para qualquer outro tipo de pr\u00e1tica sexual.<\/li>\n<li>Consulte o seu m\u00e9dico ou farmac\u00eautico se n\u00e3o tiver certeza se \u00e9 al\u00e9rgico ao l\u00e1tex ou se a irrita\u00e7\u00e3o ou desconforto persistir ap\u00f3s o uso, ou se estiver usando medicamentos t\u00f3picos no p\u00eanis ou na vagina.<\/li>\n<li>Se o preservativo romper ou vazar durante o sexo, consulte um farmac\u00eautico ou m\u00e9dico o mais r\u00e1pido poss\u00edvel e dentro de 72 horas.<\/li>\n<li>Incidentes graves devem ser relatados \u00e0 Reckitt e \u00e0 autoridade local relevante que prestar\u00e1 assist\u00eancia. mais conselhos. Est\u00e1 em conformidade com os regulamentos de produtos de sa\u00fade.<\/li>\n<\/ul>\n<p style=\"line-height: 16.64px;\">\u00a0<\/p>\n<p style=\"line-height: 16.64px;\">Caixa de 144 unidades<\/p>\n","protected":false},"excerpt":{"rendered":"<p>DUREX &#8211; NATURAL SLIM FIT B\u00c1SICO 144 UNIDADES<\/p>\n","protected":false},"featured_media":95114,"template":"","meta":{"_acf_changed":false},"product_brand":[],"product_cat":[73],"product_tag":[],"class_list":{"0":"post-49059","1":"product","2":"type-product","3":"status-publish","4":"has-post-thumbnail","6":"product_cat-preservativos","7":"yith_product_brand-durex","8":"yith_product_brand-durexdurex-condoms","10":"first","11":"instock","12":"taxable","13":"shipping-taxable","14":"purchasable","15":"product-type-simple"},"acf":[],"yoast_head":"<!-- This site is optimized with the Yoast SEO plugin v27.4 - https:\/\/yoast.com\/product\/yoast-seo-wordpress\/ -->\n<title>DUREX - NATURAL SLIM FIT B\u00c1SICO 144 UNIDADES - Lovme<\/title>\n<meta name=\"robots\" content=\"index, follow, max-snippet:-1, max-image-preview:large, max-video-preview:-1\" \/>\n<link rel=\"canonical\" href=\"https:\/\/lovme.pt\/index.php\/produto\/durex-natural-slim-fit-basico-144-unidades\/\" \/>\n<meta property=\"og:locale\" content=\"pt_PT\" \/>\n<meta property=\"og:type\" content=\"article\" \/>\n<meta property=\"og:title\" content=\"DUREX - NATURAL SLIM FIT B\u00c1SICO 144 UNIDADES - Lovme\" \/>\n<meta property=\"og:description\" content=\"DUREX - NATURAL SLIM FIT B\u00c1SICO 144 UNIDADES\" \/>\n<meta property=\"og:url\" content=\"https:\/\/lovme.pt\/index.php\/produto\/durex-natural-slim-fit-basico-144-unidades\/\" \/>\n<meta property=\"og:site_name\" content=\"Lovme\" \/>\n<meta property=\"article:modified_time\" content=\"2026-02-19T20:18:29+00:00\" \/>\n<meta property=\"og:image\" content=\"https:\/\/erki24nd3ub.exactdn.com\/wp-content\/uploads\/dream\/img\/img_214446_4f1aa919b1a81693f03b060b71805984_1.jpg?strip=all\" \/>\n\t<meta property=\"og:image:width\" content=\"900\" \/>\n\t<meta property=\"og:image:height\" content=\"900\" \/>\n\t<meta property=\"og:image:type\" content=\"image\/jpeg\" \/>\n<meta name=\"twitter:card\" content=\"summary_large_image\" \/>\n<meta name=\"twitter:label1\" content=\"Tempo estimado de leitura\" \/>\n\t<meta name=\"twitter:data1\" content=\"2 minutos\" \/>\n<script type=\"application\/ld+json\" class=\"yoast-schema-graph\">{\"@context\":\"https:\\\/\\\/schema.org\",\"@graph\":[{\"@type\":\"WebPage\",\"@id\":\"https:\\\/\\\/lovme.pt\\\/index.php\\\/produto\\\/durex-natural-slim-fit-basico-144-unidades\\\/\",\"url\":\"https:\\\/\\\/lovme.pt\\\/index.php\\\/produto\\\/durex-natural-slim-fit-basico-144-unidades\\\/\",\"name\":\"DUREX - NATURAL SLIM FIT B\u00c1SICO 144 UNIDADES - Lovme\",\"isPartOf\":{\"@id\":\"https:\\\/\\\/lovme.pt\\\/#website\"},\"primaryImageOfPage\":{\"@id\":\"https:\\\/\\\/lovme.pt\\\/index.php\\\/produto\\\/durex-natural-slim-fit-basico-144-unidades\\\/#primaryimage\"},\"image\":{\"@id\":\"https:\\\/\\\/lovme.pt\\\/index.php\\\/produto\\\/durex-natural-slim-fit-basico-144-unidades\\\/#primaryimage\"},\"thumbnailUrl\":\"https:\\\/\\\/erki24nd3ub.exactdn.com\\\/wp-content\\\/uploads\\\/dream\\\/img\\\/img_214446_4f1aa919b1a81693f03b060b71805984_1.jpg?strip=all\",\"datePublished\":\"2025-10-01T02:08:48+00:00\",\"dateModified\":\"2026-02-19T20:18:29+00:00\",\"breadcrumb\":{\"@id\":\"https:\\\/\\\/lovme.pt\\\/index.php\\\/produto\\\/durex-natural-slim-fit-basico-144-unidades\\\/#breadcrumb\"},\"inLanguage\":\"pt-PT\",\"potentialAction\":[{\"@type\":\"ReadAction\",\"target\":[\"https:\\\/\\\/lovme.pt\\\/index.php\\\/produto\\\/durex-natural-slim-fit-basico-144-unidades\\\/\"]}]},{\"@type\":\"ImageObject\",\"inLanguage\":\"pt-PT\",\"@id\":\"https:\\\/\\\/lovme.pt\\\/index.php\\\/produto\\\/durex-natural-slim-fit-basico-144-unidades\\\/#primaryimage\",\"url\":\"https:\\\/\\\/erki24nd3ub.exactdn.com\\\/wp-content\\\/uploads\\\/dream\\\/img\\\/img_214446_4f1aa919b1a81693f03b060b71805984_1.jpg?strip=all\",\"contentUrl\":\"https:\\\/\\\/erki24nd3ub.exactdn.com\\\/wp-content\\\/uploads\\\/dream\\\/img\\\/img_214446_4f1aa919b1a81693f03b060b71805984_1.jpg?strip=all\",\"width\":900,\"height\":900},{\"@type\":\"BreadcrumbList\",\"@id\":\"https:\\\/\\\/lovme.pt\\\/index.php\\\/produto\\\/durex-natural-slim-fit-basico-144-unidades\\\/#breadcrumb\",\"itemListElement\":[{\"@type\":\"ListItem\",\"position\":1,\"name\":\"In\u00edcio\",\"item\":\"https:\\\/\\\/lovme.pt\\\/\"},{\"@type\":\"ListItem\",\"position\":2,\"name\":\"Loja\",\"item\":\"https:\\\/\\\/lovme.pt\\\/index.php\\\/loja\\\/\"},{\"@type\":\"ListItem\",\"position\":3,\"name\":\"DUREX &#8211; NATURAL SLIM FIT B\u00c1SICO 144 UNIDADES\"}]},{\"@type\":\"WebSite\",\"@id\":\"https:\\\/\\\/lovme.pt\\\/#website\",\"url\":\"https:\\\/\\\/lovme.pt\\\/\",\"name\":\"Lovme Loja Er\u00f3tica N\u00ba1 em Portugal\",\"description\":\"A melhor loja er\u00f3tica de Portugal.\",\"alternateName\":\"Loja Er\u00f3tica Lovme\",\"potentialAction\":[{\"@type\":\"SearchAction\",\"target\":{\"@type\":\"EntryPoint\",\"urlTemplate\":\"https:\\\/\\\/lovme.pt\\\/?s={search_term_string}\"},\"query-input\":{\"@type\":\"PropertyValueSpecification\",\"valueRequired\":true,\"valueName\":\"search_term_string\"}}],\"inLanguage\":\"pt-PT\"}]}<\/script>\n<!-- \/ Yoast SEO plugin. -->","yoast_head_json":{"title":"DUREX - NATURAL SLIM FIT B\u00c1SICO 144 UNIDADES - Lovme","robots":{"index":"index","follow":"follow","max-snippet":"max-snippet:-1","max-image-preview":"max-image-preview:large","max-video-preview":"max-video-preview:-1"},"canonical":"https:\/\/lovme.pt\/index.php\/produto\/durex-natural-slim-fit-basico-144-unidades\/","og_locale":"pt_PT","og_type":"article","og_title":"DUREX - NATURAL SLIM FIT B\u00c1SICO 144 UNIDADES - Lovme","og_description":"DUREX - NATURAL SLIM FIT B\u00c1SICO 144 UNIDADES","og_url":"https:\/\/lovme.pt\/index.php\/produto\/durex-natural-slim-fit-basico-144-unidades\/","og_site_name":"Lovme","article_modified_time":"2026-02-19T20:18:29+00:00","og_image":[{"width":900,"height":900,"url":"https:\/\/erki24nd3ub.exactdn.com\/wp-content\/uploads\/dream\/img\/img_214446_4f1aa919b1a81693f03b060b71805984_1.jpg?strip=all","type":"image\/jpeg"}],"twitter_card":"summary_large_image","twitter_misc":{"Tempo estimado de leitura":"2 minutos"},"schema":{"@context":"https:\/\/schema.org","@graph":[{"@type":"WebPage","@id":"https:\/\/lovme.pt\/index.php\/produto\/durex-natural-slim-fit-basico-144-unidades\/","url":"https:\/\/lovme.pt\/index.php\/produto\/durex-natural-slim-fit-basico-144-unidades\/","name":"DUREX - NATURAL SLIM FIT B\u00c1SICO 144 UNIDADES - Lovme","isPartOf":{"@id":"https:\/\/lovme.pt\/#website"},"primaryImageOfPage":{"@id":"https:\/\/lovme.pt\/index.php\/produto\/durex-natural-slim-fit-basico-144-unidades\/#primaryimage"},"image":{"@id":"https:\/\/lovme.pt\/index.php\/produto\/durex-natural-slim-fit-basico-144-unidades\/#primaryimage"},"thumbnailUrl":"https:\/\/erki24nd3ub.exactdn.com\/wp-content\/uploads\/dream\/img\/img_214446_4f1aa919b1a81693f03b060b71805984_1.jpg?strip=all","datePublished":"2025-10-01T02:08:48+00:00","dateModified":"2026-02-19T20:18:29+00:00","breadcrumb":{"@id":"https:\/\/lovme.pt\/index.php\/produto\/durex-natural-slim-fit-basico-144-unidades\/#breadcrumb"},"inLanguage":"pt-PT","potentialAction":[{"@type":"ReadAction","target":["https:\/\/lovme.pt\/index.php\/produto\/durex-natural-slim-fit-basico-144-unidades\/"]}]},{"@type":"ImageObject","inLanguage":"pt-PT","@id":"https:\/\/lovme.pt\/index.php\/produto\/durex-natural-slim-fit-basico-144-unidades\/#primaryimage","url":"https:\/\/erki24nd3ub.exactdn.com\/wp-content\/uploads\/dream\/img\/img_214446_4f1aa919b1a81693f03b060b71805984_1.jpg?strip=all","contentUrl":"https:\/\/erki24nd3ub.exactdn.com\/wp-content\/uploads\/dream\/img\/img_214446_4f1aa919b1a81693f03b060b71805984_1.jpg?strip=all","width":900,"height":900},{"@type":"BreadcrumbList","@id":"https:\/\/lovme.pt\/index.php\/produto\/durex-natural-slim-fit-basico-144-unidades\/#breadcrumb","itemListElement":[{"@type":"ListItem","position":1,"name":"In\u00edcio","item":"https:\/\/lovme.pt\/"},{"@type":"ListItem","position":2,"name":"Loja","item":"https:\/\/lovme.pt\/index.php\/loja\/"},{"@type":"ListItem","position":3,"name":"DUREX &#8211; NATURAL SLIM FIT B\u00c1SICO 144 UNIDADES"}]},{"@type":"WebSite","@id":"https:\/\/lovme.pt\/#website","url":"https:\/\/lovme.pt\/","name":"Lovme Loja Er\u00f3tica N\u00ba1 em Portugal","description":"A melhor loja er\u00f3tica de Portugal.","alternateName":"Loja Er\u00f3tica Lovme","potentialAction":[{"@type":"SearchAction","target":{"@type":"EntryPoint","urlTemplate":"https:\/\/lovme.pt\/?s={search_term_string}"},"query-input":{"@type":"PropertyValueSpecification","valueRequired":true,"valueName":"search_term_string"}}],"inLanguage":"pt-PT"}]}},"_links":{"self":[{"href":"https:\/\/lovme.pt\/index.php\/wp-json\/wp\/v2\/product\/49059","targetHints":{"allow":["GET"]}}],"collection":[{"href":"https:\/\/lovme.pt\/index.php\/wp-json\/wp\/v2\/product"}],"about":[{"href":"https:\/\/lovme.pt\/index.php\/wp-json\/wp\/v2\/types\/product"}],"wp:featuredmedia":[{"embeddable":true,"href":"https:\/\/lovme.pt\/index.php\/wp-json\/wp\/v2\/media\/95114"}],"wp:attachment":[{"href":"https:\/\/lovme.pt\/index.php\/wp-json\/wp\/v2\/media?parent=49059"}],"wp:term":[{"taxonomy":"product_brand","embeddable":true,"href":"https:\/\/lovme.pt\/index.php\/wp-json\/wp\/v2\/product_brand?post=49059"},{"taxonomy":"product_cat","embeddable":true,"href":"https:\/\/lovme.pt\/index.php\/wp-json\/wp\/v2\/product_cat?post=49059"},{"taxonomy":"product_tag","embeddable":true,"href":"https:\/\/lovme.pt\/index.php\/wp-json\/wp\/v2\/product_tag?post=49059"}],"curies":[{"name":"wp","href":"https:\/\/api.w.org\/{rel}","templated":true}]}}