{"id":49032,"date":"2025-09-30T22:02:03","date_gmt":"2025-09-30T22:02:03","guid":{"rendered":"https:\/\/lovme.pt\/?post_type=product&p=49032"},"modified":"2026-02-19T20:09:03","modified_gmt":"2026-02-19T20:09:03","slug":"lelo-dot-travel-estimulador-de-clitoris-roxo","status":"publish","type":"product","link":"https:\/\/lovme.pt\/index.php\/produto\/lelo-dot-travel-estimulador-de-clitoris-roxo\/","title":{"rendered":"LELO &#8211; DOT TRAVEL ESTIMULADOR DE CLIT\u00d3RIS ROXO"},"content":{"rendered":"<p><strong>LELO DOT\u2122<\/strong> Travel \u00e9 um estimulador de clit\u00f3ris discreto e preciso, perfeito para levar em qualquer viagem, pois cabe em qualquer mala ou bolsa gra\u00e7as ao seu novo tamanho pequeno. Possui oito modos de vibra\u00e7\u00e3o poderosos com diferentes intensidades. Infinite Loop\u2122 da <strong>LELO DOT\u2122<\/strong> Travel permite personalizar a experi\u00eancia org\u00e1stica alterando a posi\u00e7\u00e3o de sua ponta macia e flex\u00edvel.<\/p>\n<p>\u00a0<\/p>\n<p><strong><u>CARACTER\u00cdSTICAS:<\/u><\/strong><\/p>\n<ul>\n<li>Materiais: silicone biocompat\u00edvel e pl\u00e1stico ABS<\/li>\n<li>Acabamento: liso<\/li>\n<li>Tamanho: 138 x 26 x 27 mm<\/li>\n<li>Peso: 53g<\/li>\n<li>Bateria: \u00edon de l\u00edtio 200 mAh 3,7 V<\/li>\n<li>Carga: at\u00e9 2 horas a 5,0 V 200 mA<\/li>\n<li>Pot\u00eancia nominal:Entrada: 5V 1W<\/li>\n<li>Sa\u00edda: 3,7 V 0,74 W<\/li>\n<li>Tempo de uso: at\u00e9 1 hora<\/li>\n<li>Espera: 90 dias<\/li>\n<li>Frequ\u00eancia: 133Hz<\/li>\n<li>M\u00e1x. n\u00edvel de ru\u00eddo:< 60 dB<\/li>\n<li>Interface: 3 bot\u00f5es<\/li>\n<\/ul>\n","protected":false},"excerpt":{"rendered":"<p>LELO &#8211; DOT TRAVEL ESTIMULADOR DE CLIT\u00d3RIS ROXO<\/p>\n","protected":false},"featured_media":73186,"template":"","meta":{"_acf_changed":false},"product_brand":[],"product_cat":[17,61],"product_tag":[],"class_list":{"0":"post-49032","1":"product","2":"type-product","3":"status-publish","4":"has-post-thumbnail","6":"product_cat-brinquedos-de-bem-estar-sexual","7":"product_cat-para-elas","8":"yith_product_brand-lelo","10":"first","11":"instock","12":"taxable","13":"shipping-taxable","14":"purchasable","15":"product-type-simple"},"acf":[],"yoast_head":"<!-- This site is optimized with the Yoast SEO plugin v27.4 - https:\/\/yoast.com\/product\/yoast-seo-wordpress\/ -->\n<title>LELO - DOT TRAVEL ESTIMULADOR DE CLIT\u00d3RIS ROXO - Lovme<\/title>\n<meta name=\"robots\" content=\"index, follow, max-snippet:-1, max-image-preview:large, max-video-preview:-1\" \/>\n<link rel=\"canonical\" href=\"https:\/\/lovme.pt\/index.php\/produto\/lelo-dot-travel-estimulador-de-clitoris-roxo\/\" \/>\n<meta property=\"og:locale\" content=\"pt_PT\" \/>\n<meta property=\"og:type\" content=\"article\" \/>\n<meta property=\"og:title\" content=\"LELO - DOT TRAVEL ESTIMULADOR DE CLIT\u00d3RIS ROXO - Lovme\" \/>\n<meta property=\"og:description\" content=\"LELO - DOT TRAVEL ESTIMULADOR DE CLIT\u00d3RIS ROXO\" \/>\n<meta property=\"og:url\" content=\"https:\/\/lovme.pt\/index.php\/produto\/lelo-dot-travel-estimulador-de-clitoris-roxo\/\" \/>\n<meta property=\"og:site_name\" content=\"Lovme\" \/>\n<meta property=\"article:modified_time\" content=\"2026-02-19T20:09:03+00:00\" \/>\n<meta property=\"og:image\" content=\"https:\/\/erki24nd3ub.exactdn.com\/wp-content\/uploads\/dream\/img\/img_181936_72317d354d92d1a3abf524c81f2229fe_1.jpg?strip=all\" \/>\n\t<meta property=\"og:image:width\" content=\"800\" \/>\n\t<meta property=\"og:image:height\" content=\"800\" \/>\n\t<meta property=\"og:image:type\" content=\"image\/jpeg\" \/>\n<meta name=\"twitter:card\" content=\"summary_large_image\" \/>\n<meta name=\"twitter:label1\" content=\"Tempo estimado de leitura\" \/>\n\t<meta name=\"twitter:data1\" content=\"1 minuto\" \/>\n<script type=\"application\/ld+json\" class=\"yoast-schema-graph\">{\"@context\":\"https:\\\/\\\/schema.org\",\"@graph\":[{\"@type\":\"WebPage\",\"@id\":\"https:\\\/\\\/lovme.pt\\\/index.php\\\/produto\\\/lelo-dot-travel-estimulador-de-clitoris-roxo\\\/\",\"url\":\"https:\\\/\\\/lovme.pt\\\/index.php\\\/produto\\\/lelo-dot-travel-estimulador-de-clitoris-roxo\\\/\",\"name\":\"LELO - DOT TRAVEL ESTIMULADOR DE CLIT\u00d3RIS ROXO - Lovme\",\"isPartOf\":{\"@id\":\"https:\\\/\\\/lovme.pt\\\/#website\"},\"primaryImageOfPage\":{\"@id\":\"https:\\\/\\\/lovme.pt\\\/index.php\\\/produto\\\/lelo-dot-travel-estimulador-de-clitoris-roxo\\\/#primaryimage\"},\"image\":{\"@id\":\"https:\\\/\\\/lovme.pt\\\/index.php\\\/produto\\\/lelo-dot-travel-estimulador-de-clitoris-roxo\\\/#primaryimage\"},\"thumbnailUrl\":\"https:\\\/\\\/erki24nd3ub.exactdn.com\\\/wp-content\\\/uploads\\\/dream\\\/img\\\/img_181936_72317d354d92d1a3abf524c81f2229fe_1.jpg?strip=all\",\"datePublished\":\"2025-09-30T22:02:03+00:00\",\"dateModified\":\"2026-02-19T20:09:03+00:00\",\"breadcrumb\":{\"@id\":\"https:\\\/\\\/lovme.pt\\\/index.php\\\/produto\\\/lelo-dot-travel-estimulador-de-clitoris-roxo\\\/#breadcrumb\"},\"inLanguage\":\"pt-PT\",\"potentialAction\":[{\"@type\":\"ReadAction\",\"target\":[\"https:\\\/\\\/lovme.pt\\\/index.php\\\/produto\\\/lelo-dot-travel-estimulador-de-clitoris-roxo\\\/\"]}]},{\"@type\":\"ImageObject\",\"inLanguage\":\"pt-PT\",\"@id\":\"https:\\\/\\\/lovme.pt\\\/index.php\\\/produto\\\/lelo-dot-travel-estimulador-de-clitoris-roxo\\\/#primaryimage\",\"url\":\"https:\\\/\\\/erki24nd3ub.exactdn.com\\\/wp-content\\\/uploads\\\/dream\\\/img\\\/img_181936_72317d354d92d1a3abf524c81f2229fe_1.jpg?strip=all\",\"contentUrl\":\"https:\\\/\\\/erki24nd3ub.exactdn.com\\\/wp-content\\\/uploads\\\/dream\\\/img\\\/img_181936_72317d354d92d1a3abf524c81f2229fe_1.jpg?strip=all\",\"width\":800,\"height\":800},{\"@type\":\"BreadcrumbList\",\"@id\":\"https:\\\/\\\/lovme.pt\\\/index.php\\\/produto\\\/lelo-dot-travel-estimulador-de-clitoris-roxo\\\/#breadcrumb\",\"itemListElement\":[{\"@type\":\"ListItem\",\"position\":1,\"name\":\"In\u00edcio\",\"item\":\"https:\\\/\\\/lovme.pt\\\/\"},{\"@type\":\"ListItem\",\"position\":2,\"name\":\"Loja\",\"item\":\"https:\\\/\\\/lovme.pt\\\/index.php\\\/loja\\\/\"},{\"@type\":\"ListItem\",\"position\":3,\"name\":\"LELO &#8211; DOT TRAVEL ESTIMULADOR DE CLIT\u00d3RIS ROXO\"}]},{\"@type\":\"WebSite\",\"@id\":\"https:\\\/\\\/lovme.pt\\\/#website\",\"url\":\"https:\\\/\\\/lovme.pt\\\/\",\"name\":\"Lovme Loja Er\u00f3tica N\u00ba1 em Portugal\",\"description\":\"A melhor loja er\u00f3tica de Portugal.\",\"alternateName\":\"Loja Er\u00f3tica Lovme\",\"potentialAction\":[{\"@type\":\"SearchAction\",\"target\":{\"@type\":\"EntryPoint\",\"urlTemplate\":\"https:\\\/\\\/lovme.pt\\\/?s={search_term_string}\"},\"query-input\":{\"@type\":\"PropertyValueSpecification\",\"valueRequired\":true,\"valueName\":\"search_term_string\"}}],\"inLanguage\":\"pt-PT\"}]}<\/script>\n<!-- \/ Yoast SEO plugin. -->","yoast_head_json":{"title":"LELO - DOT TRAVEL ESTIMULADOR DE CLIT\u00d3RIS ROXO - Lovme","robots":{"index":"index","follow":"follow","max-snippet":"max-snippet:-1","max-image-preview":"max-image-preview:large","max-video-preview":"max-video-preview:-1"},"canonical":"https:\/\/lovme.pt\/index.php\/produto\/lelo-dot-travel-estimulador-de-clitoris-roxo\/","og_locale":"pt_PT","og_type":"article","og_title":"LELO - DOT TRAVEL ESTIMULADOR DE CLIT\u00d3RIS ROXO - Lovme","og_description":"LELO - DOT TRAVEL ESTIMULADOR DE CLIT\u00d3RIS ROXO","og_url":"https:\/\/lovme.pt\/index.php\/produto\/lelo-dot-travel-estimulador-de-clitoris-roxo\/","og_site_name":"Lovme","article_modified_time":"2026-02-19T20:09:03+00:00","og_image":[{"width":800,"height":800,"url":"https:\/\/erki24nd3ub.exactdn.com\/wp-content\/uploads\/dream\/img\/img_181936_72317d354d92d1a3abf524c81f2229fe_1.jpg?strip=all","type":"image\/jpeg"}],"twitter_card":"summary_large_image","twitter_misc":{"Tempo estimado de leitura":"1 minuto"},"schema":{"@context":"https:\/\/schema.org","@graph":[{"@type":"WebPage","@id":"https:\/\/lovme.pt\/index.php\/produto\/lelo-dot-travel-estimulador-de-clitoris-roxo\/","url":"https:\/\/lovme.pt\/index.php\/produto\/lelo-dot-travel-estimulador-de-clitoris-roxo\/","name":"LELO - DOT TRAVEL ESTIMULADOR DE CLIT\u00d3RIS ROXO - Lovme","isPartOf":{"@id":"https:\/\/lovme.pt\/#website"},"primaryImageOfPage":{"@id":"https:\/\/lovme.pt\/index.php\/produto\/lelo-dot-travel-estimulador-de-clitoris-roxo\/#primaryimage"},"image":{"@id":"https:\/\/lovme.pt\/index.php\/produto\/lelo-dot-travel-estimulador-de-clitoris-roxo\/#primaryimage"},"thumbnailUrl":"https:\/\/erki24nd3ub.exactdn.com\/wp-content\/uploads\/dream\/img\/img_181936_72317d354d92d1a3abf524c81f2229fe_1.jpg?strip=all","datePublished":"2025-09-30T22:02:03+00:00","dateModified":"2026-02-19T20:09:03+00:00","breadcrumb":{"@id":"https:\/\/lovme.pt\/index.php\/produto\/lelo-dot-travel-estimulador-de-clitoris-roxo\/#breadcrumb"},"inLanguage":"pt-PT","potentialAction":[{"@type":"ReadAction","target":["https:\/\/lovme.pt\/index.php\/produto\/lelo-dot-travel-estimulador-de-clitoris-roxo\/"]}]},{"@type":"ImageObject","inLanguage":"pt-PT","@id":"https:\/\/lovme.pt\/index.php\/produto\/lelo-dot-travel-estimulador-de-clitoris-roxo\/#primaryimage","url":"https:\/\/erki24nd3ub.exactdn.com\/wp-content\/uploads\/dream\/img\/img_181936_72317d354d92d1a3abf524c81f2229fe_1.jpg?strip=all","contentUrl":"https:\/\/erki24nd3ub.exactdn.com\/wp-content\/uploads\/dream\/img\/img_181936_72317d354d92d1a3abf524c81f2229fe_1.jpg?strip=all","width":800,"height":800},{"@type":"BreadcrumbList","@id":"https:\/\/lovme.pt\/index.php\/produto\/lelo-dot-travel-estimulador-de-clitoris-roxo\/#breadcrumb","itemListElement":[{"@type":"ListItem","position":1,"name":"In\u00edcio","item":"https:\/\/lovme.pt\/"},{"@type":"ListItem","position":2,"name":"Loja","item":"https:\/\/lovme.pt\/index.php\/loja\/"},{"@type":"ListItem","position":3,"name":"LELO &#8211; DOT TRAVEL ESTIMULADOR DE CLIT\u00d3RIS ROXO"}]},{"@type":"WebSite","@id":"https:\/\/lovme.pt\/#website","url":"https:\/\/lovme.pt\/","name":"Lovme Loja Er\u00f3tica N\u00ba1 em Portugal","description":"A melhor loja er\u00f3tica de Portugal.","alternateName":"Loja Er\u00f3tica Lovme","potentialAction":[{"@type":"SearchAction","target":{"@type":"EntryPoint","urlTemplate":"https:\/\/lovme.pt\/?s={search_term_string}"},"query-input":{"@type":"PropertyValueSpecification","valueRequired":true,"valueName":"search_term_string"}}],"inLanguage":"pt-PT"}]}},"_links":{"self":[{"href":"https:\/\/lovme.pt\/index.php\/wp-json\/wp\/v2\/product\/49032","targetHints":{"allow":["GET"]}}],"collection":[{"href":"https:\/\/lovme.pt\/index.php\/wp-json\/wp\/v2\/product"}],"about":[{"href":"https:\/\/lovme.pt\/index.php\/wp-json\/wp\/v2\/types\/product"}],"wp:featuredmedia":[{"embeddable":true,"href":"https:\/\/lovme.pt\/index.php\/wp-json\/wp\/v2\/media\/73186"}],"wp:attachment":[{"href":"https:\/\/lovme.pt\/index.php\/wp-json\/wp\/v2\/media?parent=49032"}],"wp:term":[{"taxonomy":"product_brand","embeddable":true,"href":"https:\/\/lovme.pt\/index.php\/wp-json\/wp\/v2\/product_brand?post=49032"},{"taxonomy":"product_cat","embeddable":true,"href":"https:\/\/lovme.pt\/index.php\/wp-json\/wp\/v2\/product_cat?post=49032"},{"taxonomy":"product_tag","embeddable":true,"href":"https:\/\/lovme.pt\/index.php\/wp-json\/wp\/v2\/product_tag?post=49032"}],"curies":[{"name":"wp","href":"https:\/\/api.w.org\/{rel}","templated":true}]}}