{"id":48766,"date":"2025-09-30T10:14:01","date_gmt":"2025-09-30T10:14:01","guid":{"rendered":"https:\/\/lovme.pt\/?post_type=product&p=48766"},"modified":"2026-02-19T20:07:00","modified_gmt":"2026-02-19T20:07:00","slug":"pretty-love-remington-anel-vibrador-duplo-com-plug-azul","status":"publish","type":"product","link":"https:\/\/lovme.pt\/index.php\/produto\/pretty-love-remington-anel-vibrador-duplo-com-plug-azul\/","title":{"rendered":"PRETTY LOVE &#8211; REMINGTON ANEL VIBRADOR DUPLO COM PLUG AZUL"},"content":{"rendered":"<p>Se procura um pouco mais de &#8220;estimula\u00e7\u00e3o para ele&#8221; para adicionar alguma resist\u00eancia, bem como uma excelente &#8220;estimula\u00e7\u00e3o para ela&#8221; externa, ent\u00e3o a manga vibrat\u00f3ria para p\u00e9nis Pretty Love IV d\u00e1-lhe exactamente o que precisa. . Simplesmente deslize o primeiro anel peniano sobre sua masculinidade e enrole o anel inferior em volta de suas bolas. O menor peso do balan\u00e7o ir\u00e1 atingi-los. Eles colocaram ele e ela no ritmo durante a penetra\u00e7\u00e3o, acrescentando um pequeno pux\u00e3o em seu p\u00eanis. Projetado com um estimulador clitoriano superior para ela conectado a uma bala forte que fornece dez configura\u00e7\u00f5es de vibra\u00e7\u00e3o, este intensificador de silicone supermacio certamente ajudar\u00e1 voc\u00ea a se sentir melhor. segurar e ela explodir! Insira uma \u00fanica bateria AAA, lubrifique-a com seu lubrificante \u00e0 base de \u00e1gua favorito e mergulhe! O design \u00e0 prova d\u00e1gua permite brincar no chuveiro, banheira ou spa e \u00e9 f\u00e1cil de limpar.<\/p>\n<p>\u00a0<\/p>\n<p><strong><u>CARACTER\u00cdSTICAS:<\/u><\/strong><\/p>\n<ul>\n<li>Fun\u00e7\u00e3o: 10 fun\u00e7\u00f5es de vibra\u00e7\u00e3o<\/li>\n<li>Alimenta\u00e7\u00e3o: 1 pilha AAA<\/li>\n<li>Material: silicone ABS<\/li>\n<li>Cor azul<\/li>\n<li>Tamanho da embalagem (mm): 210*110*70<\/li>\n<\/ul>\n<p>\u00a0<\/p>\n<p>A Pretty Love fabrica produtos de alta qualidade. Todos os produtos s\u00e3o projetados nos Estados Unidos e t\u00eam garantia de 1 ano contra defeitos t\u00e9cnicos. O prazer est\u00e1 garantido!<\/p>\n","protected":false},"excerpt":{"rendered":"<p>PRETTY LOVE &#8211; REMINGTON ANEL VIBRADOR DUPLO COM PLUG AZUL<\/p>\n","protected":false},"featured_media":64450,"template":"","meta":{"_acf_changed":false},"product_brand":[],"product_cat":[17,59,60],"product_tag":[],"class_list":{"0":"post-48766","1":"product","2":"type-product","3":"status-publish","4":"has-post-thumbnail","6":"product_cat-brinquedos-de-bem-estar-sexual","7":"product_cat-para-casais","8":"product_cat-para-eles","9":"yith_product_brand-pretty-love","10":"yith_product_brand-pretty-lovepretty-love-male","12":"first","13":"instock","14":"taxable","15":"shipping-taxable","16":"purchasable","17":"product-type-simple"},"acf":[],"yoast_head":"<!-- This site is optimized with the Yoast SEO plugin v27.4 - https:\/\/yoast.com\/product\/yoast-seo-wordpress\/ -->\n<title>PRETTY LOVE - REMINGTON ANEL VIBRADOR DUPLO COM PLUG AZUL - Lovme<\/title>\n<meta name=\"robots\" content=\"index, follow, max-snippet:-1, max-image-preview:large, max-video-preview:-1\" \/>\n<link rel=\"canonical\" href=\"https:\/\/lovme.pt\/index.php\/produto\/pretty-love-remington-anel-vibrador-duplo-com-plug-azul\/\" \/>\n<meta property=\"og:locale\" content=\"pt_PT\" \/>\n<meta property=\"og:type\" content=\"article\" \/>\n<meta property=\"og:title\" content=\"PRETTY LOVE - REMINGTON ANEL VIBRADOR DUPLO COM PLUG AZUL - Lovme\" \/>\n<meta property=\"og:description\" content=\"PRETTY LOVE - REMINGTON ANEL VIBRADOR DUPLO COM PLUG AZUL\" \/>\n<meta property=\"og:url\" content=\"https:\/\/lovme.pt\/index.php\/produto\/pretty-love-remington-anel-vibrador-duplo-com-plug-azul\/\" \/>\n<meta property=\"og:site_name\" content=\"Lovme\" \/>\n<meta property=\"article:modified_time\" content=\"2026-02-19T20:07:00+00:00\" \/>\n<meta property=\"og:image\" content=\"https:\/\/erki24nd3ub.exactdn.com\/wp-content\/uploads\/dream\/img\/img_180666_10783a134bd722de31fd4cb9417048ed_1.jpg?strip=all\" \/>\n\t<meta property=\"og:image:width\" content=\"800\" \/>\n\t<meta property=\"og:image:height\" content=\"800\" \/>\n\t<meta property=\"og:image:type\" content=\"image\/jpeg\" \/>\n<meta name=\"twitter:card\" content=\"summary_large_image\" \/>\n<meta name=\"twitter:label1\" content=\"Tempo estimado de leitura\" \/>\n\t<meta name=\"twitter:data1\" content=\"1 minuto\" \/>\n<script type=\"application\/ld+json\" class=\"yoast-schema-graph\">{\"@context\":\"https:\\\/\\\/schema.org\",\"@graph\":[{\"@type\":\"WebPage\",\"@id\":\"https:\\\/\\\/lovme.pt\\\/index.php\\\/produto\\\/pretty-love-remington-anel-vibrador-duplo-com-plug-azul\\\/\",\"url\":\"https:\\\/\\\/lovme.pt\\\/index.php\\\/produto\\\/pretty-love-remington-anel-vibrador-duplo-com-plug-azul\\\/\",\"name\":\"PRETTY LOVE - REMINGTON ANEL VIBRADOR DUPLO COM PLUG AZUL - Lovme\",\"isPartOf\":{\"@id\":\"https:\\\/\\\/lovme.pt\\\/#website\"},\"primaryImageOfPage\":{\"@id\":\"https:\\\/\\\/lovme.pt\\\/index.php\\\/produto\\\/pretty-love-remington-anel-vibrador-duplo-com-plug-azul\\\/#primaryimage\"},\"image\":{\"@id\":\"https:\\\/\\\/lovme.pt\\\/index.php\\\/produto\\\/pretty-love-remington-anel-vibrador-duplo-com-plug-azul\\\/#primaryimage\"},\"thumbnailUrl\":\"https:\\\/\\\/erki24nd3ub.exactdn.com\\\/wp-content\\\/uploads\\\/dream\\\/img\\\/img_180666_10783a134bd722de31fd4cb9417048ed_1.jpg?strip=all\",\"datePublished\":\"2025-09-30T10:14:01+00:00\",\"dateModified\":\"2026-02-19T20:07:00+00:00\",\"breadcrumb\":{\"@id\":\"https:\\\/\\\/lovme.pt\\\/index.php\\\/produto\\\/pretty-love-remington-anel-vibrador-duplo-com-plug-azul\\\/#breadcrumb\"},\"inLanguage\":\"pt-PT\",\"potentialAction\":[{\"@type\":\"ReadAction\",\"target\":[\"https:\\\/\\\/lovme.pt\\\/index.php\\\/produto\\\/pretty-love-remington-anel-vibrador-duplo-com-plug-azul\\\/\"]}]},{\"@type\":\"ImageObject\",\"inLanguage\":\"pt-PT\",\"@id\":\"https:\\\/\\\/lovme.pt\\\/index.php\\\/produto\\\/pretty-love-remington-anel-vibrador-duplo-com-plug-azul\\\/#primaryimage\",\"url\":\"https:\\\/\\\/erki24nd3ub.exactdn.com\\\/wp-content\\\/uploads\\\/dream\\\/img\\\/img_180666_10783a134bd722de31fd4cb9417048ed_1.jpg?strip=all\",\"contentUrl\":\"https:\\\/\\\/erki24nd3ub.exactdn.com\\\/wp-content\\\/uploads\\\/dream\\\/img\\\/img_180666_10783a134bd722de31fd4cb9417048ed_1.jpg?strip=all\",\"width\":800,\"height\":800},{\"@type\":\"BreadcrumbList\",\"@id\":\"https:\\\/\\\/lovme.pt\\\/index.php\\\/produto\\\/pretty-love-remington-anel-vibrador-duplo-com-plug-azul\\\/#breadcrumb\",\"itemListElement\":[{\"@type\":\"ListItem\",\"position\":1,\"name\":\"In\u00edcio\",\"item\":\"https:\\\/\\\/lovme.pt\\\/\"},{\"@type\":\"ListItem\",\"position\":2,\"name\":\"Loja\",\"item\":\"https:\\\/\\\/lovme.pt\\\/index.php\\\/loja\\\/\"},{\"@type\":\"ListItem\",\"position\":3,\"name\":\"PRETTY LOVE &#8211; REMINGTON ANEL VIBRADOR DUPLO COM PLUG AZUL\"}]},{\"@type\":\"WebSite\",\"@id\":\"https:\\\/\\\/lovme.pt\\\/#website\",\"url\":\"https:\\\/\\\/lovme.pt\\\/\",\"name\":\"Lovme Loja Er\u00f3tica N\u00ba1 em Portugal\",\"description\":\"A melhor loja er\u00f3tica de Portugal.\",\"alternateName\":\"Loja Er\u00f3tica Lovme\",\"potentialAction\":[{\"@type\":\"SearchAction\",\"target\":{\"@type\":\"EntryPoint\",\"urlTemplate\":\"https:\\\/\\\/lovme.pt\\\/?s={search_term_string}\"},\"query-input\":{\"@type\":\"PropertyValueSpecification\",\"valueRequired\":true,\"valueName\":\"search_term_string\"}}],\"inLanguage\":\"pt-PT\"}]}<\/script>\n<!-- \/ Yoast SEO plugin. -->","yoast_head_json":{"title":"PRETTY LOVE - REMINGTON ANEL VIBRADOR DUPLO COM PLUG AZUL - Lovme","robots":{"index":"index","follow":"follow","max-snippet":"max-snippet:-1","max-image-preview":"max-image-preview:large","max-video-preview":"max-video-preview:-1"},"canonical":"https:\/\/lovme.pt\/index.php\/produto\/pretty-love-remington-anel-vibrador-duplo-com-plug-azul\/","og_locale":"pt_PT","og_type":"article","og_title":"PRETTY LOVE - REMINGTON ANEL VIBRADOR DUPLO COM PLUG AZUL - Lovme","og_description":"PRETTY LOVE - REMINGTON ANEL VIBRADOR DUPLO COM PLUG AZUL","og_url":"https:\/\/lovme.pt\/index.php\/produto\/pretty-love-remington-anel-vibrador-duplo-com-plug-azul\/","og_site_name":"Lovme","article_modified_time":"2026-02-19T20:07:00+00:00","og_image":[{"width":800,"height":800,"url":"https:\/\/erki24nd3ub.exactdn.com\/wp-content\/uploads\/dream\/img\/img_180666_10783a134bd722de31fd4cb9417048ed_1.jpg?strip=all","type":"image\/jpeg"}],"twitter_card":"summary_large_image","twitter_misc":{"Tempo estimado de leitura":"1 minuto"},"schema":{"@context":"https:\/\/schema.org","@graph":[{"@type":"WebPage","@id":"https:\/\/lovme.pt\/index.php\/produto\/pretty-love-remington-anel-vibrador-duplo-com-plug-azul\/","url":"https:\/\/lovme.pt\/index.php\/produto\/pretty-love-remington-anel-vibrador-duplo-com-plug-azul\/","name":"PRETTY LOVE - REMINGTON ANEL VIBRADOR DUPLO COM PLUG AZUL - Lovme","isPartOf":{"@id":"https:\/\/lovme.pt\/#website"},"primaryImageOfPage":{"@id":"https:\/\/lovme.pt\/index.php\/produto\/pretty-love-remington-anel-vibrador-duplo-com-plug-azul\/#primaryimage"},"image":{"@id":"https:\/\/lovme.pt\/index.php\/produto\/pretty-love-remington-anel-vibrador-duplo-com-plug-azul\/#primaryimage"},"thumbnailUrl":"https:\/\/erki24nd3ub.exactdn.com\/wp-content\/uploads\/dream\/img\/img_180666_10783a134bd722de31fd4cb9417048ed_1.jpg?strip=all","datePublished":"2025-09-30T10:14:01+00:00","dateModified":"2026-02-19T20:07:00+00:00","breadcrumb":{"@id":"https:\/\/lovme.pt\/index.php\/produto\/pretty-love-remington-anel-vibrador-duplo-com-plug-azul\/#breadcrumb"},"inLanguage":"pt-PT","potentialAction":[{"@type":"ReadAction","target":["https:\/\/lovme.pt\/index.php\/produto\/pretty-love-remington-anel-vibrador-duplo-com-plug-azul\/"]}]},{"@type":"ImageObject","inLanguage":"pt-PT","@id":"https:\/\/lovme.pt\/index.php\/produto\/pretty-love-remington-anel-vibrador-duplo-com-plug-azul\/#primaryimage","url":"https:\/\/erki24nd3ub.exactdn.com\/wp-content\/uploads\/dream\/img\/img_180666_10783a134bd722de31fd4cb9417048ed_1.jpg?strip=all","contentUrl":"https:\/\/erki24nd3ub.exactdn.com\/wp-content\/uploads\/dream\/img\/img_180666_10783a134bd722de31fd4cb9417048ed_1.jpg?strip=all","width":800,"height":800},{"@type":"BreadcrumbList","@id":"https:\/\/lovme.pt\/index.php\/produto\/pretty-love-remington-anel-vibrador-duplo-com-plug-azul\/#breadcrumb","itemListElement":[{"@type":"ListItem","position":1,"name":"In\u00edcio","item":"https:\/\/lovme.pt\/"},{"@type":"ListItem","position":2,"name":"Loja","item":"https:\/\/lovme.pt\/index.php\/loja\/"},{"@type":"ListItem","position":3,"name":"PRETTY LOVE &#8211; REMINGTON ANEL VIBRADOR DUPLO COM PLUG AZUL"}]},{"@type":"WebSite","@id":"https:\/\/lovme.pt\/#website","url":"https:\/\/lovme.pt\/","name":"Lovme Loja Er\u00f3tica N\u00ba1 em Portugal","description":"A melhor loja er\u00f3tica de Portugal.","alternateName":"Loja Er\u00f3tica Lovme","potentialAction":[{"@type":"SearchAction","target":{"@type":"EntryPoint","urlTemplate":"https:\/\/lovme.pt\/?s={search_term_string}"},"query-input":{"@type":"PropertyValueSpecification","valueRequired":true,"valueName":"search_term_string"}}],"inLanguage":"pt-PT"}]}},"_links":{"self":[{"href":"https:\/\/lovme.pt\/index.php\/wp-json\/wp\/v2\/product\/48766","targetHints":{"allow":["GET"]}}],"collection":[{"href":"https:\/\/lovme.pt\/index.php\/wp-json\/wp\/v2\/product"}],"about":[{"href":"https:\/\/lovme.pt\/index.php\/wp-json\/wp\/v2\/types\/product"}],"wp:featuredmedia":[{"embeddable":true,"href":"https:\/\/lovme.pt\/index.php\/wp-json\/wp\/v2\/media\/64450"}],"wp:attachment":[{"href":"https:\/\/lovme.pt\/index.php\/wp-json\/wp\/v2\/media?parent=48766"}],"wp:term":[{"taxonomy":"product_brand","embeddable":true,"href":"https:\/\/lovme.pt\/index.php\/wp-json\/wp\/v2\/product_brand?post=48766"},{"taxonomy":"product_cat","embeddable":true,"href":"https:\/\/lovme.pt\/index.php\/wp-json\/wp\/v2\/product_cat?post=48766"},{"taxonomy":"product_tag","embeddable":true,"href":"https:\/\/lovme.pt\/index.php\/wp-json\/wp\/v2\/product_tag?post=48766"}],"curies":[{"name":"wp","href":"https:\/\/api.w.org\/{rel}","templated":true}]}}