{"id":48747,"date":"2025-09-30T10:13:56","date_gmt":"2025-09-30T10:13:56","guid":{"rendered":"https:\/\/lovme.pt\/?post_type=product&p=48747"},"modified":"2026-02-19T20:07:00","modified_gmt":"2026-02-19T20:07:00","slug":"pretty-love-mat-anel-duplo-com-vibrao-e-estimulador-azul","status":"publish","type":"product","link":"https:\/\/lovme.pt\/index.php\/produto\/pretty-love-mat-anel-duplo-com-vibrao-e-estimulador-azul\/","title":{"rendered":"PRETTY LOVE &#8211; MAT ANEL DUPLO COM VIBRAO E ESTIMULADOR AZUL"},"content":{"rendered":"<p>Este incr\u00edvel brinquedo adulto para casais apresenta um anel de silicone forte, por\u00e9m el\u00e1stico, que se ajusta tanto \u00e0 haste quanto \u00e0s bolas para mant\u00ea-lo duro por mais tempo e foi projetado para mant\u00ea-lo firme. Voc\u00ea estar\u00e1 cercado de estimuladores especialmente projetados para o seu parceiro desfrutar. A cabe\u00e7a \u00e9 coberta por dezenas de cerdas que fazem c\u00f3cegas e o nariz do golfinho proporcionar\u00e1 sensa\u00e7\u00f5es adicionais para estimula\u00e7\u00e3o do clit\u00f3ris. Com apenas um toque no bot\u00e3o liga \/ desliga, voc\u00ea pode lig\u00e1-lo. Passe por 10 modos de vibra\u00e7\u00e3o silenciosos que voc\u00eas dois podem sentir, exatamente onde precisam que as boas vibra\u00e7\u00f5es estejam.<\/p>\n<p>\u00a0<\/p>\n<p><strong><u>CARACTER\u00cdSTICAS:<\/u><\/strong><\/p>\n<ul>\n<li>Fun\u00e7\u00e3o: 10 fun\u00e7\u00f5es de vibra\u00e7\u00e3o<\/li>\n<li>Alimenta\u00e7\u00e3o: 1 pilha AAA<\/li>\n<li>Material: silicone ABS<\/li>\n<li>Cor azul<\/li>\n<li>Tamanho da embalagem (mm): 150*95*60<\/li>\n<\/ul>\n<p>\u00a0<\/p>\n<p>A Pretty Love fabrica produtos de alta qualidade. T\u00eam garantia de 1 ano contra defeitos t\u00e9cnicos.<\/p>\n","protected":false},"excerpt":{"rendered":"<p>PRETTY LOVE &#8211; MAT ANEL DUPLO COM VIBRAO E ESTIMULADOR AZUL<\/p>\n","protected":false},"featured_media":64420,"template":"","meta":{"_acf_changed":false},"product_brand":[],"product_cat":[17,59,60],"product_tag":[],"class_list":{"0":"post-48747","1":"product","2":"type-product","3":"status-publish","4":"has-post-thumbnail","6":"product_cat-brinquedos-de-bem-estar-sexual","7":"product_cat-para-casais","8":"product_cat-para-eles","9":"yith_product_brand-pretty-love","10":"yith_product_brand-pretty-lovepretty-love-male","12":"first","13":"instock","14":"taxable","15":"shipping-taxable","16":"purchasable","17":"product-type-simple"},"acf":[],"yoast_head":"<!-- This site is optimized with the Yoast SEO plugin v27.4 - https:\/\/yoast.com\/product\/yoast-seo-wordpress\/ -->\n<title>PRETTY LOVE - MAT ANEL DUPLO COM VIBRAO E ESTIMULADOR AZUL - Lovme<\/title>\n<meta name=\"robots\" content=\"index, follow, max-snippet:-1, max-image-preview:large, max-video-preview:-1\" \/>\n<link rel=\"canonical\" href=\"https:\/\/lovme.pt\/index.php\/produto\/pretty-love-mat-anel-duplo-com-vibrao-e-estimulador-azul\/\" \/>\n<meta property=\"og:locale\" content=\"pt_PT\" \/>\n<meta property=\"og:type\" content=\"article\" \/>\n<meta property=\"og:title\" content=\"PRETTY LOVE - MAT ANEL DUPLO COM VIBRAO E ESTIMULADOR AZUL - Lovme\" \/>\n<meta property=\"og:description\" content=\"PRETTY LOVE - MAT ANEL DUPLO COM VIBRAO E ESTIMULADOR AZUL\" \/>\n<meta property=\"og:url\" content=\"https:\/\/lovme.pt\/index.php\/produto\/pretty-love-mat-anel-duplo-com-vibrao-e-estimulador-azul\/\" \/>\n<meta property=\"og:site_name\" content=\"Lovme\" \/>\n<meta property=\"article:modified_time\" content=\"2026-02-19T20:07:00+00:00\" \/>\n<meta property=\"og:image\" content=\"https:\/\/erki24nd3ub.exactdn.com\/wp-content\/uploads\/dream\/img\/img_180361_38d0d398fcb5ab4509b1e3f970c93100_1.jpg?strip=all\" \/>\n\t<meta property=\"og:image:width\" content=\"800\" \/>\n\t<meta property=\"og:image:height\" content=\"800\" \/>\n\t<meta property=\"og:image:type\" content=\"image\/jpeg\" \/>\n<meta name=\"twitter:card\" content=\"summary_large_image\" \/>\n<meta name=\"twitter:label1\" content=\"Tempo estimado de leitura\" \/>\n\t<meta name=\"twitter:data1\" content=\"1 minuto\" \/>\n<script type=\"application\/ld+json\" class=\"yoast-schema-graph\">{\"@context\":\"https:\\\/\\\/schema.org\",\"@graph\":[{\"@type\":\"WebPage\",\"@id\":\"https:\\\/\\\/lovme.pt\\\/index.php\\\/produto\\\/pretty-love-mat-anel-duplo-com-vibrao-e-estimulador-azul\\\/\",\"url\":\"https:\\\/\\\/lovme.pt\\\/index.php\\\/produto\\\/pretty-love-mat-anel-duplo-com-vibrao-e-estimulador-azul\\\/\",\"name\":\"PRETTY LOVE - MAT ANEL DUPLO COM VIBRAO E ESTIMULADOR AZUL - Lovme\",\"isPartOf\":{\"@id\":\"https:\\\/\\\/lovme.pt\\\/#website\"},\"primaryImageOfPage\":{\"@id\":\"https:\\\/\\\/lovme.pt\\\/index.php\\\/produto\\\/pretty-love-mat-anel-duplo-com-vibrao-e-estimulador-azul\\\/#primaryimage\"},\"image\":{\"@id\":\"https:\\\/\\\/lovme.pt\\\/index.php\\\/produto\\\/pretty-love-mat-anel-duplo-com-vibrao-e-estimulador-azul\\\/#primaryimage\"},\"thumbnailUrl\":\"https:\\\/\\\/erki24nd3ub.exactdn.com\\\/wp-content\\\/uploads\\\/dream\\\/img\\\/img_180361_38d0d398fcb5ab4509b1e3f970c93100_1.jpg?strip=all\",\"datePublished\":\"2025-09-30T10:13:56+00:00\",\"dateModified\":\"2026-02-19T20:07:00+00:00\",\"breadcrumb\":{\"@id\":\"https:\\\/\\\/lovme.pt\\\/index.php\\\/produto\\\/pretty-love-mat-anel-duplo-com-vibrao-e-estimulador-azul\\\/#breadcrumb\"},\"inLanguage\":\"pt-PT\",\"potentialAction\":[{\"@type\":\"ReadAction\",\"target\":[\"https:\\\/\\\/lovme.pt\\\/index.php\\\/produto\\\/pretty-love-mat-anel-duplo-com-vibrao-e-estimulador-azul\\\/\"]}]},{\"@type\":\"ImageObject\",\"inLanguage\":\"pt-PT\",\"@id\":\"https:\\\/\\\/lovme.pt\\\/index.php\\\/produto\\\/pretty-love-mat-anel-duplo-com-vibrao-e-estimulador-azul\\\/#primaryimage\",\"url\":\"https:\\\/\\\/erki24nd3ub.exactdn.com\\\/wp-content\\\/uploads\\\/dream\\\/img\\\/img_180361_38d0d398fcb5ab4509b1e3f970c93100_1.jpg?strip=all\",\"contentUrl\":\"https:\\\/\\\/erki24nd3ub.exactdn.com\\\/wp-content\\\/uploads\\\/dream\\\/img\\\/img_180361_38d0d398fcb5ab4509b1e3f970c93100_1.jpg?strip=all\",\"width\":800,\"height\":800},{\"@type\":\"BreadcrumbList\",\"@id\":\"https:\\\/\\\/lovme.pt\\\/index.php\\\/produto\\\/pretty-love-mat-anel-duplo-com-vibrao-e-estimulador-azul\\\/#breadcrumb\",\"itemListElement\":[{\"@type\":\"ListItem\",\"position\":1,\"name\":\"In\u00edcio\",\"item\":\"https:\\\/\\\/lovme.pt\\\/\"},{\"@type\":\"ListItem\",\"position\":2,\"name\":\"Loja\",\"item\":\"https:\\\/\\\/lovme.pt\\\/index.php\\\/loja\\\/\"},{\"@type\":\"ListItem\",\"position\":3,\"name\":\"PRETTY LOVE &#8211; MAT ANEL DUPLO COM VIBRAO E ESTIMULADOR AZUL\"}]},{\"@type\":\"WebSite\",\"@id\":\"https:\\\/\\\/lovme.pt\\\/#website\",\"url\":\"https:\\\/\\\/lovme.pt\\\/\",\"name\":\"Lovme Loja Er\u00f3tica N\u00ba1 em Portugal\",\"description\":\"A melhor loja er\u00f3tica de Portugal.\",\"alternateName\":\"Loja Er\u00f3tica Lovme\",\"potentialAction\":[{\"@type\":\"SearchAction\",\"target\":{\"@type\":\"EntryPoint\",\"urlTemplate\":\"https:\\\/\\\/lovme.pt\\\/?s={search_term_string}\"},\"query-input\":{\"@type\":\"PropertyValueSpecification\",\"valueRequired\":true,\"valueName\":\"search_term_string\"}}],\"inLanguage\":\"pt-PT\"}]}<\/script>\n<!-- \/ Yoast SEO plugin. -->","yoast_head_json":{"title":"PRETTY LOVE - MAT ANEL DUPLO COM VIBRAO E ESTIMULADOR AZUL - Lovme","robots":{"index":"index","follow":"follow","max-snippet":"max-snippet:-1","max-image-preview":"max-image-preview:large","max-video-preview":"max-video-preview:-1"},"canonical":"https:\/\/lovme.pt\/index.php\/produto\/pretty-love-mat-anel-duplo-com-vibrao-e-estimulador-azul\/","og_locale":"pt_PT","og_type":"article","og_title":"PRETTY LOVE - MAT ANEL DUPLO COM VIBRAO E ESTIMULADOR AZUL - Lovme","og_description":"PRETTY LOVE - MAT ANEL DUPLO COM VIBRAO E ESTIMULADOR AZUL","og_url":"https:\/\/lovme.pt\/index.php\/produto\/pretty-love-mat-anel-duplo-com-vibrao-e-estimulador-azul\/","og_site_name":"Lovme","article_modified_time":"2026-02-19T20:07:00+00:00","og_image":[{"width":800,"height":800,"url":"https:\/\/erki24nd3ub.exactdn.com\/wp-content\/uploads\/dream\/img\/img_180361_38d0d398fcb5ab4509b1e3f970c93100_1.jpg?strip=all","type":"image\/jpeg"}],"twitter_card":"summary_large_image","twitter_misc":{"Tempo estimado de leitura":"1 minuto"},"schema":{"@context":"https:\/\/schema.org","@graph":[{"@type":"WebPage","@id":"https:\/\/lovme.pt\/index.php\/produto\/pretty-love-mat-anel-duplo-com-vibrao-e-estimulador-azul\/","url":"https:\/\/lovme.pt\/index.php\/produto\/pretty-love-mat-anel-duplo-com-vibrao-e-estimulador-azul\/","name":"PRETTY LOVE - MAT ANEL DUPLO COM VIBRAO E ESTIMULADOR AZUL - Lovme","isPartOf":{"@id":"https:\/\/lovme.pt\/#website"},"primaryImageOfPage":{"@id":"https:\/\/lovme.pt\/index.php\/produto\/pretty-love-mat-anel-duplo-com-vibrao-e-estimulador-azul\/#primaryimage"},"image":{"@id":"https:\/\/lovme.pt\/index.php\/produto\/pretty-love-mat-anel-duplo-com-vibrao-e-estimulador-azul\/#primaryimage"},"thumbnailUrl":"https:\/\/erki24nd3ub.exactdn.com\/wp-content\/uploads\/dream\/img\/img_180361_38d0d398fcb5ab4509b1e3f970c93100_1.jpg?strip=all","datePublished":"2025-09-30T10:13:56+00:00","dateModified":"2026-02-19T20:07:00+00:00","breadcrumb":{"@id":"https:\/\/lovme.pt\/index.php\/produto\/pretty-love-mat-anel-duplo-com-vibrao-e-estimulador-azul\/#breadcrumb"},"inLanguage":"pt-PT","potentialAction":[{"@type":"ReadAction","target":["https:\/\/lovme.pt\/index.php\/produto\/pretty-love-mat-anel-duplo-com-vibrao-e-estimulador-azul\/"]}]},{"@type":"ImageObject","inLanguage":"pt-PT","@id":"https:\/\/lovme.pt\/index.php\/produto\/pretty-love-mat-anel-duplo-com-vibrao-e-estimulador-azul\/#primaryimage","url":"https:\/\/erki24nd3ub.exactdn.com\/wp-content\/uploads\/dream\/img\/img_180361_38d0d398fcb5ab4509b1e3f970c93100_1.jpg?strip=all","contentUrl":"https:\/\/erki24nd3ub.exactdn.com\/wp-content\/uploads\/dream\/img\/img_180361_38d0d398fcb5ab4509b1e3f970c93100_1.jpg?strip=all","width":800,"height":800},{"@type":"BreadcrumbList","@id":"https:\/\/lovme.pt\/index.php\/produto\/pretty-love-mat-anel-duplo-com-vibrao-e-estimulador-azul\/#breadcrumb","itemListElement":[{"@type":"ListItem","position":1,"name":"In\u00edcio","item":"https:\/\/lovme.pt\/"},{"@type":"ListItem","position":2,"name":"Loja","item":"https:\/\/lovme.pt\/index.php\/loja\/"},{"@type":"ListItem","position":3,"name":"PRETTY LOVE &#8211; MAT ANEL DUPLO COM VIBRAO E ESTIMULADOR AZUL"}]},{"@type":"WebSite","@id":"https:\/\/lovme.pt\/#website","url":"https:\/\/lovme.pt\/","name":"Lovme Loja Er\u00f3tica N\u00ba1 em Portugal","description":"A melhor loja er\u00f3tica de Portugal.","alternateName":"Loja Er\u00f3tica Lovme","potentialAction":[{"@type":"SearchAction","target":{"@type":"EntryPoint","urlTemplate":"https:\/\/lovme.pt\/?s={search_term_string}"},"query-input":{"@type":"PropertyValueSpecification","valueRequired":true,"valueName":"search_term_string"}}],"inLanguage":"pt-PT"}]}},"_links":{"self":[{"href":"https:\/\/lovme.pt\/index.php\/wp-json\/wp\/v2\/product\/48747","targetHints":{"allow":["GET"]}}],"collection":[{"href":"https:\/\/lovme.pt\/index.php\/wp-json\/wp\/v2\/product"}],"about":[{"href":"https:\/\/lovme.pt\/index.php\/wp-json\/wp\/v2\/types\/product"}],"wp:featuredmedia":[{"embeddable":true,"href":"https:\/\/lovme.pt\/index.php\/wp-json\/wp\/v2\/media\/64420"}],"wp:attachment":[{"href":"https:\/\/lovme.pt\/index.php\/wp-json\/wp\/v2\/media?parent=48747"}],"wp:term":[{"taxonomy":"product_brand","embeddable":true,"href":"https:\/\/lovme.pt\/index.php\/wp-json\/wp\/v2\/product_brand?post=48747"},{"taxonomy":"product_cat","embeddable":true,"href":"https:\/\/lovme.pt\/index.php\/wp-json\/wp\/v2\/product_cat?post=48747"},{"taxonomy":"product_tag","embeddable":true,"href":"https:\/\/lovme.pt\/index.php\/wp-json\/wp\/v2\/product_tag?post=48747"}],"curies":[{"name":"wp","href":"https:\/\/api.w.org\/{rel}","templated":true}]}}