{"id":48595,"date":"2025-09-30T22:01:51","date_gmt":"2025-09-30T22:01:51","guid":{"rendered":"https:\/\/lovme.pt\/?post_type=product&p=48595"},"modified":"2026-02-19T20:09:02","modified_gmt":"2026-02-19T20:09:02","slug":"satisfyer-love-birds-2-bolas-de-kegel-vibrantes-aplicativo-gratuito","status":"publish","type":"product","link":"https:\/\/lovme.pt\/index.php\/produto\/satisfyer-love-birds-2-bolas-de-kegel-vibrantes-aplicativo-gratuito\/","title":{"rendered":"SATISFYER &#8211; LOVE BIRDS 2 BOLAS DE KEGEL VIBRANTES + APLICATIVO GRATUITO"},"content":{"rendered":"<p>As vibra\u00e7\u00f5es profundas das bolas n\u00e3o s\u00f3 estimulam o ponto G, mas tamb\u00e9m fortalecem o assoalho p\u00e9lvico. Os <strong>Love Birds 2<\/strong> s\u00e3o feitos de silicone macio e podem ser controlados tanto pelo aplicativo quanto pelo controle remoto inclu\u00eddo.<\/p>\n<ul>\n<li>Compat\u00edvel com o aplicativo gratuito Satisfyer &#8211; dispon\u00edvel para iOS e Android<\/li>\n<li>O treinamento do assoalho p\u00e9lvico fortalece os m\u00fasculos para orgasmos mais intensos<\/li>\n<li>O potente motor transmite ritmos intensos de vibra\u00e7\u00e3o por todo o brinquedo.<\/li>\n<\/ul>\n<p><strong>Satisfyer Love Birds 2: bolas vibrat\u00f3rias de Kegel<\/strong><\/p>\n<p>Feitos de silicone flex\u00edvel e adequado para a pele, os Love Birds 2 s\u00e3o f\u00e1ceis de inserir e segurar gra\u00e7as ao seu formato ergon\u00f4mico. Adaptam-se sem esfor\u00e7o \u00e0s curvas do seu corpo e tornam o treino do pavimento p\u00e9lvico o mais suave e confort\u00e1vel poss\u00edvel. Um total de 78,3 gramas ir\u00e1 mant\u00ea-lo ativo, enquanto a pulseira de recupera\u00e7\u00e3o promete seguran\u00e7a e divers\u00e3o sem preocupa\u00e7\u00f5es. Desfrute de 12 programas de vibra\u00e7\u00e3o fabulosos que foram criados exclusivamente para combinar o treino do pavimento p\u00e9lvico com o prazer er\u00f3tico. O seu ponto G tamb\u00e9m ser\u00e1 estimulado de uma forma emocionante! Love Birds 2 s\u00e3o f\u00e1ceis de controlar com o bot\u00e3o One Touch, o aplicativo gratuito Satisfyer Connect ou o controle remoto associado.<\/p>\n<p><strong>Felizmente, com controles de aplicativos: o Satisfyer Love Birds 2<\/strong><\/p>\n<p>O controle do app permite que voc\u00ea aproveite muitos outros benef\u00edcios: exerc\u00edcios para o assoalho p\u00e9lvico com vibra\u00e7\u00f5es ao ritmo da sua m\u00fasica favorita ou prefere salvar seu padr\u00e3o vibrat\u00f3rio pessoal e ativ\u00e1-lo quantas vezes quiser? Os Satisfyer Love Birds 2 s\u00e3o simplesmente perfeitos para quem j\u00e1 teve experi\u00eancia com bolas Kegel e quer enfrentar um novo e divertido desafio! E se os seus pombinhos j\u00e1 lhe deram alegria suficiente, voc\u00ea pode recarregar o Satisfyer Love Birds 2 gra\u00e7as ao cabo de carregamento USB inclu\u00eddo. As bolas vibrat\u00f3rias ter\u00e3o todo o prazer em acompanh\u00e1-lo na banheira ou no duche, pois s\u00e3o \u00e0 prova de \u00e1gua (IPX7).<\/p>\n<p><u><strong>CARACTER\u00cdSTICAS:<\/strong><\/u><\/p>\n<ul>\n<li>Garantia de 15 anos<\/li>\n<li>Silicone amigo do corpo<\/li>\n<li>Treinamento intensivo do assoalho p\u00e9lvico<\/li>\n<li>Com controle remoto sem fio<\/li>\n<li>Mais divers\u00e3o para homens e mulheres durante as rela\u00e7\u00f5es sexuais gra\u00e7as \u00e0s constri\u00e7\u00f5es musculares<\/li>\n<li>Seguro de usar gra\u00e7as ao loop de recupera\u00e7\u00e3o<\/li>\n<li>Tamb\u00e9m pode ser usado sem o aplicativo<\/li>\n<li>O aplicativo oferece uma gama infinita de programas<\/li>\n<li>Modo sussurro<\/li>\n<li>Bateria recarreg\u00e1vel de \u00edon de l\u00edtio<\/li>\n<li>Cabo de carregamento USB magn\u00e9tico inclu\u00eddo<\/li>\n<li>F\u00e1cil de limpar<\/li>\n<\/ul>\n","protected":false},"excerpt":{"rendered":"<p>SATISFYER &#8211; LOVE BIRDS 2 BOLAS DE KEGEL VIBRANTES + APLICATIVO GRATUITO<\/p>\n","protected":false},"featured_media":73142,"template":"","meta":{"_acf_changed":false},"product_brand":[],"product_cat":[54,17,61],"product_tag":[],"class_list":{"0":"post-48595","1":"product","2":"type-product","3":"status-publish","4":"has-post-thumbnail","6":"product_cat-bolas-chinesas","7":"product_cat-brinquedos-de-bem-estar-sexual","8":"product_cat-para-elas","9":"yith_product_brand-satisfyer","10":"yith_product_brand-satisfyer-satisfyer-balls","12":"first","13":"instock","14":"taxable","15":"shipping-taxable","16":"purchasable","17":"product-type-simple"},"acf":[],"yoast_head":"<!-- This site is optimized with the Yoast SEO plugin v27.4 - https:\/\/yoast.com\/product\/yoast-seo-wordpress\/ -->\n<title>SATISFYER - LOVE BIRDS 2 BOLAS DE KEGEL VIBRANTES + APLICATIVO GRATUITO - Lovme<\/title>\n<meta name=\"robots\" content=\"index, follow, max-snippet:-1, max-image-preview:large, max-video-preview:-1\" \/>\n<link rel=\"canonical\" href=\"https:\/\/lovme.pt\/index.php\/produto\/satisfyer-love-birds-2-bolas-de-kegel-vibrantes-aplicativo-gratuito\/\" \/>\n<meta property=\"og:locale\" content=\"pt_PT\" \/>\n<meta property=\"og:type\" content=\"article\" \/>\n<meta property=\"og:title\" content=\"SATISFYER - LOVE BIRDS 2 BOLAS DE KEGEL VIBRANTES + APLICATIVO GRATUITO - Lovme\" \/>\n<meta property=\"og:description\" content=\"SATISFYER - LOVE BIRDS 2 BOLAS DE KEGEL VIBRANTES + APLICATIVO GRATUITO\" \/>\n<meta property=\"og:url\" content=\"https:\/\/lovme.pt\/index.php\/produto\/satisfyer-love-birds-2-bolas-de-kegel-vibrantes-aplicativo-gratuito\/\" \/>\n<meta property=\"og:site_name\" content=\"Lovme\" \/>\n<meta property=\"article:modified_time\" content=\"2026-02-19T20:09:02+00:00\" \/>\n<meta property=\"og:image\" content=\"https:\/\/erki24nd3ub.exactdn.com\/wp-content\/uploads\/dream\/img\/img_178388_068b31e319746fef68b3a2367c1ab9db_1.jpg?strip=all\" \/>\n\t<meta property=\"og:image:width\" content=\"800\" \/>\n\t<meta property=\"og:image:height\" content=\"800\" \/>\n\t<meta property=\"og:image:type\" content=\"image\/jpeg\" \/>\n<meta name=\"twitter:card\" content=\"summary_large_image\" \/>\n<meta name=\"twitter:label1\" content=\"Tempo estimado de leitura\" \/>\n\t<meta name=\"twitter:data1\" content=\"2 minutos\" \/>\n<script type=\"application\/ld+json\" class=\"yoast-schema-graph\">{\"@context\":\"https:\\\/\\\/schema.org\",\"@graph\":[{\"@type\":\"WebPage\",\"@id\":\"https:\\\/\\\/lovme.pt\\\/index.php\\\/produto\\\/satisfyer-love-birds-2-bolas-de-kegel-vibrantes-aplicativo-gratuito\\\/\",\"url\":\"https:\\\/\\\/lovme.pt\\\/index.php\\\/produto\\\/satisfyer-love-birds-2-bolas-de-kegel-vibrantes-aplicativo-gratuito\\\/\",\"name\":\"SATISFYER - LOVE BIRDS 2 BOLAS DE KEGEL VIBRANTES + APLICATIVO GRATUITO - Lovme\",\"isPartOf\":{\"@id\":\"https:\\\/\\\/lovme.pt\\\/#website\"},\"primaryImageOfPage\":{\"@id\":\"https:\\\/\\\/lovme.pt\\\/index.php\\\/produto\\\/satisfyer-love-birds-2-bolas-de-kegel-vibrantes-aplicativo-gratuito\\\/#primaryimage\"},\"image\":{\"@id\":\"https:\\\/\\\/lovme.pt\\\/index.php\\\/produto\\\/satisfyer-love-birds-2-bolas-de-kegel-vibrantes-aplicativo-gratuito\\\/#primaryimage\"},\"thumbnailUrl\":\"https:\\\/\\\/erki24nd3ub.exactdn.com\\\/wp-content\\\/uploads\\\/dream\\\/img\\\/img_178388_068b31e319746fef68b3a2367c1ab9db_1.jpg?strip=all\",\"datePublished\":\"2025-09-30T22:01:51+00:00\",\"dateModified\":\"2026-02-19T20:09:02+00:00\",\"breadcrumb\":{\"@id\":\"https:\\\/\\\/lovme.pt\\\/index.php\\\/produto\\\/satisfyer-love-birds-2-bolas-de-kegel-vibrantes-aplicativo-gratuito\\\/#breadcrumb\"},\"inLanguage\":\"pt-PT\",\"potentialAction\":[{\"@type\":\"ReadAction\",\"target\":[\"https:\\\/\\\/lovme.pt\\\/index.php\\\/produto\\\/satisfyer-love-birds-2-bolas-de-kegel-vibrantes-aplicativo-gratuito\\\/\"]}]},{\"@type\":\"ImageObject\",\"inLanguage\":\"pt-PT\",\"@id\":\"https:\\\/\\\/lovme.pt\\\/index.php\\\/produto\\\/satisfyer-love-birds-2-bolas-de-kegel-vibrantes-aplicativo-gratuito\\\/#primaryimage\",\"url\":\"https:\\\/\\\/erki24nd3ub.exactdn.com\\\/wp-content\\\/uploads\\\/dream\\\/img\\\/img_178388_068b31e319746fef68b3a2367c1ab9db_1.jpg?strip=all\",\"contentUrl\":\"https:\\\/\\\/erki24nd3ub.exactdn.com\\\/wp-content\\\/uploads\\\/dream\\\/img\\\/img_178388_068b31e319746fef68b3a2367c1ab9db_1.jpg?strip=all\",\"width\":800,\"height\":800},{\"@type\":\"BreadcrumbList\",\"@id\":\"https:\\\/\\\/lovme.pt\\\/index.php\\\/produto\\\/satisfyer-love-birds-2-bolas-de-kegel-vibrantes-aplicativo-gratuito\\\/#breadcrumb\",\"itemListElement\":[{\"@type\":\"ListItem\",\"position\":1,\"name\":\"In\u00edcio\",\"item\":\"https:\\\/\\\/lovme.pt\\\/\"},{\"@type\":\"ListItem\",\"position\":2,\"name\":\"Loja\",\"item\":\"https:\\\/\\\/lovme.pt\\\/index.php\\\/loja\\\/\"},{\"@type\":\"ListItem\",\"position\":3,\"name\":\"SATISFYER &#8211; LOVE BIRDS 2 BOLAS DE KEGEL VIBRANTES + APLICATIVO GRATUITO\"}]},{\"@type\":\"WebSite\",\"@id\":\"https:\\\/\\\/lovme.pt\\\/#website\",\"url\":\"https:\\\/\\\/lovme.pt\\\/\",\"name\":\"Lovme Loja Er\u00f3tica N\u00ba1 em Portugal\",\"description\":\"A melhor loja er\u00f3tica de Portugal.\",\"alternateName\":\"Loja Er\u00f3tica Lovme\",\"potentialAction\":[{\"@type\":\"SearchAction\",\"target\":{\"@type\":\"EntryPoint\",\"urlTemplate\":\"https:\\\/\\\/lovme.pt\\\/?s={search_term_string}\"},\"query-input\":{\"@type\":\"PropertyValueSpecification\",\"valueRequired\":true,\"valueName\":\"search_term_string\"}}],\"inLanguage\":\"pt-PT\"}]}<\/script>\n<!-- \/ Yoast SEO plugin. -->","yoast_head_json":{"title":"SATISFYER - LOVE BIRDS 2 BOLAS DE KEGEL VIBRANTES + APLICATIVO GRATUITO - Lovme","robots":{"index":"index","follow":"follow","max-snippet":"max-snippet:-1","max-image-preview":"max-image-preview:large","max-video-preview":"max-video-preview:-1"},"canonical":"https:\/\/lovme.pt\/index.php\/produto\/satisfyer-love-birds-2-bolas-de-kegel-vibrantes-aplicativo-gratuito\/","og_locale":"pt_PT","og_type":"article","og_title":"SATISFYER - LOVE BIRDS 2 BOLAS DE KEGEL VIBRANTES + APLICATIVO GRATUITO - Lovme","og_description":"SATISFYER - LOVE BIRDS 2 BOLAS DE KEGEL VIBRANTES + APLICATIVO GRATUITO","og_url":"https:\/\/lovme.pt\/index.php\/produto\/satisfyer-love-birds-2-bolas-de-kegel-vibrantes-aplicativo-gratuito\/","og_site_name":"Lovme","article_modified_time":"2026-02-19T20:09:02+00:00","og_image":[{"width":800,"height":800,"url":"https:\/\/erki24nd3ub.exactdn.com\/wp-content\/uploads\/dream\/img\/img_178388_068b31e319746fef68b3a2367c1ab9db_1.jpg?strip=all","type":"image\/jpeg"}],"twitter_card":"summary_large_image","twitter_misc":{"Tempo estimado de leitura":"2 minutos"},"schema":{"@context":"https:\/\/schema.org","@graph":[{"@type":"WebPage","@id":"https:\/\/lovme.pt\/index.php\/produto\/satisfyer-love-birds-2-bolas-de-kegel-vibrantes-aplicativo-gratuito\/","url":"https:\/\/lovme.pt\/index.php\/produto\/satisfyer-love-birds-2-bolas-de-kegel-vibrantes-aplicativo-gratuito\/","name":"SATISFYER - LOVE BIRDS 2 BOLAS DE KEGEL VIBRANTES + APLICATIVO GRATUITO - Lovme","isPartOf":{"@id":"https:\/\/lovme.pt\/#website"},"primaryImageOfPage":{"@id":"https:\/\/lovme.pt\/index.php\/produto\/satisfyer-love-birds-2-bolas-de-kegel-vibrantes-aplicativo-gratuito\/#primaryimage"},"image":{"@id":"https:\/\/lovme.pt\/index.php\/produto\/satisfyer-love-birds-2-bolas-de-kegel-vibrantes-aplicativo-gratuito\/#primaryimage"},"thumbnailUrl":"https:\/\/erki24nd3ub.exactdn.com\/wp-content\/uploads\/dream\/img\/img_178388_068b31e319746fef68b3a2367c1ab9db_1.jpg?strip=all","datePublished":"2025-09-30T22:01:51+00:00","dateModified":"2026-02-19T20:09:02+00:00","breadcrumb":{"@id":"https:\/\/lovme.pt\/index.php\/produto\/satisfyer-love-birds-2-bolas-de-kegel-vibrantes-aplicativo-gratuito\/#breadcrumb"},"inLanguage":"pt-PT","potentialAction":[{"@type":"ReadAction","target":["https:\/\/lovme.pt\/index.php\/produto\/satisfyer-love-birds-2-bolas-de-kegel-vibrantes-aplicativo-gratuito\/"]}]},{"@type":"ImageObject","inLanguage":"pt-PT","@id":"https:\/\/lovme.pt\/index.php\/produto\/satisfyer-love-birds-2-bolas-de-kegel-vibrantes-aplicativo-gratuito\/#primaryimage","url":"https:\/\/erki24nd3ub.exactdn.com\/wp-content\/uploads\/dream\/img\/img_178388_068b31e319746fef68b3a2367c1ab9db_1.jpg?strip=all","contentUrl":"https:\/\/erki24nd3ub.exactdn.com\/wp-content\/uploads\/dream\/img\/img_178388_068b31e319746fef68b3a2367c1ab9db_1.jpg?strip=all","width":800,"height":800},{"@type":"BreadcrumbList","@id":"https:\/\/lovme.pt\/index.php\/produto\/satisfyer-love-birds-2-bolas-de-kegel-vibrantes-aplicativo-gratuito\/#breadcrumb","itemListElement":[{"@type":"ListItem","position":1,"name":"In\u00edcio","item":"https:\/\/lovme.pt\/"},{"@type":"ListItem","position":2,"name":"Loja","item":"https:\/\/lovme.pt\/index.php\/loja\/"},{"@type":"ListItem","position":3,"name":"SATISFYER &#8211; LOVE BIRDS 2 BOLAS DE KEGEL VIBRANTES + APLICATIVO GRATUITO"}]},{"@type":"WebSite","@id":"https:\/\/lovme.pt\/#website","url":"https:\/\/lovme.pt\/","name":"Lovme Loja Er\u00f3tica N\u00ba1 em Portugal","description":"A melhor loja er\u00f3tica de Portugal.","alternateName":"Loja Er\u00f3tica Lovme","potentialAction":[{"@type":"SearchAction","target":{"@type":"EntryPoint","urlTemplate":"https:\/\/lovme.pt\/?s={search_term_string}"},"query-input":{"@type":"PropertyValueSpecification","valueRequired":true,"valueName":"search_term_string"}}],"inLanguage":"pt-PT"}]}},"_links":{"self":[{"href":"https:\/\/lovme.pt\/index.php\/wp-json\/wp\/v2\/product\/48595","targetHints":{"allow":["GET"]}}],"collection":[{"href":"https:\/\/lovme.pt\/index.php\/wp-json\/wp\/v2\/product"}],"about":[{"href":"https:\/\/lovme.pt\/index.php\/wp-json\/wp\/v2\/types\/product"}],"wp:featuredmedia":[{"embeddable":true,"href":"https:\/\/lovme.pt\/index.php\/wp-json\/wp\/v2\/media\/73142"}],"wp:attachment":[{"href":"https:\/\/lovme.pt\/index.php\/wp-json\/wp\/v2\/media?parent=48595"}],"wp:term":[{"taxonomy":"product_brand","embeddable":true,"href":"https:\/\/lovme.pt\/index.php\/wp-json\/wp\/v2\/product_brand?post=48595"},{"taxonomy":"product_cat","embeddable":true,"href":"https:\/\/lovme.pt\/index.php\/wp-json\/wp\/v2\/product_cat?post=48595"},{"taxonomy":"product_tag","embeddable":true,"href":"https:\/\/lovme.pt\/index.php\/wp-json\/wp\/v2\/product_tag?post=48595"}],"curies":[{"name":"wp","href":"https:\/\/api.w.org\/{rel}","templated":true}]}}