{"id":48593,"date":"2025-09-30T20:22:19","date_gmt":"2025-09-30T20:22:19","guid":{"rendered":"https:\/\/lovme.pt\/?post_type=product&p=48593"},"modified":"2026-02-19T20:07:50","modified_gmt":"2026-02-19T20:07:50","slug":"bathmate-hydroxtreme-8","status":"publish","type":"product","link":"https:\/\/lovme.pt\/index.php\/produto\/bathmate-hydroxtreme-8\/","title":{"rendered":"BATHMATE &#8211; HYDROXTREME 8"},"content":{"rendered":"<p><strong>HydroXtreme8<\/strong> : a melhor op\u00e7\u00e3o para bombear o p\u00eanis, nossa \u00faltima edi\u00e7\u00e3o da s\u00e9rie para escolher ainda melhor o tamanho. Leve a sua hidroterapia a um n\u00edvel totalmente novo com a bomba peniana mais poderosa do mundo.<\/p>\n<p>Levando o design da Hydropump a um novo n\u00edvel, com uma nova v\u00e1lvula e bola de m\u00e3o remov\u00edvel, a Hydroxtreme-Series \u00e9 a Hydropump para o homem que realmente deseja tirar o melhor proveito de sua bomba. A s\u00e9rie Hydroxtreme vem completa com todos os acess\u00f3rios que voc\u00ea poderia desejar. O <strong>Hydroxtreme8<\/strong> foi projetado para usu\u00e1rios cujo p\u00eanis mede entre 15 e 20 cm (6 a 8 polegadas) quando em uso. ereto.<\/p>\n<p><strong>HydroXtreme8<\/strong> , a op\u00e7\u00e3o de bomba peniana mais avan\u00e7ada do mercado para quem mede entre 6 e 8 polegadas, permite maximizar os seus ganhos, com uma bola f\u00e1cil de usar que permite atingir o n\u00edvel m\u00e1ximo de press\u00e3o seguro. Se voc\u00ea \u00e9 um usu\u00e1rio experiente, <strong>o HydroXtreme8<\/strong> permite que voc\u00ea aproveite ao m\u00e1ximo seu treino com bomba peniana, enquanto novos usu\u00e1rios podem personalizar sua rotina, come\u00e7ando suavemente para ganhos duradouros.<\/p>\n<p>Uma escolha ideal para usu\u00e1rios que medem entre 15 e 20 cent\u00edmetros quando eretos, o Bathmate <strong>HydroXtreme8<\/strong> \u00e9 um dispositivo f\u00e1cil de usar. Depois de encher com \u00e1gua morna, feche a bomba contra o corpo e, em seguida, use o acess\u00f3rio de handebol para maximizar a press\u00e3o, se necess\u00e1rio, e deixe-o ligado por at\u00e9 5 minutos por vez.<\/p>\n<p>Como o Bathmate <strong>HydroXtreme8<\/strong> oferece uma pot\u00eancia sem precedentes, recomendamos-o a utilizadores experientes de bombas penianas. No entanto, temos uma vasta gama de hidrobombas adequadas para iniciantes (e utilizadores menos experientes) deste tamanho. Confira nosso Bathmate Hydromax8 para desempenho de alta pot\u00eancia. Tal como as nossas outras hidrobombas Bathmate, a <strong>HydroXtreme8<\/strong> foi concebida para uma utiliza\u00e7\u00e3o confort\u00e1vel, pois pode ser facilmente utilizada no duche ou na banheira como parte da sua rotina di\u00e1ria.<\/p>\n<p>A principal vantagem da gama Bathmate HydroXtreme sobre os nossos outros modelos \u00e9 a elevada pot\u00eancia que a bomba pode produzir gra\u00e7as ao acess\u00f3rio de andebol, permitindo aos utilizadores personalizar completamente a sua rotina de aumento do p\u00e9nis. <strong>HydroXtreme8<\/strong> oferece desempenho poderoso que ajuda usu\u00e1rios em todo o mundo a obter lucros incompar\u00e1veis.<\/p>\n<p>Voc\u00ea realmente n\u00e3o precisa acreditar apenas em nossa palavra quando dizemos que o Bathmate HydroXtreme oferece resultados reais e duradouros. Em nossa se\u00e7\u00e3o de avalia\u00e7\u00f5es do Bathmate, reunimos algumas hist\u00f3rias fant\u00e1sticas de nossos clientes, enquanto nossos v\u00eddeos do Bathmate mostram exatamente o que acontece quando voc\u00ea usa uma bomba Bathmate.<\/p>\n<p>Para ajud\u00e1-lo a aproveitar ao m\u00e1ximo sua bomba, inclu\u00edmos um <u><strong>kit de acess\u00f3rios Bathmate<\/strong><\/u> gratuito com cada bomba HydroXtreme, que inclui os seguintes produtos:<\/p>\n<ul>\n<li>Caso<\/li>\n<li>Esponja de limpeza<\/li>\n<li>Handebol<\/li>\n<li>Almofada de inser\u00e7\u00e3o confort\u00e1vel<\/li>\n<li>Acess\u00f3rio de mangueira<\/li>\n<li>Companheiro de banheiro limpo<\/li>\n<li>Cadeado de seguran\u00e7a<\/li>\n<li>Al\u00e7a de chuveiro<\/li>\n<li>Toalha de lavagem<\/li>\n<\/ul>\n","protected":false},"excerpt":{"rendered":"<p>BATHMATE &#8211; HYDROXTREME 8<\/p>\n","protected":false},"featured_media":67905,"template":"","meta":{"_acf_changed":false},"product_brand":[],"product_cat":[17,60],"product_tag":[],"class_list":{"0":"post-48593","1":"product","2":"type-product","3":"status-publish","4":"has-post-thumbnail","6":"product_cat-brinquedos-de-bem-estar-sexual","7":"product_cat-para-eles","8":"yith_product_brand-bathmate","10":"first","11":"instock","12":"taxable","13":"shipping-taxable","14":"purchasable","15":"product-type-simple"},"acf":[],"yoast_head":"<!-- This site is optimized with the Yoast SEO plugin v27.4 - https:\/\/yoast.com\/product\/yoast-seo-wordpress\/ -->\n<title>BATHMATE - HYDROXTREME 8 - Lovme<\/title>\n<meta name=\"robots\" content=\"index, follow, max-snippet:-1, max-image-preview:large, max-video-preview:-1\" \/>\n<link rel=\"canonical\" href=\"https:\/\/lovme.pt\/index.php\/produto\/bathmate-hydroxtreme-8\/\" \/>\n<meta property=\"og:locale\" content=\"pt_PT\" \/>\n<meta property=\"og:type\" content=\"article\" \/>\n<meta property=\"og:title\" content=\"BATHMATE - HYDROXTREME 8 - Lovme\" \/>\n<meta property=\"og:description\" content=\"BATHMATE - HYDROXTREME 8\" \/>\n<meta property=\"og:url\" content=\"https:\/\/lovme.pt\/index.php\/produto\/bathmate-hydroxtreme-8\/\" \/>\n<meta property=\"og:site_name\" content=\"Lovme\" \/>\n<meta property=\"article:modified_time\" content=\"2026-02-19T20:07:50+00:00\" \/>\n<meta property=\"og:image\" content=\"https:\/\/erki24nd3ub.exactdn.com\/wp-content\/uploads\/dream\/img\/img_178378_7662f5495e1597810eb70721748f54d6_1.jpg?strip=all\" \/>\n\t<meta property=\"og:image:width\" content=\"800\" \/>\n\t<meta property=\"og:image:height\" content=\"800\" \/>\n\t<meta property=\"og:image:type\" content=\"image\/jpeg\" \/>\n<meta name=\"twitter:card\" content=\"summary_large_image\" \/>\n<meta name=\"twitter:label1\" content=\"Tempo estimado de leitura\" \/>\n\t<meta name=\"twitter:data1\" content=\"2 minutos\" \/>\n<script type=\"application\/ld+json\" class=\"yoast-schema-graph\">{\"@context\":\"https:\\\/\\\/schema.org\",\"@graph\":[{\"@type\":\"WebPage\",\"@id\":\"https:\\\/\\\/lovme.pt\\\/index.php\\\/produto\\\/bathmate-hydroxtreme-8\\\/\",\"url\":\"https:\\\/\\\/lovme.pt\\\/index.php\\\/produto\\\/bathmate-hydroxtreme-8\\\/\",\"name\":\"BATHMATE - HYDROXTREME 8 - Lovme\",\"isPartOf\":{\"@id\":\"https:\\\/\\\/lovme.pt\\\/#website\"},\"primaryImageOfPage\":{\"@id\":\"https:\\\/\\\/lovme.pt\\\/index.php\\\/produto\\\/bathmate-hydroxtreme-8\\\/#primaryimage\"},\"image\":{\"@id\":\"https:\\\/\\\/lovme.pt\\\/index.php\\\/produto\\\/bathmate-hydroxtreme-8\\\/#primaryimage\"},\"thumbnailUrl\":\"https:\\\/\\\/erki24nd3ub.exactdn.com\\\/wp-content\\\/uploads\\\/dream\\\/img\\\/img_178378_7662f5495e1597810eb70721748f54d6_1.jpg?strip=all\",\"datePublished\":\"2025-09-30T20:22:19+00:00\",\"dateModified\":\"2026-02-19T20:07:50+00:00\",\"breadcrumb\":{\"@id\":\"https:\\\/\\\/lovme.pt\\\/index.php\\\/produto\\\/bathmate-hydroxtreme-8\\\/#breadcrumb\"},\"inLanguage\":\"pt-PT\",\"potentialAction\":[{\"@type\":\"ReadAction\",\"target\":[\"https:\\\/\\\/lovme.pt\\\/index.php\\\/produto\\\/bathmate-hydroxtreme-8\\\/\"]}]},{\"@type\":\"ImageObject\",\"inLanguage\":\"pt-PT\",\"@id\":\"https:\\\/\\\/lovme.pt\\\/index.php\\\/produto\\\/bathmate-hydroxtreme-8\\\/#primaryimage\",\"url\":\"https:\\\/\\\/erki24nd3ub.exactdn.com\\\/wp-content\\\/uploads\\\/dream\\\/img\\\/img_178378_7662f5495e1597810eb70721748f54d6_1.jpg?strip=all\",\"contentUrl\":\"https:\\\/\\\/erki24nd3ub.exactdn.com\\\/wp-content\\\/uploads\\\/dream\\\/img\\\/img_178378_7662f5495e1597810eb70721748f54d6_1.jpg?strip=all\",\"width\":800,\"height\":800},{\"@type\":\"BreadcrumbList\",\"@id\":\"https:\\\/\\\/lovme.pt\\\/index.php\\\/produto\\\/bathmate-hydroxtreme-8\\\/#breadcrumb\",\"itemListElement\":[{\"@type\":\"ListItem\",\"position\":1,\"name\":\"In\u00edcio\",\"item\":\"https:\\\/\\\/lovme.pt\\\/\"},{\"@type\":\"ListItem\",\"position\":2,\"name\":\"Loja\",\"item\":\"https:\\\/\\\/lovme.pt\\\/index.php\\\/loja\\\/\"},{\"@type\":\"ListItem\",\"position\":3,\"name\":\"BATHMATE &#8211; HYDROXTREME 8\"}]},{\"@type\":\"WebSite\",\"@id\":\"https:\\\/\\\/lovme.pt\\\/#website\",\"url\":\"https:\\\/\\\/lovme.pt\\\/\",\"name\":\"Lovme Loja Er\u00f3tica N\u00ba1 em Portugal\",\"description\":\"A melhor loja er\u00f3tica de Portugal.\",\"alternateName\":\"Loja Er\u00f3tica Lovme\",\"potentialAction\":[{\"@type\":\"SearchAction\",\"target\":{\"@type\":\"EntryPoint\",\"urlTemplate\":\"https:\\\/\\\/lovme.pt\\\/?s={search_term_string}\"},\"query-input\":{\"@type\":\"PropertyValueSpecification\",\"valueRequired\":true,\"valueName\":\"search_term_string\"}}],\"inLanguage\":\"pt-PT\"}]}<\/script>\n<!-- \/ Yoast SEO plugin. -->","yoast_head_json":{"title":"BATHMATE - HYDROXTREME 8 - Lovme","robots":{"index":"index","follow":"follow","max-snippet":"max-snippet:-1","max-image-preview":"max-image-preview:large","max-video-preview":"max-video-preview:-1"},"canonical":"https:\/\/lovme.pt\/index.php\/produto\/bathmate-hydroxtreme-8\/","og_locale":"pt_PT","og_type":"article","og_title":"BATHMATE - HYDROXTREME 8 - Lovme","og_description":"BATHMATE - HYDROXTREME 8","og_url":"https:\/\/lovme.pt\/index.php\/produto\/bathmate-hydroxtreme-8\/","og_site_name":"Lovme","article_modified_time":"2026-02-19T20:07:50+00:00","og_image":[{"width":800,"height":800,"url":"https:\/\/erki24nd3ub.exactdn.com\/wp-content\/uploads\/dream\/img\/img_178378_7662f5495e1597810eb70721748f54d6_1.jpg?strip=all","type":"image\/jpeg"}],"twitter_card":"summary_large_image","twitter_misc":{"Tempo estimado de leitura":"2 minutos"},"schema":{"@context":"https:\/\/schema.org","@graph":[{"@type":"WebPage","@id":"https:\/\/lovme.pt\/index.php\/produto\/bathmate-hydroxtreme-8\/","url":"https:\/\/lovme.pt\/index.php\/produto\/bathmate-hydroxtreme-8\/","name":"BATHMATE - HYDROXTREME 8 - Lovme","isPartOf":{"@id":"https:\/\/lovme.pt\/#website"},"primaryImageOfPage":{"@id":"https:\/\/lovme.pt\/index.php\/produto\/bathmate-hydroxtreme-8\/#primaryimage"},"image":{"@id":"https:\/\/lovme.pt\/index.php\/produto\/bathmate-hydroxtreme-8\/#primaryimage"},"thumbnailUrl":"https:\/\/erki24nd3ub.exactdn.com\/wp-content\/uploads\/dream\/img\/img_178378_7662f5495e1597810eb70721748f54d6_1.jpg?strip=all","datePublished":"2025-09-30T20:22:19+00:00","dateModified":"2026-02-19T20:07:50+00:00","breadcrumb":{"@id":"https:\/\/lovme.pt\/index.php\/produto\/bathmate-hydroxtreme-8\/#breadcrumb"},"inLanguage":"pt-PT","potentialAction":[{"@type":"ReadAction","target":["https:\/\/lovme.pt\/index.php\/produto\/bathmate-hydroxtreme-8\/"]}]},{"@type":"ImageObject","inLanguage":"pt-PT","@id":"https:\/\/lovme.pt\/index.php\/produto\/bathmate-hydroxtreme-8\/#primaryimage","url":"https:\/\/erki24nd3ub.exactdn.com\/wp-content\/uploads\/dream\/img\/img_178378_7662f5495e1597810eb70721748f54d6_1.jpg?strip=all","contentUrl":"https:\/\/erki24nd3ub.exactdn.com\/wp-content\/uploads\/dream\/img\/img_178378_7662f5495e1597810eb70721748f54d6_1.jpg?strip=all","width":800,"height":800},{"@type":"BreadcrumbList","@id":"https:\/\/lovme.pt\/index.php\/produto\/bathmate-hydroxtreme-8\/#breadcrumb","itemListElement":[{"@type":"ListItem","position":1,"name":"In\u00edcio","item":"https:\/\/lovme.pt\/"},{"@type":"ListItem","position":2,"name":"Loja","item":"https:\/\/lovme.pt\/index.php\/loja\/"},{"@type":"ListItem","position":3,"name":"BATHMATE &#8211; HYDROXTREME 8"}]},{"@type":"WebSite","@id":"https:\/\/lovme.pt\/#website","url":"https:\/\/lovme.pt\/","name":"Lovme Loja Er\u00f3tica N\u00ba1 em Portugal","description":"A melhor loja er\u00f3tica de Portugal.","alternateName":"Loja Er\u00f3tica Lovme","potentialAction":[{"@type":"SearchAction","target":{"@type":"EntryPoint","urlTemplate":"https:\/\/lovme.pt\/?s={search_term_string}"},"query-input":{"@type":"PropertyValueSpecification","valueRequired":true,"valueName":"search_term_string"}}],"inLanguage":"pt-PT"}]}},"_links":{"self":[{"href":"https:\/\/lovme.pt\/index.php\/wp-json\/wp\/v2\/product\/48593","targetHints":{"allow":["GET"]}}],"collection":[{"href":"https:\/\/lovme.pt\/index.php\/wp-json\/wp\/v2\/product"}],"about":[{"href":"https:\/\/lovme.pt\/index.php\/wp-json\/wp\/v2\/types\/product"}],"wp:featuredmedia":[{"embeddable":true,"href":"https:\/\/lovme.pt\/index.php\/wp-json\/wp\/v2\/media\/67905"}],"wp:attachment":[{"href":"https:\/\/lovme.pt\/index.php\/wp-json\/wp\/v2\/media?parent=48593"}],"wp:term":[{"taxonomy":"product_brand","embeddable":true,"href":"https:\/\/lovme.pt\/index.php\/wp-json\/wp\/v2\/product_brand?post=48593"},{"taxonomy":"product_cat","embeddable":true,"href":"https:\/\/lovme.pt\/index.php\/wp-json\/wp\/v2\/product_cat?post=48593"},{"taxonomy":"product_tag","embeddable":true,"href":"https:\/\/lovme.pt\/index.php\/wp-json\/wp\/v2\/product_tag?post=48593"}],"curies":[{"name":"wp","href":"https:\/\/api.w.org\/{rel}","templated":true}]}}