{"id":48564,"date":"2025-10-01T02:59:22","date_gmt":"2025-10-01T02:59:22","guid":{"rendered":"https:\/\/lovme.pt\/?post_type=product&p=48564"},"modified":"2026-02-19T20:22:06","modified_gmt":"2026-02-19T20:22:06","slug":"alive-plug-vibrador-anal-gladius","status":"publish","type":"product","link":"https:\/\/lovme.pt\/index.php\/produto\/alive-plug-vibrador-anal-gladius\/","title":{"rendered":"ALIVE &#8211; PLUG VIBRADOR ANAL GLADIUS"},"content":{"rendered":"<p><u><strong>DESCUBRA GL\u00c1DIO<\/strong><\/u><\/p>\n<p> Descubra uma nova era de prazer com o poderoso plug vibrat\u00f3rio recarreg\u00e1vel Gladius, projetado para oferecer uma experi\u00eancia incompar\u00e1vel. Este dispositivo de \u00faltima gera\u00e7\u00e3o apresenta uma textura flex\u00edvel e de toque extremamente macio, proporcionando uma sensa\u00e7\u00e3o luxuosa e confort\u00e1vel durante o uso.<\/p>\n<p> Feito de materiais dur\u00e1veis e livres de ftalatos, o Gladius garante n\u00e3o apenas uma experi\u00eancia segura, mas tamb\u00e9m uma longa vida \u00fatil do produto. A qualidade superior dos materiais garante que cada utiliza\u00e7\u00e3o seja t\u00e3o satisfat\u00f3ria como a primeira, mantendo sempre os mais elevados padr\u00f5es de seguran\u00e7a e higiene.<\/p>\n<p> A verdadeira magia do Gladius reside na sua capacidade de dosar o prazer com facilidade. Equipado com m\u00faltiplos modos de vibra\u00e7\u00e3o, este plug permite ajustar a intensidade e o ritmo de acordo com as suas prefer\u00eancias, garantindo que cada momento seja exatamente como voc\u00ea deseja. Seu design ergon\u00f4mico e controle intuitivo facilitam a altern\u00e2ncia entre diferentes configura\u00e7\u00f5es, proporcionando total personaliza\u00e7\u00e3o da experi\u00eancia.<\/p>\n<p> O Gladius n\u00e3o \u00e9 apenas potente, mas tamb\u00e9m recarreg\u00e1vel, eliminando a necessidade de baterias descart\u00e1veis e garantindo que voc\u00ea esteja sempre ligado. pronto para a a\u00e7\u00e3o. Com carga completa, voc\u00ea pode desfrutar de longas sess\u00f5es sem interrup\u00e7\u00f5es, explorando cada n\u00edvel de vibra\u00e7\u00e3o no seu pr\u00f3prio ritmo.<\/p>\n<p> Explore novas sensa\u00e7\u00f5es e leve o seu prazer ao pr\u00f3ximo n\u00edvel com o Gladius. Com sua textura macia, constru\u00e7\u00e3o dur\u00e1vel e capacidade de personaliza\u00e7\u00e3o, este poderoso plugue vibrat\u00f3rio recarreg\u00e1vel est\u00e1 pronto para voc\u00ea. pensado para satisfazer todos os seus desejos e lhe proporcionar momentos de prazer inesquec\u00edveis.<\/p>\n<div>\n<p> <u><strong>CARACTER\u00cdSTICAS:<\/strong><\/u><\/p>\n<ul>\n<li> Plugue anal<\/li>\n<li> Silicone\/ABS<\/li>\n<li> <u>Dimens\u00f5es<\/u> : Comprimento 11 cm \/\/ Di\u00e2metro 3,3 cm<\/li>\n<li> N\u00famero de fun\u00e7\u00f5es: 10<\/li>\n<li> N\u00famero de motores: 1<\/li>\n<li> USB recarreg\u00e1vel<\/li>\n<li> Impermeabiliza\u00e7\u00e3o: IPX5 resistente \u00e0 \u00e1gua<\/li>\n<\/ul>\n<p> <u><strong>PROPRIEDADES:<\/strong><\/u><\/p>\n<ul>\n<li> <strong>LIMPEZA:<\/strong> Limpe bem o brinquedo antes e depois de cada uso com \u00e1gua morna e sab\u00e3o neutro.<\/li>\n<li> <strong>ARMAZENAMENTO:<\/strong> Guarde seu brinquedo em local livre de poeira e mantenha-o longe de brinquedos feitos de outros materiais. Evite deix\u00e1-lo exposto \u00e0 luz solar direta e NUNCA exponha-o a calor extremo.<\/li>\n<li> <strong>DICAS DE USO:<\/strong> Recomenda o uso de lubrificantes \u00e0 base de \u00e1gua para inser\u00e7\u00e3o f\u00e1cil e suave de todos os produtos de silicone. N\u00e3o utilize lubrificantes, \u00f3leos ou cremes de silicone com qualquer produto de silicone, pois podem degradar o material do produto e limitar o seu desempenho e vida \u00fatil.<\/li>\n<\/ul>\n<\/div>\n","protected":false},"excerpt":{"rendered":"<p>ALIVE &#8211; PLUG VIBRADOR ANAL GLADIUS<\/p>\n","protected":false},"featured_media":100670,"template":"","meta":{"_acf_changed":false},"product_brand":[],"product_cat":[17,63],"product_tag":[],"class_list":{"0":"post-48564","1":"product","2":"type-product","3":"status-publish","4":"has-post-thumbnail","6":"product_cat-brinquedos-de-bem-estar-sexual","7":"product_cat-sexo-anal","8":"yith_product_brand-alive","10":"first","11":"instock","12":"taxable","13":"shipping-taxable","14":"purchasable","15":"product-type-simple"},"acf":[],"yoast_head":"<!-- This site is optimized with the Yoast SEO plugin v27.4 - https:\/\/yoast.com\/product\/yoast-seo-wordpress\/ -->\n<title>ALIVE - PLUG VIBRADOR ANAL GLADIUS - Lovme<\/title>\n<meta name=\"robots\" content=\"index, follow, max-snippet:-1, max-image-preview:large, max-video-preview:-1\" \/>\n<link rel=\"canonical\" href=\"https:\/\/lovme.pt\/index.php\/produto\/alive-plug-vibrador-anal-gladius\/\" \/>\n<meta property=\"og:locale\" content=\"pt_PT\" \/>\n<meta property=\"og:type\" content=\"article\" \/>\n<meta property=\"og:title\" content=\"ALIVE - PLUG VIBRADOR ANAL GLADIUS - Lovme\" \/>\n<meta property=\"og:description\" content=\"ALIVE - PLUG VIBRADOR ANAL GLADIUS\" \/>\n<meta property=\"og:url\" content=\"https:\/\/lovme.pt\/index.php\/produto\/alive-plug-vibrador-anal-gladius\/\" \/>\n<meta property=\"og:site_name\" content=\"Lovme\" \/>\n<meta property=\"article:modified_time\" content=\"2026-02-19T20:22:06+00:00\" \/>\n<meta property=\"og:image\" content=\"https:\/\/erki24nd3ub.exactdn.com\/wp-content\/uploads\/dream\/img\/img_177926_56af06dc6937120d7252d5cd567fbd8d_1.jpg?strip=all\" \/>\n\t<meta property=\"og:image:width\" content=\"800\" \/>\n\t<meta property=\"og:image:height\" content=\"800\" \/>\n\t<meta property=\"og:image:type\" content=\"image\/jpeg\" \/>\n<meta name=\"twitter:card\" content=\"summary_large_image\" \/>\n<meta name=\"twitter:label1\" content=\"Tempo estimado de leitura\" \/>\n\t<meta name=\"twitter:data1\" content=\"2 minutos\" \/>\n<script type=\"application\/ld+json\" class=\"yoast-schema-graph\">{\"@context\":\"https:\\\/\\\/schema.org\",\"@graph\":[{\"@type\":\"WebPage\",\"@id\":\"https:\\\/\\\/lovme.pt\\\/index.php\\\/produto\\\/alive-plug-vibrador-anal-gladius\\\/\",\"url\":\"https:\\\/\\\/lovme.pt\\\/index.php\\\/produto\\\/alive-plug-vibrador-anal-gladius\\\/\",\"name\":\"ALIVE - PLUG VIBRADOR ANAL GLADIUS - Lovme\",\"isPartOf\":{\"@id\":\"https:\\\/\\\/lovme.pt\\\/#website\"},\"primaryImageOfPage\":{\"@id\":\"https:\\\/\\\/lovme.pt\\\/index.php\\\/produto\\\/alive-plug-vibrador-anal-gladius\\\/#primaryimage\"},\"image\":{\"@id\":\"https:\\\/\\\/lovme.pt\\\/index.php\\\/produto\\\/alive-plug-vibrador-anal-gladius\\\/#primaryimage\"},\"thumbnailUrl\":\"https:\\\/\\\/erki24nd3ub.exactdn.com\\\/wp-content\\\/uploads\\\/dream\\\/img\\\/img_177926_56af06dc6937120d7252d5cd567fbd8d_1.jpg?strip=all\",\"datePublished\":\"2025-10-01T02:59:22+00:00\",\"dateModified\":\"2026-02-19T20:22:06+00:00\",\"breadcrumb\":{\"@id\":\"https:\\\/\\\/lovme.pt\\\/index.php\\\/produto\\\/alive-plug-vibrador-anal-gladius\\\/#breadcrumb\"},\"inLanguage\":\"pt-PT\",\"potentialAction\":[{\"@type\":\"ReadAction\",\"target\":[\"https:\\\/\\\/lovme.pt\\\/index.php\\\/produto\\\/alive-plug-vibrador-anal-gladius\\\/\"]}]},{\"@type\":\"ImageObject\",\"inLanguage\":\"pt-PT\",\"@id\":\"https:\\\/\\\/lovme.pt\\\/index.php\\\/produto\\\/alive-plug-vibrador-anal-gladius\\\/#primaryimage\",\"url\":\"https:\\\/\\\/erki24nd3ub.exactdn.com\\\/wp-content\\\/uploads\\\/dream\\\/img\\\/img_177926_56af06dc6937120d7252d5cd567fbd8d_1.jpg?strip=all\",\"contentUrl\":\"https:\\\/\\\/erki24nd3ub.exactdn.com\\\/wp-content\\\/uploads\\\/dream\\\/img\\\/img_177926_56af06dc6937120d7252d5cd567fbd8d_1.jpg?strip=all\",\"width\":800,\"height\":800},{\"@type\":\"BreadcrumbList\",\"@id\":\"https:\\\/\\\/lovme.pt\\\/index.php\\\/produto\\\/alive-plug-vibrador-anal-gladius\\\/#breadcrumb\",\"itemListElement\":[{\"@type\":\"ListItem\",\"position\":1,\"name\":\"In\u00edcio\",\"item\":\"https:\\\/\\\/lovme.pt\\\/\"},{\"@type\":\"ListItem\",\"position\":2,\"name\":\"Loja\",\"item\":\"https:\\\/\\\/lovme.pt\\\/index.php\\\/loja\\\/\"},{\"@type\":\"ListItem\",\"position\":3,\"name\":\"ALIVE &#8211; PLUG VIBRADOR ANAL GLADIUS\"}]},{\"@type\":\"WebSite\",\"@id\":\"https:\\\/\\\/lovme.pt\\\/#website\",\"url\":\"https:\\\/\\\/lovme.pt\\\/\",\"name\":\"Lovme Loja Er\u00f3tica N\u00ba1 em Portugal\",\"description\":\"A melhor loja er\u00f3tica de Portugal.\",\"alternateName\":\"Loja Er\u00f3tica Lovme\",\"potentialAction\":[{\"@type\":\"SearchAction\",\"target\":{\"@type\":\"EntryPoint\",\"urlTemplate\":\"https:\\\/\\\/lovme.pt\\\/?s={search_term_string}\"},\"query-input\":{\"@type\":\"PropertyValueSpecification\",\"valueRequired\":true,\"valueName\":\"search_term_string\"}}],\"inLanguage\":\"pt-PT\"}]}<\/script>\n<!-- \/ Yoast SEO plugin. -->","yoast_head_json":{"title":"ALIVE - PLUG VIBRADOR ANAL GLADIUS - Lovme","robots":{"index":"index","follow":"follow","max-snippet":"max-snippet:-1","max-image-preview":"max-image-preview:large","max-video-preview":"max-video-preview:-1"},"canonical":"https:\/\/lovme.pt\/index.php\/produto\/alive-plug-vibrador-anal-gladius\/","og_locale":"pt_PT","og_type":"article","og_title":"ALIVE - PLUG VIBRADOR ANAL GLADIUS - Lovme","og_description":"ALIVE - PLUG VIBRADOR ANAL GLADIUS","og_url":"https:\/\/lovme.pt\/index.php\/produto\/alive-plug-vibrador-anal-gladius\/","og_site_name":"Lovme","article_modified_time":"2026-02-19T20:22:06+00:00","og_image":[{"width":800,"height":800,"url":"https:\/\/erki24nd3ub.exactdn.com\/wp-content\/uploads\/dream\/img\/img_177926_56af06dc6937120d7252d5cd567fbd8d_1.jpg?strip=all","type":"image\/jpeg"}],"twitter_card":"summary_large_image","twitter_misc":{"Tempo estimado de leitura":"2 minutos"},"schema":{"@context":"https:\/\/schema.org","@graph":[{"@type":"WebPage","@id":"https:\/\/lovme.pt\/index.php\/produto\/alive-plug-vibrador-anal-gladius\/","url":"https:\/\/lovme.pt\/index.php\/produto\/alive-plug-vibrador-anal-gladius\/","name":"ALIVE - PLUG VIBRADOR ANAL GLADIUS - Lovme","isPartOf":{"@id":"https:\/\/lovme.pt\/#website"},"primaryImageOfPage":{"@id":"https:\/\/lovme.pt\/index.php\/produto\/alive-plug-vibrador-anal-gladius\/#primaryimage"},"image":{"@id":"https:\/\/lovme.pt\/index.php\/produto\/alive-plug-vibrador-anal-gladius\/#primaryimage"},"thumbnailUrl":"https:\/\/erki24nd3ub.exactdn.com\/wp-content\/uploads\/dream\/img\/img_177926_56af06dc6937120d7252d5cd567fbd8d_1.jpg?strip=all","datePublished":"2025-10-01T02:59:22+00:00","dateModified":"2026-02-19T20:22:06+00:00","breadcrumb":{"@id":"https:\/\/lovme.pt\/index.php\/produto\/alive-plug-vibrador-anal-gladius\/#breadcrumb"},"inLanguage":"pt-PT","potentialAction":[{"@type":"ReadAction","target":["https:\/\/lovme.pt\/index.php\/produto\/alive-plug-vibrador-anal-gladius\/"]}]},{"@type":"ImageObject","inLanguage":"pt-PT","@id":"https:\/\/lovme.pt\/index.php\/produto\/alive-plug-vibrador-anal-gladius\/#primaryimage","url":"https:\/\/erki24nd3ub.exactdn.com\/wp-content\/uploads\/dream\/img\/img_177926_56af06dc6937120d7252d5cd567fbd8d_1.jpg?strip=all","contentUrl":"https:\/\/erki24nd3ub.exactdn.com\/wp-content\/uploads\/dream\/img\/img_177926_56af06dc6937120d7252d5cd567fbd8d_1.jpg?strip=all","width":800,"height":800},{"@type":"BreadcrumbList","@id":"https:\/\/lovme.pt\/index.php\/produto\/alive-plug-vibrador-anal-gladius\/#breadcrumb","itemListElement":[{"@type":"ListItem","position":1,"name":"In\u00edcio","item":"https:\/\/lovme.pt\/"},{"@type":"ListItem","position":2,"name":"Loja","item":"https:\/\/lovme.pt\/index.php\/loja\/"},{"@type":"ListItem","position":3,"name":"ALIVE &#8211; PLUG VIBRADOR ANAL GLADIUS"}]},{"@type":"WebSite","@id":"https:\/\/lovme.pt\/#website","url":"https:\/\/lovme.pt\/","name":"Lovme Loja Er\u00f3tica N\u00ba1 em Portugal","description":"A melhor loja er\u00f3tica de Portugal.","alternateName":"Loja Er\u00f3tica Lovme","potentialAction":[{"@type":"SearchAction","target":{"@type":"EntryPoint","urlTemplate":"https:\/\/lovme.pt\/?s={search_term_string}"},"query-input":{"@type":"PropertyValueSpecification","valueRequired":true,"valueName":"search_term_string"}}],"inLanguage":"pt-PT"}]}},"_links":{"self":[{"href":"https:\/\/lovme.pt\/index.php\/wp-json\/wp\/v2\/product\/48564","targetHints":{"allow":["GET"]}}],"collection":[{"href":"https:\/\/lovme.pt\/index.php\/wp-json\/wp\/v2\/product"}],"about":[{"href":"https:\/\/lovme.pt\/index.php\/wp-json\/wp\/v2\/types\/product"}],"wp:featuredmedia":[{"embeddable":true,"href":"https:\/\/lovme.pt\/index.php\/wp-json\/wp\/v2\/media\/100670"}],"wp:attachment":[{"href":"https:\/\/lovme.pt\/index.php\/wp-json\/wp\/v2\/media?parent=48564"}],"wp:term":[{"taxonomy":"product_brand","embeddable":true,"href":"https:\/\/lovme.pt\/index.php\/wp-json\/wp\/v2\/product_brand?post=48564"},{"taxonomy":"product_cat","embeddable":true,"href":"https:\/\/lovme.pt\/index.php\/wp-json\/wp\/v2\/product_cat?post=48564"},{"taxonomy":"product_tag","embeddable":true,"href":"https:\/\/lovme.pt\/index.php\/wp-json\/wp\/v2\/product_tag?post=48564"}],"curies":[{"name":"wp","href":"https:\/\/api.w.org\/{rel}","templated":true}]}}