{"id":48132,"date":"2025-10-01T00:26:34","date_gmt":"2025-10-01T00:26:34","guid":{"rendered":"https:\/\/lovme.pt\/?post_type=product&p=48132"},"modified":"2026-02-19T20:15:23","modified_gmt":"2026-02-19T20:15:23","slug":"secret-play-uau-peitos-capas-de-bico-de-flor","status":"publish","type":"product","link":"https:\/\/lovme.pt\/index.php\/produto\/secret-play-uau-peitos-capas-de-bico-de-flor\/","title":{"rendered":"SECRET PLAY &#8211; UAU PEITOS! CAPAS DE BICO DE FLOR"},"content":{"rendered":"<p>UAU PEITOS! \u00c9 uma cole\u00e7\u00e3o de decora\u00e7\u00e3o corporal pensada para voc\u00ea, para que se sinta irresist\u00edvel e sensual.<br \/> Estas capas de mamilos t\u00eam in\u00fameras utiliza\u00e7\u00f5es, voc\u00ea pode us\u00e1-las por baixo da roupa e esquecer o suti\u00e3, por baixo de tops transparentes ou com decote baixo, ou us\u00e1-las sem nada por cima. Por que? n\u00e3o?<br \/> Leve-os consigo em todo o tipo de ocasi\u00f5es, para uma sa\u00edda \u00e0 noite, para o festival que tanto esperava, para um evento elegante, para um encontro \u00fanico ou simplesmente com a sua roupa casual para se sentir especial e \u00fanico no seu dia. ;a de dia. A ocasi\u00e3o n\u00e3o importa, o importante \u00e9 voc\u00ea.<br \/> Queremos dar asas \u00e0 sua imagina\u00e7\u00e3o para que possa criar momentos cheios de paix\u00e3o, sensualidade e eleg\u00e2ncia com os seus WOW BOOBS!<br \/> Tamb\u00e9m s\u00e3o super f\u00e1ceis de aderir \u00e0 pele e retirar e se adaptar a qualquer tipo de mama.<\/p>\n<p> <u><strong>Modo de usar e recomenda\u00e7\u00f5es:<\/strong><\/u><\/p>\n<ul>\n<li> A \u00e1rea do mamilo deve estar limpa e seca. Retire a pel\u00edcula protetora e aplique diretamente no mamilo, pressionando para que adira bem. N\u00e3o aplique na pele rachada, danificada ou queimada pelo sol. Interrompa o uso se tiver irrita\u00e7\u00e3o.<\/li>\n<li> Recomenda-se n\u00e3o utilizar cremes ou p\u00f3s hidratantes na \u00e1rea antes de aplic\u00e1-la, para melhor ader\u00eancia.<\/li>\n<\/ul>\n<p> <u><strong>Caracter\u00edsticas:<\/strong><\/u><\/p>\n<ul>\n<li> Forma de flor<\/li>\n<li> Medidas: 7,5 cm (2,95 pol.)<\/li>\n<li> Material: Hologr\u00e1fico<\/li>\n<li> Conte\u00fado: 1 par de protetores de mamilo prateados e 1 par de protetores de mamilo rosa<\/li>\n<\/ul>\n","protected":false},"excerpt":{"rendered":"<p>SECRET PLAY &#8211; UAU PEITOS! CAPAS DE BICO DE FLOR<\/p>\n","protected":false},"featured_media":87822,"template":"","meta":{"_acf_changed":false},"product_brand":[],"product_cat":[50,47,66],"product_tag":[],"class_list":{"0":"post-48132","1":"product","2":"type-product","3":"status-publish","4":"has-post-thumbnail","6":"product_cat-complementos-e-acessorios","7":"product_cat-lingerie","8":"product_cat-lingerie-feminina","9":"yith_product_brand-secretplay","10":"yith_product_brand-secretplaysecretplay-100-fetish","12":"first","13":"instock","14":"taxable","15":"shipping-taxable","16":"purchasable","17":"product-type-simple"},"acf":[],"yoast_head":"<!-- This site is optimized with the Yoast SEO plugin v27.4 - https:\/\/yoast.com\/product\/yoast-seo-wordpress\/ -->\n<title>SECRET PLAY - UAU PEITOS! CAPAS DE BICO DE FLOR - Lovme<\/title>\n<meta name=\"robots\" content=\"index, follow, max-snippet:-1, max-image-preview:large, max-video-preview:-1\" \/>\n<link rel=\"canonical\" href=\"https:\/\/lovme.pt\/index.php\/produto\/secret-play-uau-peitos-capas-de-bico-de-flor\/\" \/>\n<meta property=\"og:locale\" content=\"pt_PT\" \/>\n<meta property=\"og:type\" content=\"article\" \/>\n<meta property=\"og:title\" content=\"SECRET PLAY - UAU PEITOS! CAPAS DE BICO DE FLOR - Lovme\" \/>\n<meta property=\"og:description\" content=\"SECRET PLAY - UAU PEITOS! CAPAS DE BICO DE FLOR\" \/>\n<meta property=\"og:url\" content=\"https:\/\/lovme.pt\/index.php\/produto\/secret-play-uau-peitos-capas-de-bico-de-flor\/\" \/>\n<meta property=\"og:site_name\" content=\"Lovme\" \/>\n<meta property=\"article:modified_time\" content=\"2026-02-19T20:15:23+00:00\" \/>\n<meta property=\"og:image\" content=\"https:\/\/erki24nd3ub.exactdn.com\/wp-content\/uploads\/dream\/img\/img_176343_0f188c5523e693ecefa4ff33d584cd69_1.jpg?strip=all\" \/>\n\t<meta property=\"og:image:width\" content=\"800\" \/>\n\t<meta property=\"og:image:height\" content=\"800\" \/>\n\t<meta property=\"og:image:type\" content=\"image\/jpeg\" \/>\n<meta name=\"twitter:card\" content=\"summary_large_image\" \/>\n<meta name=\"twitter:label1\" content=\"Tempo estimado de leitura\" \/>\n\t<meta name=\"twitter:data1\" content=\"1 minuto\" \/>\n<script type=\"application\/ld+json\" class=\"yoast-schema-graph\">{\"@context\":\"https:\\\/\\\/schema.org\",\"@graph\":[{\"@type\":\"WebPage\",\"@id\":\"https:\\\/\\\/lovme.pt\\\/index.php\\\/produto\\\/secret-play-uau-peitos-capas-de-bico-de-flor\\\/\",\"url\":\"https:\\\/\\\/lovme.pt\\\/index.php\\\/produto\\\/secret-play-uau-peitos-capas-de-bico-de-flor\\\/\",\"name\":\"SECRET PLAY - UAU PEITOS! CAPAS DE BICO DE FLOR - Lovme\",\"isPartOf\":{\"@id\":\"https:\\\/\\\/lovme.pt\\\/#website\"},\"primaryImageOfPage\":{\"@id\":\"https:\\\/\\\/lovme.pt\\\/index.php\\\/produto\\\/secret-play-uau-peitos-capas-de-bico-de-flor\\\/#primaryimage\"},\"image\":{\"@id\":\"https:\\\/\\\/lovme.pt\\\/index.php\\\/produto\\\/secret-play-uau-peitos-capas-de-bico-de-flor\\\/#primaryimage\"},\"thumbnailUrl\":\"https:\\\/\\\/erki24nd3ub.exactdn.com\\\/wp-content\\\/uploads\\\/dream\\\/img\\\/img_176343_0f188c5523e693ecefa4ff33d584cd69_1.jpg?strip=all\",\"datePublished\":\"2025-10-01T00:26:34+00:00\",\"dateModified\":\"2026-02-19T20:15:23+00:00\",\"breadcrumb\":{\"@id\":\"https:\\\/\\\/lovme.pt\\\/index.php\\\/produto\\\/secret-play-uau-peitos-capas-de-bico-de-flor\\\/#breadcrumb\"},\"inLanguage\":\"pt-PT\",\"potentialAction\":[{\"@type\":\"ReadAction\",\"target\":[\"https:\\\/\\\/lovme.pt\\\/index.php\\\/produto\\\/secret-play-uau-peitos-capas-de-bico-de-flor\\\/\"]}]},{\"@type\":\"ImageObject\",\"inLanguage\":\"pt-PT\",\"@id\":\"https:\\\/\\\/lovme.pt\\\/index.php\\\/produto\\\/secret-play-uau-peitos-capas-de-bico-de-flor\\\/#primaryimage\",\"url\":\"https:\\\/\\\/erki24nd3ub.exactdn.com\\\/wp-content\\\/uploads\\\/dream\\\/img\\\/img_176343_0f188c5523e693ecefa4ff33d584cd69_1.jpg?strip=all\",\"contentUrl\":\"https:\\\/\\\/erki24nd3ub.exactdn.com\\\/wp-content\\\/uploads\\\/dream\\\/img\\\/img_176343_0f188c5523e693ecefa4ff33d584cd69_1.jpg?strip=all\",\"width\":800,\"height\":800},{\"@type\":\"BreadcrumbList\",\"@id\":\"https:\\\/\\\/lovme.pt\\\/index.php\\\/produto\\\/secret-play-uau-peitos-capas-de-bico-de-flor\\\/#breadcrumb\",\"itemListElement\":[{\"@type\":\"ListItem\",\"position\":1,\"name\":\"In\u00edcio\",\"item\":\"https:\\\/\\\/lovme.pt\\\/\"},{\"@type\":\"ListItem\",\"position\":2,\"name\":\"Loja\",\"item\":\"https:\\\/\\\/lovme.pt\\\/index.php\\\/loja\\\/\"},{\"@type\":\"ListItem\",\"position\":3,\"name\":\"SECRET PLAY &#8211; UAU PEITOS! CAPAS DE BICO DE FLOR\"}]},{\"@type\":\"WebSite\",\"@id\":\"https:\\\/\\\/lovme.pt\\\/#website\",\"url\":\"https:\\\/\\\/lovme.pt\\\/\",\"name\":\"Lovme Loja Er\u00f3tica N\u00ba1 em Portugal\",\"description\":\"A melhor loja er\u00f3tica de Portugal.\",\"alternateName\":\"Loja Er\u00f3tica Lovme\",\"potentialAction\":[{\"@type\":\"SearchAction\",\"target\":{\"@type\":\"EntryPoint\",\"urlTemplate\":\"https:\\\/\\\/lovme.pt\\\/?s={search_term_string}\"},\"query-input\":{\"@type\":\"PropertyValueSpecification\",\"valueRequired\":true,\"valueName\":\"search_term_string\"}}],\"inLanguage\":\"pt-PT\"}]}<\/script>\n<!-- \/ Yoast SEO plugin. -->","yoast_head_json":{"title":"SECRET PLAY - UAU PEITOS! CAPAS DE BICO DE FLOR - Lovme","robots":{"index":"index","follow":"follow","max-snippet":"max-snippet:-1","max-image-preview":"max-image-preview:large","max-video-preview":"max-video-preview:-1"},"canonical":"https:\/\/lovme.pt\/index.php\/produto\/secret-play-uau-peitos-capas-de-bico-de-flor\/","og_locale":"pt_PT","og_type":"article","og_title":"SECRET PLAY - UAU PEITOS! CAPAS DE BICO DE FLOR - Lovme","og_description":"SECRET PLAY - UAU PEITOS! CAPAS DE BICO DE FLOR","og_url":"https:\/\/lovme.pt\/index.php\/produto\/secret-play-uau-peitos-capas-de-bico-de-flor\/","og_site_name":"Lovme","article_modified_time":"2026-02-19T20:15:23+00:00","og_image":[{"width":800,"height":800,"url":"https:\/\/erki24nd3ub.exactdn.com\/wp-content\/uploads\/dream\/img\/img_176343_0f188c5523e693ecefa4ff33d584cd69_1.jpg?strip=all","type":"image\/jpeg"}],"twitter_card":"summary_large_image","twitter_misc":{"Tempo estimado de leitura":"1 minuto"},"schema":{"@context":"https:\/\/schema.org","@graph":[{"@type":"WebPage","@id":"https:\/\/lovme.pt\/index.php\/produto\/secret-play-uau-peitos-capas-de-bico-de-flor\/","url":"https:\/\/lovme.pt\/index.php\/produto\/secret-play-uau-peitos-capas-de-bico-de-flor\/","name":"SECRET PLAY - UAU PEITOS! CAPAS DE BICO DE FLOR - Lovme","isPartOf":{"@id":"https:\/\/lovme.pt\/#website"},"primaryImageOfPage":{"@id":"https:\/\/lovme.pt\/index.php\/produto\/secret-play-uau-peitos-capas-de-bico-de-flor\/#primaryimage"},"image":{"@id":"https:\/\/lovme.pt\/index.php\/produto\/secret-play-uau-peitos-capas-de-bico-de-flor\/#primaryimage"},"thumbnailUrl":"https:\/\/erki24nd3ub.exactdn.com\/wp-content\/uploads\/dream\/img\/img_176343_0f188c5523e693ecefa4ff33d584cd69_1.jpg?strip=all","datePublished":"2025-10-01T00:26:34+00:00","dateModified":"2026-02-19T20:15:23+00:00","breadcrumb":{"@id":"https:\/\/lovme.pt\/index.php\/produto\/secret-play-uau-peitos-capas-de-bico-de-flor\/#breadcrumb"},"inLanguage":"pt-PT","potentialAction":[{"@type":"ReadAction","target":["https:\/\/lovme.pt\/index.php\/produto\/secret-play-uau-peitos-capas-de-bico-de-flor\/"]}]},{"@type":"ImageObject","inLanguage":"pt-PT","@id":"https:\/\/lovme.pt\/index.php\/produto\/secret-play-uau-peitos-capas-de-bico-de-flor\/#primaryimage","url":"https:\/\/erki24nd3ub.exactdn.com\/wp-content\/uploads\/dream\/img\/img_176343_0f188c5523e693ecefa4ff33d584cd69_1.jpg?strip=all","contentUrl":"https:\/\/erki24nd3ub.exactdn.com\/wp-content\/uploads\/dream\/img\/img_176343_0f188c5523e693ecefa4ff33d584cd69_1.jpg?strip=all","width":800,"height":800},{"@type":"BreadcrumbList","@id":"https:\/\/lovme.pt\/index.php\/produto\/secret-play-uau-peitos-capas-de-bico-de-flor\/#breadcrumb","itemListElement":[{"@type":"ListItem","position":1,"name":"In\u00edcio","item":"https:\/\/lovme.pt\/"},{"@type":"ListItem","position":2,"name":"Loja","item":"https:\/\/lovme.pt\/index.php\/loja\/"},{"@type":"ListItem","position":3,"name":"SECRET PLAY &#8211; UAU PEITOS! CAPAS DE BICO DE FLOR"}]},{"@type":"WebSite","@id":"https:\/\/lovme.pt\/#website","url":"https:\/\/lovme.pt\/","name":"Lovme Loja Er\u00f3tica N\u00ba1 em Portugal","description":"A melhor loja er\u00f3tica de Portugal.","alternateName":"Loja Er\u00f3tica Lovme","potentialAction":[{"@type":"SearchAction","target":{"@type":"EntryPoint","urlTemplate":"https:\/\/lovme.pt\/?s={search_term_string}"},"query-input":{"@type":"PropertyValueSpecification","valueRequired":true,"valueName":"search_term_string"}}],"inLanguage":"pt-PT"}]}},"_links":{"self":[{"href":"https:\/\/lovme.pt\/index.php\/wp-json\/wp\/v2\/product\/48132","targetHints":{"allow":["GET"]}}],"collection":[{"href":"https:\/\/lovme.pt\/index.php\/wp-json\/wp\/v2\/product"}],"about":[{"href":"https:\/\/lovme.pt\/index.php\/wp-json\/wp\/v2\/types\/product"}],"wp:featuredmedia":[{"embeddable":true,"href":"https:\/\/lovme.pt\/index.php\/wp-json\/wp\/v2\/media\/87822"}],"wp:attachment":[{"href":"https:\/\/lovme.pt\/index.php\/wp-json\/wp\/v2\/media?parent=48132"}],"wp:term":[{"taxonomy":"product_brand","embeddable":true,"href":"https:\/\/lovme.pt\/index.php\/wp-json\/wp\/v2\/product_brand?post=48132"},{"taxonomy":"product_cat","embeddable":true,"href":"https:\/\/lovme.pt\/index.php\/wp-json\/wp\/v2\/product_cat?post=48132"},{"taxonomy":"product_tag","embeddable":true,"href":"https:\/\/lovme.pt\/index.php\/wp-json\/wp\/v2\/product_tag?post=48132"}],"curies":[{"name":"wp","href":"https:\/\/api.w.org\/{rel}","templated":true}]}}