{"id":47957,"date":"2025-10-01T20:16:36","date_gmt":"2025-10-01T20:16:36","guid":{"rendered":"https:\/\/lovme.pt\/?post_type=product&#038;p=47957"},"modified":"2026-02-19T20:23:04","modified_gmt":"2026-02-19T20:23:04","slug":"calexotics-vibrador-la-love-e-ondas-estimulantes-azul-da-california-dreaming","status":"publish","type":"product","link":"https:\/\/lovme.pt\/index.php\/produto\/calexotics-vibrador-la-love-e-ondas-estimulantes-azul-da-california-dreaming\/","title":{"rendered":"CALEXOTICS &#8211; LA LOVE VIBRADOR E SUC\u00c7\u00c3O AZUL DA CALIFORNIA DREAMING"},"content":{"rendered":"<p>A divertida cole\u00e7\u00e3o California Dreaming d\u00e1 vida a fantasias luxuosas com o org\u00e1stico LA Love. O potente massageador est\u00e1 pronto para reviver suas aventuras favoritas de ver\u00e3o com 10 fun\u00e7\u00f5es de suc\u00e7\u00e3o \u00edntimas combinadas com 3 velocidades de vibra\u00e7\u00e3o e impulso independentes. O eixo sensual possui 3 velocidades de impulso e vibra\u00e7\u00e3o para garantir que voc\u00ea sempre acerte o ponto certo. Enquanto o impulso e as vibra\u00e7\u00f5es fazem sua m\u00e1gica, a ponta de suc\u00e7\u00e3o de cobertura total proporciona uma estimula\u00e7\u00e3o de suc\u00e7\u00e3o que faz os joelhos balan\u00e7arem. O revestimento do clit\u00f3ris possui 10 fun\u00e7\u00f5es de suc\u00e7\u00e3o para onda ap\u00f3s onda de estimula\u00e7\u00e3o externa org\u00e1stica. Enquanto a suc\u00e7\u00e3o provoca, o eixo com formato sensual e a ponta arredondada proporcionam impulsos profundos e estimula\u00e7\u00e3o vibrat\u00f3ria. Os giros que fazem os joelhos balan\u00e7arem nesta vibra\u00e7\u00e3o l\u00fadica n\u00e3o s\u00e3o para os fracos! Motores de pot\u00eancia tripla produzem impulsos profundos, vibra\u00e7\u00f5es estrondosas e suc\u00e7\u00e3o potente. Conecte o cabo USB fornecido \u00e0 porta de carregamento autovedante para recarregar sua paix\u00e3o em 2,5 horas. Desfrute de at\u00e9 90 minutos de prazer intenso. Para controlar a estimula\u00e7\u00e3o sem esfor\u00e7o, o elegante painel de controle de 3 bot\u00f5es permite que voc\u00ea opere as diferentes op\u00e7\u00f5es de prazer de forma independente. O chip de mem\u00f3ria de alta tecnologia lembra exatamente como voc\u00ea gosta e retoma a reprodu\u00e7\u00e3o com a \u00faltima fun\u00e7\u00e3o usada.<\/p>\n<\/p>\n<p> <u><strong>CARACTER\u00cdSTICAS:<\/strong><\/u><\/p>\n<ul>\n<li> Massageador potente com eixo vibrat\u00f3rio e de impulso, al\u00e9m de suc\u00e7\u00e3o intensa do clit\u00f3ris<\/li>\n<li> 3 velocidades de vibra\u00e7\u00e3o independentes e a\u00e7\u00e3o de impulso no eixo.<\/li>\n<li> 10 fun\u00e7\u00f5es independentes de suc\u00e7\u00e3o \u00edntima no estimulador<\/li>\n<li> motores triplos<\/li>\n<li> Silicone seguro para o corpo<\/li>\n<li> O chip de mem\u00f3ria de \u00faltima gera\u00e7\u00e3o retoma a \u00faltima fun\u00e7\u00e3o utilizada<\/li>\n<li> Recurso de bloqueio de seguran\u00e7a para viagens: pressione e segure por 3 segundos para ligar ou desligar<\/li>\n<li> Recarreg\u00e1vel USB: Cabo de carregamento inclu\u00eddo<\/li>\n<li> Carga completa em 2,5 horas<\/li>\n<li> Ele funciona por 30 minutos em alta velocidade e 90 minutos em baixa velocidade.<\/li>\n<li> Dimens\u00f5es: haste de 14 x 3,75 cm  estimulador de 5 x 2,5 cm<\/li>\n<\/ul>\n<p> <strong>A CalExotics<\/strong> vem transformando &#8220;fantasia em realidade&#8221; h\u00e1 mais de uma d\u00e9cada. Com uma aten\u00e7\u00e3o incompar\u00e1vel aos detalhes, a fundadora e propriet\u00e1ria <strong>da CalExotics<\/strong> , Susan Colvin, tornou a marca California Exotic Novelty sin\u00f4nimo de brinquedos adultos de qualidade. O fato de <strong>a CalExotics<\/strong> ser uma empresa de propriedade e administra\u00e7\u00e3o feminina desempenha um papel significativo em sua ascens\u00e3o mete\u00f3rica ao topo da ind\u00fastria de brinquedos e novidades para adultos.<\/p>\n","protected":false},"excerpt":{"rendered":"<p>CALEXOTICS &#8211; LA LOVE VIBRADOR E SUC\u00c7\u00c3O AZUL DA CALIFORNIA DREAMING<\/p>\n","protected":false},"featured_media":103407,"template":"","meta":{"_acf_changed":false},"product_brand":[],"product_cat":[17,61,64,76],"product_tag":[],"class_list":{"0":"post-47957","1":"product","2":"type-product","3":"status-publish","4":"has-post-thumbnail","6":"product_cat-brinquedos-de-bem-estar-sexual","7":"product_cat-para-elas","8":"product_cat-sugadores","9":"product_cat-vibradores","10":"yith_product_brand-calexotics","12":"first","13":"instock","14":"taxable","15":"shipping-taxable","16":"purchasable","17":"product-type-simple"},"acf":[],"yoast_head":"<!-- This site is optimized with the Yoast SEO plugin v27.3 - https:\/\/yoast.com\/product\/yoast-seo-wordpress\/ -->\n<title>CALEXOTICS - LA LOVE VIBRADOR E SUC\u00c7\u00c3O AZUL DA CALIFORNIA DREAMING - Lovme<\/title>\n<meta name=\"robots\" content=\"index, follow, max-snippet:-1, max-image-preview:large, max-video-preview:-1\" \/>\n<link rel=\"canonical\" href=\"https:\/\/lovme.pt\/index.php\/produto\/calexotics-vibrador-la-love-e-ondas-estimulantes-azul-da-california-dreaming\/\" \/>\n<meta property=\"og:locale\" content=\"pt_PT\" \/>\n<meta property=\"og:type\" content=\"article\" \/>\n<meta property=\"og:title\" content=\"CALEXOTICS - LA LOVE VIBRADOR E SUC\u00c7\u00c3O AZUL DA CALIFORNIA DREAMING - Lovme\" \/>\n<meta property=\"og:description\" content=\"CALEXOTICS - LA LOVE VIBRADOR E SUC\u00c7\u00c3O AZUL DA CALIFORNIA DREAMING\" \/>\n<meta property=\"og:url\" content=\"https:\/\/lovme.pt\/index.php\/produto\/calexotics-vibrador-la-love-e-ondas-estimulantes-azul-da-california-dreaming\/\" \/>\n<meta property=\"og:site_name\" content=\"Lovme\" \/>\n<meta property=\"article:modified_time\" content=\"2026-02-19T20:23:04+00:00\" \/>\n<meta property=\"og:image\" content=\"https:\/\/erki24nd3ub.exactdn.com\/wp-content\/uploads\/dream\/img\/img_174363_8b41259408cbb4cbeebd7b6222e80c39_1.jpg?strip=all\" \/>\n\t<meta property=\"og:image:width\" content=\"800\" \/>\n\t<meta property=\"og:image:height\" content=\"800\" \/>\n\t<meta property=\"og:image:type\" content=\"image\/jpeg\" \/>\n<meta name=\"twitter:card\" content=\"summary_large_image\" \/>\n<meta name=\"twitter:label1\" content=\"Tempo estimado de leitura\" \/>\n\t<meta name=\"twitter:data1\" content=\"2 minutos\" \/>\n<script type=\"application\/ld+json\" class=\"yoast-schema-graph\">{\"@context\":\"https:\\\/\\\/schema.org\",\"@graph\":[{\"@type\":\"WebPage\",\"@id\":\"https:\\\/\\\/lovme.pt\\\/index.php\\\/produto\\\/calexotics-vibrador-la-love-e-ondas-estimulantes-azul-da-california-dreaming\\\/\",\"url\":\"https:\\\/\\\/lovme.pt\\\/index.php\\\/produto\\\/calexotics-vibrador-la-love-e-ondas-estimulantes-azul-da-california-dreaming\\\/\",\"name\":\"CALEXOTICS - LA LOVE VIBRADOR E SUC\u00c7\u00c3O AZUL DA CALIFORNIA DREAMING - Lovme\",\"isPartOf\":{\"@id\":\"https:\\\/\\\/lovme.pt\\\/#website\"},\"primaryImageOfPage\":{\"@id\":\"https:\\\/\\\/lovme.pt\\\/index.php\\\/produto\\\/calexotics-vibrador-la-love-e-ondas-estimulantes-azul-da-california-dreaming\\\/#primaryimage\"},\"image\":{\"@id\":\"https:\\\/\\\/lovme.pt\\\/index.php\\\/produto\\\/calexotics-vibrador-la-love-e-ondas-estimulantes-azul-da-california-dreaming\\\/#primaryimage\"},\"thumbnailUrl\":\"https:\\\/\\\/erki24nd3ub.exactdn.com\\\/wp-content\\\/uploads\\\/dream\\\/img\\\/img_174363_8b41259408cbb4cbeebd7b6222e80c39_1.jpg?strip=all\",\"datePublished\":\"2025-10-01T20:16:36+00:00\",\"dateModified\":\"2026-02-19T20:23:04+00:00\",\"breadcrumb\":{\"@id\":\"https:\\\/\\\/lovme.pt\\\/index.php\\\/produto\\\/calexotics-vibrador-la-love-e-ondas-estimulantes-azul-da-california-dreaming\\\/#breadcrumb\"},\"inLanguage\":\"pt-PT\",\"potentialAction\":[{\"@type\":\"ReadAction\",\"target\":[\"https:\\\/\\\/lovme.pt\\\/index.php\\\/produto\\\/calexotics-vibrador-la-love-e-ondas-estimulantes-azul-da-california-dreaming\\\/\"]}]},{\"@type\":\"ImageObject\",\"inLanguage\":\"pt-PT\",\"@id\":\"https:\\\/\\\/lovme.pt\\\/index.php\\\/produto\\\/calexotics-vibrador-la-love-e-ondas-estimulantes-azul-da-california-dreaming\\\/#primaryimage\",\"url\":\"https:\\\/\\\/erki24nd3ub.exactdn.com\\\/wp-content\\\/uploads\\\/dream\\\/img\\\/img_174363_8b41259408cbb4cbeebd7b6222e80c39_1.jpg?strip=all\",\"contentUrl\":\"https:\\\/\\\/erki24nd3ub.exactdn.com\\\/wp-content\\\/uploads\\\/dream\\\/img\\\/img_174363_8b41259408cbb4cbeebd7b6222e80c39_1.jpg?strip=all\",\"width\":800,\"height\":800},{\"@type\":\"BreadcrumbList\",\"@id\":\"https:\\\/\\\/lovme.pt\\\/index.php\\\/produto\\\/calexotics-vibrador-la-love-e-ondas-estimulantes-azul-da-california-dreaming\\\/#breadcrumb\",\"itemListElement\":[{\"@type\":\"ListItem\",\"position\":1,\"name\":\"In\u00edcio\",\"item\":\"https:\\\/\\\/lovme.pt\\\/\"},{\"@type\":\"ListItem\",\"position\":2,\"name\":\"Loja\",\"item\":\"https:\\\/\\\/lovme.pt\\\/index.php\\\/loja\\\/\"},{\"@type\":\"ListItem\",\"position\":3,\"name\":\"CALEXOTICS &#8211; LA LOVE VIBRADOR E SUC\u00c7\u00c3O AZUL DA CALIFORNIA DREAMING\"}]},{\"@type\":\"WebSite\",\"@id\":\"https:\\\/\\\/lovme.pt\\\/#website\",\"url\":\"https:\\\/\\\/lovme.pt\\\/\",\"name\":\"Lovme Loja Er\u00f3tica N\u00ba1 em Portugal\",\"description\":\"A melhor loja er\u00f3tica de Portugal.\",\"alternateName\":\"Loja Er\u00f3tica Lovme\",\"potentialAction\":[{\"@type\":\"SearchAction\",\"target\":{\"@type\":\"EntryPoint\",\"urlTemplate\":\"https:\\\/\\\/lovme.pt\\\/?s={search_term_string}\"},\"query-input\":{\"@type\":\"PropertyValueSpecification\",\"valueRequired\":true,\"valueName\":\"search_term_string\"}}],\"inLanguage\":\"pt-PT\"}]}<\/script>\n<!-- \/ Yoast SEO plugin. -->","yoast_head_json":{"title":"CALEXOTICS - LA LOVE VIBRADOR E SUC\u00c7\u00c3O AZUL DA CALIFORNIA DREAMING - Lovme","robots":{"index":"index","follow":"follow","max-snippet":"max-snippet:-1","max-image-preview":"max-image-preview:large","max-video-preview":"max-video-preview:-1"},"canonical":"https:\/\/lovme.pt\/index.php\/produto\/calexotics-vibrador-la-love-e-ondas-estimulantes-azul-da-california-dreaming\/","og_locale":"pt_PT","og_type":"article","og_title":"CALEXOTICS - LA LOVE VIBRADOR E SUC\u00c7\u00c3O AZUL DA CALIFORNIA DREAMING - Lovme","og_description":"CALEXOTICS - LA LOVE VIBRADOR E SUC\u00c7\u00c3O AZUL DA CALIFORNIA DREAMING","og_url":"https:\/\/lovme.pt\/index.php\/produto\/calexotics-vibrador-la-love-e-ondas-estimulantes-azul-da-california-dreaming\/","og_site_name":"Lovme","article_modified_time":"2026-02-19T20:23:04+00:00","og_image":[{"width":800,"height":800,"url":"https:\/\/erki24nd3ub.exactdn.com\/wp-content\/uploads\/dream\/img\/img_174363_8b41259408cbb4cbeebd7b6222e80c39_1.jpg?strip=all","type":"image\/jpeg"}],"twitter_card":"summary_large_image","twitter_misc":{"Tempo estimado de leitura":"2 minutos"},"schema":{"@context":"https:\/\/schema.org","@graph":[{"@type":"WebPage","@id":"https:\/\/lovme.pt\/index.php\/produto\/calexotics-vibrador-la-love-e-ondas-estimulantes-azul-da-california-dreaming\/","url":"https:\/\/lovme.pt\/index.php\/produto\/calexotics-vibrador-la-love-e-ondas-estimulantes-azul-da-california-dreaming\/","name":"CALEXOTICS - LA LOVE VIBRADOR E SUC\u00c7\u00c3O AZUL DA CALIFORNIA DREAMING - Lovme","isPartOf":{"@id":"https:\/\/lovme.pt\/#website"},"primaryImageOfPage":{"@id":"https:\/\/lovme.pt\/index.php\/produto\/calexotics-vibrador-la-love-e-ondas-estimulantes-azul-da-california-dreaming\/#primaryimage"},"image":{"@id":"https:\/\/lovme.pt\/index.php\/produto\/calexotics-vibrador-la-love-e-ondas-estimulantes-azul-da-california-dreaming\/#primaryimage"},"thumbnailUrl":"https:\/\/erki24nd3ub.exactdn.com\/wp-content\/uploads\/dream\/img\/img_174363_8b41259408cbb4cbeebd7b6222e80c39_1.jpg?strip=all","datePublished":"2025-10-01T20:16:36+00:00","dateModified":"2026-02-19T20:23:04+00:00","breadcrumb":{"@id":"https:\/\/lovme.pt\/index.php\/produto\/calexotics-vibrador-la-love-e-ondas-estimulantes-azul-da-california-dreaming\/#breadcrumb"},"inLanguage":"pt-PT","potentialAction":[{"@type":"ReadAction","target":["https:\/\/lovme.pt\/index.php\/produto\/calexotics-vibrador-la-love-e-ondas-estimulantes-azul-da-california-dreaming\/"]}]},{"@type":"ImageObject","inLanguage":"pt-PT","@id":"https:\/\/lovme.pt\/index.php\/produto\/calexotics-vibrador-la-love-e-ondas-estimulantes-azul-da-california-dreaming\/#primaryimage","url":"https:\/\/erki24nd3ub.exactdn.com\/wp-content\/uploads\/dream\/img\/img_174363_8b41259408cbb4cbeebd7b6222e80c39_1.jpg?strip=all","contentUrl":"https:\/\/erki24nd3ub.exactdn.com\/wp-content\/uploads\/dream\/img\/img_174363_8b41259408cbb4cbeebd7b6222e80c39_1.jpg?strip=all","width":800,"height":800},{"@type":"BreadcrumbList","@id":"https:\/\/lovme.pt\/index.php\/produto\/calexotics-vibrador-la-love-e-ondas-estimulantes-azul-da-california-dreaming\/#breadcrumb","itemListElement":[{"@type":"ListItem","position":1,"name":"In\u00edcio","item":"https:\/\/lovme.pt\/"},{"@type":"ListItem","position":2,"name":"Loja","item":"https:\/\/lovme.pt\/index.php\/loja\/"},{"@type":"ListItem","position":3,"name":"CALEXOTICS &#8211; LA LOVE VIBRADOR E SUC\u00c7\u00c3O AZUL DA CALIFORNIA DREAMING"}]},{"@type":"WebSite","@id":"https:\/\/lovme.pt\/#website","url":"https:\/\/lovme.pt\/","name":"Lovme Loja Er\u00f3tica N\u00ba1 em Portugal","description":"A melhor loja er\u00f3tica de Portugal.","alternateName":"Loja Er\u00f3tica Lovme","potentialAction":[{"@type":"SearchAction","target":{"@type":"EntryPoint","urlTemplate":"https:\/\/lovme.pt\/?s={search_term_string}"},"query-input":{"@type":"PropertyValueSpecification","valueRequired":true,"valueName":"search_term_string"}}],"inLanguage":"pt-PT"}]}},"_links":{"self":[{"href":"https:\/\/lovme.pt\/index.php\/wp-json\/wp\/v2\/product\/47957","targetHints":{"allow":["GET"]}}],"collection":[{"href":"https:\/\/lovme.pt\/index.php\/wp-json\/wp\/v2\/product"}],"about":[{"href":"https:\/\/lovme.pt\/index.php\/wp-json\/wp\/v2\/types\/product"}],"wp:featuredmedia":[{"embeddable":true,"href":"https:\/\/lovme.pt\/index.php\/wp-json\/wp\/v2\/media\/103407"}],"wp:attachment":[{"href":"https:\/\/lovme.pt\/index.php\/wp-json\/wp\/v2\/media?parent=47957"}],"wp:term":[{"taxonomy":"product_brand","embeddable":true,"href":"https:\/\/lovme.pt\/index.php\/wp-json\/wp\/v2\/product_brand?post=47957"},{"taxonomy":"product_cat","embeddable":true,"href":"https:\/\/lovme.pt\/index.php\/wp-json\/wp\/v2\/product_cat?post=47957"},{"taxonomy":"product_tag","embeddable":true,"href":"https:\/\/lovme.pt\/index.php\/wp-json\/wp\/v2\/product_tag?post=47957"}],"curies":[{"name":"wp","href":"https:\/\/api.w.org\/{rel}","templated":true}]}}