{"id":46916,"date":"2025-09-30T10:12:53","date_gmt":"2025-09-30T10:12:53","guid":{"rendered":"https:\/\/lovme.pt\/?post_type=product&p=46916"},"modified":"2026-02-19T20:06:57","modified_gmt":"2026-02-19T20:06:57","slug":"calexotics-admiral-anel-de-galo-ponderado-azul","status":"publish","type":"product","link":"https:\/\/lovme.pt\/index.php\/produto\/calexotics-admiral-anel-de-galo-ponderado-azul\/","title":{"rendered":"CALEXOTICS &#8211; ADMIRAL ANEL DE GALO PONDERADO AZUL"},"content":{"rendered":"<p>O anel peniano ponderado <strong>Admiral Plug and Play<\/strong> ir\u00e1 mand\u00e1-lo embora! levar\u00e1 voc\u00ea e seu amante ao \u00eaxtase. O intensificador de vibra\u00e7\u00e3o de silicone el\u00e1stico tem avan\u00e7os exclusivos, peso adicional e 10 fun\u00e7\u00f5es de vibra\u00e7\u00e3o poderosas.<\/p>\n<p>O luxuoso anel peniano \u00e9 combinado com um peso de ovo perfeito para excitar a cada movimento e pux\u00e3o. Desfrute de uma estimula\u00e7\u00e3o sensacional de balan\u00e7o ou divirta-se mais com o vers\u00e1til anel peniano. Fun\u00e7\u00e3o \u00fatil de sonda anal. Alcance o pr\u00f3ximo n\u00edvel de prazer com 10 fun\u00e7\u00f5es de vibra\u00e7\u00e3o e um teaser feito para deixar sua mulher em um estado de felicidade org\u00e1stica.<\/p>\n<p>\u00c0 medida que voc\u00ea atinge o pr\u00f3ximo n\u00edvel de prazer, os motores duplos e as c\u00f3cegas sensuais deixar\u00e3o sua senhora em um estado de felicidade org\u00e1stica. O luxuoso anel de silicone seguro para o corpo funciona para aumentar a resist\u00eancia e a espessura para fazer seu amante gemer por mais, mais, mais. O anel duplo justo maximiza a sensibilidade e aumenta a sensa\u00e7\u00e3o em todo o p\u00eanis, permitindo que os homens desfrutem do prazer por mais tempo e com mais for\u00e7a.<\/p>\n<p>Leve este anel \u00e0 prova d\u00e1gua para dar um mergulho e desfrute dessas vibra\u00e7\u00f5es poderosas na banheira, no chuveiro ou na banheira de hidromassagem. Este apaixonante anel peniano lembra exatamente como voc\u00ea gosta com o chip de mem\u00f3ria. \u00c9 de \u00faltima gera\u00e7\u00e3o e pode detectar a \u00faltima fun\u00e7\u00e3o utilizada.<\/p>\n<p>Desfrute de at\u00e9 60 minutos de vibra\u00e7\u00f5es em baixa velocidade ou 45 minutos de estimula\u00e7\u00e3o em alta velocidade com cada carga. Para recarregar suas paix\u00f5es, conecte o cabo de carregamento USB inclu\u00eddo \u00e0 porta de carregamento com autocura e aguarde 1 hora para que possa ser totalmente recarregado.<\/p>\n<p>\u00a0<\/p>\n<p><u><strong>CARACTER\u00cdSTICAS:<\/strong><\/u><\/p>\n<ul>\n<li><strong>Dimens\u00f5es do produto<\/strong> : intensificador de 7,5 x 7 cm  3,75 cm de di\u00e2metro  anel  Plugue 5 x 3,25 cm  26,75 x 7,5 cm no total<\/li>\n<li><strong>Comprimento total<\/strong> : 26,75 cm<\/li>\n<li><strong>Di\u00e2metro<\/strong> : 3,75 cm<\/li>\n<li><strong>Vibrante<\/strong> : Sim<\/li>\n<li><strong>Modos de vibra\u00e7\u00e3o<\/strong> : 10<\/li>\n<li><strong>Resist\u00eancia \u00e0 \u00e1gua<\/strong> : Sim<\/li>\n<li><strong>Material<\/strong> : decora\u00e7\u00e3o ABS intensificador de silicone<\/li>\n<li><strong>Recarreg\u00e1vel<\/strong> : Sim<\/li>\n<li><strong>Tempo de opera\u00e7\u00e3o em minutos<\/strong> : 45<\/li>\n<li><strong>Tempo de carregamento em minutos<\/strong> : 45<\/li>\n<li><strong>Peso para puro prazer:<\/strong> 1,6 on\u00e7as\/45 g<\/li>\n<li>Potentes motores duplos<\/li>\n<li>Chip de mem\u00f3ria de \u00faltima gera\u00e7\u00e3o \u00e9 retomado com a \u00faltima fun\u00e7\u00e3o usada<\/li>\n<li>F\u00e1cil controle de bot\u00e3o: pressione e segure por 3 segundos para ligar ou desligar<\/li>\n<\/ul>\n<p><strong>A CalExotics<\/strong> tem transformado constantemente \u201cfantasia em realidade\u201d h\u00e1 mais de uma d\u00e9cada. Com aten\u00e7\u00e3o incompar\u00e1vel aos detalhes, a fundadora e propriet\u00e1ria da CalExotics, Susan Colvin, tornou a marca California Exotic Novelty sin\u00f4nimo de brinquedos para adultos de qualidade. O fato de a CalExotics ser uma empresa pertencente e operada por mulheres desempenha um papel importante em sua ascens\u00e3o mete\u00f3rica ao topo da ind\u00fastria de brinquedos e novidades para adultos. .<\/p>\n","protected":false},"excerpt":{"rendered":"<p>CALEXOTICS &#8211; ADMIRAL ANEL DE GALO PONDERADO AZUL<\/p>\n","protected":false},"featured_media":64146,"template":"","meta":{"_acf_changed":false},"product_brand":[],"product_cat":[17,59,60],"product_tag":[],"class_list":{"0":"post-46916","1":"product","2":"type-product","3":"status-publish","4":"has-post-thumbnail","6":"product_cat-brinquedos-de-bem-estar-sexual","7":"product_cat-para-casais","8":"product_cat-para-eles","9":"yith_product_brand-calexotics","11":"first","12":"instock","13":"taxable","14":"shipping-taxable","15":"purchasable","16":"product-type-simple"},"acf":[],"yoast_head":"<!-- This site is optimized with the Yoast SEO plugin v27.4 - https:\/\/yoast.com\/product\/yoast-seo-wordpress\/ -->\n<title>CALEXOTICS - ADMIRAL ANEL DE GALO PONDERADO AZUL - Lovme<\/title>\n<meta name=\"robots\" content=\"index, follow, max-snippet:-1, max-image-preview:large, max-video-preview:-1\" \/>\n<link rel=\"canonical\" href=\"https:\/\/lovme.pt\/index.php\/produto\/calexotics-admiral-anel-de-galo-ponderado-azul\/\" \/>\n<meta property=\"og:locale\" content=\"pt_PT\" \/>\n<meta property=\"og:type\" content=\"article\" \/>\n<meta property=\"og:title\" content=\"CALEXOTICS - ADMIRAL ANEL DE GALO PONDERADO AZUL - Lovme\" \/>\n<meta property=\"og:description\" content=\"CALEXOTICS - ADMIRAL ANEL DE GALO PONDERADO AZUL\" \/>\n<meta property=\"og:url\" content=\"https:\/\/lovme.pt\/index.php\/produto\/calexotics-admiral-anel-de-galo-ponderado-azul\/\" \/>\n<meta property=\"og:site_name\" content=\"Lovme\" \/>\n<meta property=\"article:modified_time\" content=\"2026-02-19T20:06:57+00:00\" \/>\n<meta property=\"og:image\" content=\"https:\/\/erki24nd3ub.exactdn.com\/wp-content\/uploads\/dream\/img\/img_165747_2002ed1f22986c388b1aa8bbddc6ff3f_1.jpg?strip=all\" \/>\n\t<meta property=\"og:image:width\" content=\"800\" \/>\n\t<meta property=\"og:image:height\" content=\"800\" \/>\n\t<meta property=\"og:image:type\" content=\"image\/jpeg\" \/>\n<meta name=\"twitter:card\" content=\"summary_large_image\" \/>\n<meta name=\"twitter:label1\" content=\"Tempo estimado de leitura\" \/>\n\t<meta name=\"twitter:data1\" content=\"2 minutos\" \/>\n<script type=\"application\/ld+json\" class=\"yoast-schema-graph\">{\"@context\":\"https:\\\/\\\/schema.org\",\"@graph\":[{\"@type\":\"WebPage\",\"@id\":\"https:\\\/\\\/lovme.pt\\\/index.php\\\/produto\\\/calexotics-admiral-anel-de-galo-ponderado-azul\\\/\",\"url\":\"https:\\\/\\\/lovme.pt\\\/index.php\\\/produto\\\/calexotics-admiral-anel-de-galo-ponderado-azul\\\/\",\"name\":\"CALEXOTICS - ADMIRAL ANEL DE GALO PONDERADO AZUL - Lovme\",\"isPartOf\":{\"@id\":\"https:\\\/\\\/lovme.pt\\\/#website\"},\"primaryImageOfPage\":{\"@id\":\"https:\\\/\\\/lovme.pt\\\/index.php\\\/produto\\\/calexotics-admiral-anel-de-galo-ponderado-azul\\\/#primaryimage\"},\"image\":{\"@id\":\"https:\\\/\\\/lovme.pt\\\/index.php\\\/produto\\\/calexotics-admiral-anel-de-galo-ponderado-azul\\\/#primaryimage\"},\"thumbnailUrl\":\"https:\\\/\\\/erki24nd3ub.exactdn.com\\\/wp-content\\\/uploads\\\/dream\\\/img\\\/img_165747_2002ed1f22986c388b1aa8bbddc6ff3f_1.jpg?strip=all\",\"datePublished\":\"2025-09-30T10:12:53+00:00\",\"dateModified\":\"2026-02-19T20:06:57+00:00\",\"breadcrumb\":{\"@id\":\"https:\\\/\\\/lovme.pt\\\/index.php\\\/produto\\\/calexotics-admiral-anel-de-galo-ponderado-azul\\\/#breadcrumb\"},\"inLanguage\":\"pt-PT\",\"potentialAction\":[{\"@type\":\"ReadAction\",\"target\":[\"https:\\\/\\\/lovme.pt\\\/index.php\\\/produto\\\/calexotics-admiral-anel-de-galo-ponderado-azul\\\/\"]}]},{\"@type\":\"ImageObject\",\"inLanguage\":\"pt-PT\",\"@id\":\"https:\\\/\\\/lovme.pt\\\/index.php\\\/produto\\\/calexotics-admiral-anel-de-galo-ponderado-azul\\\/#primaryimage\",\"url\":\"https:\\\/\\\/erki24nd3ub.exactdn.com\\\/wp-content\\\/uploads\\\/dream\\\/img\\\/img_165747_2002ed1f22986c388b1aa8bbddc6ff3f_1.jpg?strip=all\",\"contentUrl\":\"https:\\\/\\\/erki24nd3ub.exactdn.com\\\/wp-content\\\/uploads\\\/dream\\\/img\\\/img_165747_2002ed1f22986c388b1aa8bbddc6ff3f_1.jpg?strip=all\",\"width\":800,\"height\":800},{\"@type\":\"BreadcrumbList\",\"@id\":\"https:\\\/\\\/lovme.pt\\\/index.php\\\/produto\\\/calexotics-admiral-anel-de-galo-ponderado-azul\\\/#breadcrumb\",\"itemListElement\":[{\"@type\":\"ListItem\",\"position\":1,\"name\":\"In\u00edcio\",\"item\":\"https:\\\/\\\/lovme.pt\\\/\"},{\"@type\":\"ListItem\",\"position\":2,\"name\":\"Loja\",\"item\":\"https:\\\/\\\/lovme.pt\\\/index.php\\\/loja\\\/\"},{\"@type\":\"ListItem\",\"position\":3,\"name\":\"CALEXOTICS &#8211; ADMIRAL ANEL DE GALO PONDERADO AZUL\"}]},{\"@type\":\"WebSite\",\"@id\":\"https:\\\/\\\/lovme.pt\\\/#website\",\"url\":\"https:\\\/\\\/lovme.pt\\\/\",\"name\":\"Lovme Loja Er\u00f3tica N\u00ba1 em Portugal\",\"description\":\"A melhor loja er\u00f3tica de Portugal.\",\"alternateName\":\"Loja Er\u00f3tica Lovme\",\"potentialAction\":[{\"@type\":\"SearchAction\",\"target\":{\"@type\":\"EntryPoint\",\"urlTemplate\":\"https:\\\/\\\/lovme.pt\\\/?s={search_term_string}\"},\"query-input\":{\"@type\":\"PropertyValueSpecification\",\"valueRequired\":true,\"valueName\":\"search_term_string\"}}],\"inLanguage\":\"pt-PT\"}]}<\/script>\n<!-- \/ Yoast SEO plugin. -->","yoast_head_json":{"title":"CALEXOTICS - ADMIRAL ANEL DE GALO PONDERADO AZUL - Lovme","robots":{"index":"index","follow":"follow","max-snippet":"max-snippet:-1","max-image-preview":"max-image-preview:large","max-video-preview":"max-video-preview:-1"},"canonical":"https:\/\/lovme.pt\/index.php\/produto\/calexotics-admiral-anel-de-galo-ponderado-azul\/","og_locale":"pt_PT","og_type":"article","og_title":"CALEXOTICS - ADMIRAL ANEL DE GALO PONDERADO AZUL - Lovme","og_description":"CALEXOTICS - ADMIRAL ANEL DE GALO PONDERADO AZUL","og_url":"https:\/\/lovme.pt\/index.php\/produto\/calexotics-admiral-anel-de-galo-ponderado-azul\/","og_site_name":"Lovme","article_modified_time":"2026-02-19T20:06:57+00:00","og_image":[{"width":800,"height":800,"url":"https:\/\/erki24nd3ub.exactdn.com\/wp-content\/uploads\/dream\/img\/img_165747_2002ed1f22986c388b1aa8bbddc6ff3f_1.jpg?strip=all","type":"image\/jpeg"}],"twitter_card":"summary_large_image","twitter_misc":{"Tempo estimado de leitura":"2 minutos"},"schema":{"@context":"https:\/\/schema.org","@graph":[{"@type":"WebPage","@id":"https:\/\/lovme.pt\/index.php\/produto\/calexotics-admiral-anel-de-galo-ponderado-azul\/","url":"https:\/\/lovme.pt\/index.php\/produto\/calexotics-admiral-anel-de-galo-ponderado-azul\/","name":"CALEXOTICS - ADMIRAL ANEL DE GALO PONDERADO AZUL - Lovme","isPartOf":{"@id":"https:\/\/lovme.pt\/#website"},"primaryImageOfPage":{"@id":"https:\/\/lovme.pt\/index.php\/produto\/calexotics-admiral-anel-de-galo-ponderado-azul\/#primaryimage"},"image":{"@id":"https:\/\/lovme.pt\/index.php\/produto\/calexotics-admiral-anel-de-galo-ponderado-azul\/#primaryimage"},"thumbnailUrl":"https:\/\/erki24nd3ub.exactdn.com\/wp-content\/uploads\/dream\/img\/img_165747_2002ed1f22986c388b1aa8bbddc6ff3f_1.jpg?strip=all","datePublished":"2025-09-30T10:12:53+00:00","dateModified":"2026-02-19T20:06:57+00:00","breadcrumb":{"@id":"https:\/\/lovme.pt\/index.php\/produto\/calexotics-admiral-anel-de-galo-ponderado-azul\/#breadcrumb"},"inLanguage":"pt-PT","potentialAction":[{"@type":"ReadAction","target":["https:\/\/lovme.pt\/index.php\/produto\/calexotics-admiral-anel-de-galo-ponderado-azul\/"]}]},{"@type":"ImageObject","inLanguage":"pt-PT","@id":"https:\/\/lovme.pt\/index.php\/produto\/calexotics-admiral-anel-de-galo-ponderado-azul\/#primaryimage","url":"https:\/\/erki24nd3ub.exactdn.com\/wp-content\/uploads\/dream\/img\/img_165747_2002ed1f22986c388b1aa8bbddc6ff3f_1.jpg?strip=all","contentUrl":"https:\/\/erki24nd3ub.exactdn.com\/wp-content\/uploads\/dream\/img\/img_165747_2002ed1f22986c388b1aa8bbddc6ff3f_1.jpg?strip=all","width":800,"height":800},{"@type":"BreadcrumbList","@id":"https:\/\/lovme.pt\/index.php\/produto\/calexotics-admiral-anel-de-galo-ponderado-azul\/#breadcrumb","itemListElement":[{"@type":"ListItem","position":1,"name":"In\u00edcio","item":"https:\/\/lovme.pt\/"},{"@type":"ListItem","position":2,"name":"Loja","item":"https:\/\/lovme.pt\/index.php\/loja\/"},{"@type":"ListItem","position":3,"name":"CALEXOTICS &#8211; ADMIRAL ANEL DE GALO PONDERADO AZUL"}]},{"@type":"WebSite","@id":"https:\/\/lovme.pt\/#website","url":"https:\/\/lovme.pt\/","name":"Lovme Loja Er\u00f3tica N\u00ba1 em Portugal","description":"A melhor loja er\u00f3tica de Portugal.","alternateName":"Loja Er\u00f3tica Lovme","potentialAction":[{"@type":"SearchAction","target":{"@type":"EntryPoint","urlTemplate":"https:\/\/lovme.pt\/?s={search_term_string}"},"query-input":{"@type":"PropertyValueSpecification","valueRequired":true,"valueName":"search_term_string"}}],"inLanguage":"pt-PT"}]}},"_links":{"self":[{"href":"https:\/\/lovme.pt\/index.php\/wp-json\/wp\/v2\/product\/46916","targetHints":{"allow":["GET"]}}],"collection":[{"href":"https:\/\/lovme.pt\/index.php\/wp-json\/wp\/v2\/product"}],"about":[{"href":"https:\/\/lovme.pt\/index.php\/wp-json\/wp\/v2\/types\/product"}],"wp:featuredmedia":[{"embeddable":true,"href":"https:\/\/lovme.pt\/index.php\/wp-json\/wp\/v2\/media\/64146"}],"wp:attachment":[{"href":"https:\/\/lovme.pt\/index.php\/wp-json\/wp\/v2\/media?parent=46916"}],"wp:term":[{"taxonomy":"product_brand","embeddable":true,"href":"https:\/\/lovme.pt\/index.php\/wp-json\/wp\/v2\/product_brand?post=46916"},{"taxonomy":"product_cat","embeddable":true,"href":"https:\/\/lovme.pt\/index.php\/wp-json\/wp\/v2\/product_cat?post=46916"},{"taxonomy":"product_tag","embeddable":true,"href":"https:\/\/lovme.pt\/index.php\/wp-json\/wp\/v2\/product_tag?post=46916"}],"curies":[{"name":"wp","href":"https:\/\/api.w.org\/{rel}","templated":true}]}}