{"id":46906,"date":"2025-09-30T10:00:21","date_gmt":"2025-09-30T10:00:21","guid":{"rendered":"https:\/\/lovme.pt\/?post_type=product&#038;p=46906"},"modified":"2026-02-19T20:23:17","modified_gmt":"2026-02-19T20:23:17","slug":"we-vibe-rave-2-vibrador-g-spot-azul","status":"publish","type":"product","link":"https:\/\/lovme.pt\/index.php\/produto\/we-vibe-rave-2-vibrador-g-spot-azul\/","title":{"rendered":"WE-VIBE &#8211; RAVE 2 VIBRADOR PUNTO G AZUL"},"content":{"rendered":"<p><strong>We-Vibe Rave 2<\/strong> est\u00e1 dispon\u00edvel Projetado para puro prazer, visando o ponto G e a abertura vaginal com vibra\u00e7\u00f5es satisfat\u00f3rias para um cl\u00edmax intenso. Seu formato prazeroso torcido, silicone macio e ajuste ajust\u00e1vel garantem uma experi\u00eancia inesquec\u00edvel.<\/p>\n<p>\u00a0<\/p>\n<p><u><strong>CARACTER\u00cdSTICAS<\/strong><\/u> :<\/p>\n<ul>\n<li><strong>\u00c0 prova d\u00e1gua IPX7:<\/strong> divirta-se na banheira ou no chuveiro com impermeabiliza\u00e7\u00e3o IPX7<\/li>\n<li><strong>Estimula\u00e7\u00e3o dupla:<\/strong> a estimula\u00e7\u00e3o dupla visa o ponto G e o clit\u00f3ris<\/li>\n<li><strong>Formato ergon\u00f4mico:<\/strong> Projetado e moldado para funcionar perfeitamente com o seu corpo<\/li>\n<li><strong>Ajuste ajust\u00e1vel:<\/strong> usado durante o sexo, o *brinquedo* se adapta ao seu corpo \u00fanico<\/li>\n<li><strong>Aplicativo We-Vibe:<\/strong> controle seus brinquedos, mesmo \u00e0 dist\u00e2ncia, com um toque na tela do smartphone<\/li>\n<\/ul>\n<p><u><strong>ESPECIFICA\u00c7\u00d5ES:<\/strong><\/u><\/p>\n<ul>\n<li><strong>Modelo<\/strong> : vibrador de ponto G<\/li>\n<li><strong>Cores<\/strong> : Rosa e azul<\/li>\n<li><strong>Bateria<\/strong> : bateria de \u00edon de l\u00edtio recarreg\u00e1vel USB<\/li>\n<li><strong>Dura\u00e7\u00e3o<\/strong> : 120 minutos<\/li>\n<li><strong>Tempo de carregamento<\/strong> : 90 minutos<\/li>\n<li><strong>Materiais<\/strong> : Silicone seguro para o corpo. Livre de ftalatos e BPA e fabricado sem l\u00e1tex.<\/li>\n<li><strong>Dimens\u00f5es<\/strong> : 21,7 x 8,5 x 3,9 cm &#8211; comprimento x largura x altura<\/li>\n<\/ul>\n<p>\u00a0<\/p>\n<p><u><strong>Como jogar?<\/strong><\/u><\/p>\n<p>1. Aplique um lubrificante \u00e0 base de \u00e1gua na cabe\u00e7a do brinquedo e deslize-o para dentro da vagina.<br \/>2. Ao virar o brinquedo, ele fica em contato constante com o ponto G, massageando constantemente a \u00e1rea.<br \/>3. Percorra diferentes modos de padr\u00e3o de vibra\u00e7\u00e3o e n\u00edveis de intensidade usando os bot\u00f5es + e &#8211; do brinquedo ou usando o aplicativo We-Vibe.<\/p>\n","protected":false},"excerpt":{"rendered":"<p>WE-VIBE &#8211; RAVE 2 VIBRADOR G-SPOT AZUL<\/p>\n","protected":false},"featured_media":60843,"template":"","meta":{"_acf_changed":false},"product_brand":[],"product_cat":[17,76],"product_tag":[],"class_list":{"0":"post-46906","1":"product","2":"type-product","3":"status-publish","4":"has-post-thumbnail","6":"product_cat-brinquedos-de-bem-estar-sexual","7":"product_cat-vibradores","8":"yith_product_brand-we-vibe","10":"first","11":"instock","12":"taxable","13":"shipping-taxable","14":"purchasable","15":"product-type-variable","16":"has-default-attributes"},"acf":[],"yoast_head":"<!-- This site is optimized with the Yoast SEO plugin v27.4 - https:\/\/yoast.com\/product\/yoast-seo-wordpress\/ -->\n<title>WE-VIBE - RAVE 2 VIBRADOR PUNTO G AZUL - Lovme<\/title>\n<meta name=\"robots\" content=\"index, follow, max-snippet:-1, max-image-preview:large, max-video-preview:-1\" \/>\n<link rel=\"canonical\" href=\"https:\/\/lovme.pt\/index.php\/produto\/we-vibe-rave-2-vibrador-g-spot-azul\/\" \/>\n<meta property=\"og:locale\" content=\"pt_PT\" \/>\n<meta property=\"og:type\" content=\"article\" \/>\n<meta property=\"og:title\" content=\"WE-VIBE - RAVE 2 VIBRADOR PUNTO G AZUL - Lovme\" \/>\n<meta property=\"og:description\" content=\"WE-VIBE - RAVE 2 VIBRADOR G-SPOT AZUL\" \/>\n<meta property=\"og:url\" content=\"https:\/\/lovme.pt\/index.php\/produto\/we-vibe-rave-2-vibrador-g-spot-azul\/\" \/>\n<meta property=\"og:site_name\" content=\"Lovme\" \/>\n<meta property=\"article:modified_time\" content=\"2026-02-19T20:23:17+00:00\" \/>\n<meta property=\"og:image\" content=\"https:\/\/erki24nd3ub.exactdn.com\/wp-content\/uploads\/dream\/img\/img_210693_f945b8e367217539e864bc5f81692e3e_1.png?strip=all\" \/>\n\t<meta property=\"og:image:width\" content=\"900\" \/>\n\t<meta property=\"og:image:height\" content=\"900\" \/>\n\t<meta property=\"og:image:type\" content=\"image\/png\" \/>\n<meta name=\"twitter:card\" content=\"summary_large_image\" \/>\n<meta name=\"twitter:label1\" content=\"Tempo estimado de leitura\" \/>\n\t<meta name=\"twitter:data1\" content=\"1 minuto\" \/>\n<script type=\"application\/ld+json\" class=\"yoast-schema-graph\">{\"@context\":\"https:\\\/\\\/schema.org\",\"@graph\":[{\"@type\":\"WebPage\",\"@id\":\"https:\\\/\\\/lovme.pt\\\/index.php\\\/produto\\\/we-vibe-rave-2-vibrador-g-spot-azul\\\/\",\"url\":\"https:\\\/\\\/lovme.pt\\\/index.php\\\/produto\\\/we-vibe-rave-2-vibrador-g-spot-azul\\\/\",\"name\":\"WE-VIBE - RAVE 2 VIBRADOR PUNTO G AZUL - Lovme\",\"isPartOf\":{\"@id\":\"https:\\\/\\\/lovme.pt\\\/#website\"},\"primaryImageOfPage\":{\"@id\":\"https:\\\/\\\/lovme.pt\\\/index.php\\\/produto\\\/we-vibe-rave-2-vibrador-g-spot-azul\\\/#primaryimage\"},\"image\":{\"@id\":\"https:\\\/\\\/lovme.pt\\\/index.php\\\/produto\\\/we-vibe-rave-2-vibrador-g-spot-azul\\\/#primaryimage\"},\"thumbnailUrl\":\"https:\\\/\\\/erki24nd3ub.exactdn.com\\\/wp-content\\\/uploads\\\/dream\\\/img\\\/img_210693_f945b8e367217539e864bc5f81692e3e_1.png?strip=all\",\"datePublished\":\"2025-09-30T10:00:21+00:00\",\"dateModified\":\"2026-02-19T20:23:17+00:00\",\"breadcrumb\":{\"@id\":\"https:\\\/\\\/lovme.pt\\\/index.php\\\/produto\\\/we-vibe-rave-2-vibrador-g-spot-azul\\\/#breadcrumb\"},\"inLanguage\":\"pt-PT\",\"potentialAction\":[{\"@type\":\"ReadAction\",\"target\":[\"https:\\\/\\\/lovme.pt\\\/index.php\\\/produto\\\/we-vibe-rave-2-vibrador-g-spot-azul\\\/\"]}]},{\"@type\":\"ImageObject\",\"inLanguage\":\"pt-PT\",\"@id\":\"https:\\\/\\\/lovme.pt\\\/index.php\\\/produto\\\/we-vibe-rave-2-vibrador-g-spot-azul\\\/#primaryimage\",\"url\":\"https:\\\/\\\/erki24nd3ub.exactdn.com\\\/wp-content\\\/uploads\\\/dream\\\/img\\\/img_210693_f945b8e367217539e864bc5f81692e3e_1.png?strip=all\",\"contentUrl\":\"https:\\\/\\\/erki24nd3ub.exactdn.com\\\/wp-content\\\/uploads\\\/dream\\\/img\\\/img_210693_f945b8e367217539e864bc5f81692e3e_1.png?strip=all\",\"width\":900,\"height\":900},{\"@type\":\"BreadcrumbList\",\"@id\":\"https:\\\/\\\/lovme.pt\\\/index.php\\\/produto\\\/we-vibe-rave-2-vibrador-g-spot-azul\\\/#breadcrumb\",\"itemListElement\":[{\"@type\":\"ListItem\",\"position\":1,\"name\":\"In\u00edcio\",\"item\":\"https:\\\/\\\/lovme.pt\\\/\"},{\"@type\":\"ListItem\",\"position\":2,\"name\":\"Loja\",\"item\":\"https:\\\/\\\/lovme.pt\\\/index.php\\\/loja\\\/\"},{\"@type\":\"ListItem\",\"position\":3,\"name\":\"WE-VIBE &#8211; RAVE 2 VIBRADOR PUNTO G AZUL\"}]},{\"@type\":\"WebSite\",\"@id\":\"https:\\\/\\\/lovme.pt\\\/#website\",\"url\":\"https:\\\/\\\/lovme.pt\\\/\",\"name\":\"Lovme Loja Er\u00f3tica N\u00ba1 em Portugal\",\"description\":\"A melhor loja er\u00f3tica de Portugal.\",\"alternateName\":\"Loja Er\u00f3tica Lovme\",\"potentialAction\":[{\"@type\":\"SearchAction\",\"target\":{\"@type\":\"EntryPoint\",\"urlTemplate\":\"https:\\\/\\\/lovme.pt\\\/?s={search_term_string}\"},\"query-input\":{\"@type\":\"PropertyValueSpecification\",\"valueRequired\":true,\"valueName\":\"search_term_string\"}}],\"inLanguage\":\"pt-PT\"}]}<\/script>\n<!-- \/ Yoast SEO plugin. -->","yoast_head_json":{"title":"WE-VIBE - RAVE 2 VIBRADOR PUNTO G AZUL - Lovme","robots":{"index":"index","follow":"follow","max-snippet":"max-snippet:-1","max-image-preview":"max-image-preview:large","max-video-preview":"max-video-preview:-1"},"canonical":"https:\/\/lovme.pt\/index.php\/produto\/we-vibe-rave-2-vibrador-g-spot-azul\/","og_locale":"pt_PT","og_type":"article","og_title":"WE-VIBE - RAVE 2 VIBRADOR PUNTO G AZUL - Lovme","og_description":"WE-VIBE - RAVE 2 VIBRADOR G-SPOT AZUL","og_url":"https:\/\/lovme.pt\/index.php\/produto\/we-vibe-rave-2-vibrador-g-spot-azul\/","og_site_name":"Lovme","article_modified_time":"2026-02-19T20:23:17+00:00","og_image":[{"width":900,"height":900,"url":"https:\/\/erki24nd3ub.exactdn.com\/wp-content\/uploads\/dream\/img\/img_210693_f945b8e367217539e864bc5f81692e3e_1.png?strip=all","type":"image\/png"}],"twitter_card":"summary_large_image","twitter_misc":{"Tempo estimado de leitura":"1 minuto"},"schema":{"@context":"https:\/\/schema.org","@graph":[{"@type":"WebPage","@id":"https:\/\/lovme.pt\/index.php\/produto\/we-vibe-rave-2-vibrador-g-spot-azul\/","url":"https:\/\/lovme.pt\/index.php\/produto\/we-vibe-rave-2-vibrador-g-spot-azul\/","name":"WE-VIBE - RAVE 2 VIBRADOR PUNTO G AZUL - Lovme","isPartOf":{"@id":"https:\/\/lovme.pt\/#website"},"primaryImageOfPage":{"@id":"https:\/\/lovme.pt\/index.php\/produto\/we-vibe-rave-2-vibrador-g-spot-azul\/#primaryimage"},"image":{"@id":"https:\/\/lovme.pt\/index.php\/produto\/we-vibe-rave-2-vibrador-g-spot-azul\/#primaryimage"},"thumbnailUrl":"https:\/\/erki24nd3ub.exactdn.com\/wp-content\/uploads\/dream\/img\/img_210693_f945b8e367217539e864bc5f81692e3e_1.png?strip=all","datePublished":"2025-09-30T10:00:21+00:00","dateModified":"2026-02-19T20:23:17+00:00","breadcrumb":{"@id":"https:\/\/lovme.pt\/index.php\/produto\/we-vibe-rave-2-vibrador-g-spot-azul\/#breadcrumb"},"inLanguage":"pt-PT","potentialAction":[{"@type":"ReadAction","target":["https:\/\/lovme.pt\/index.php\/produto\/we-vibe-rave-2-vibrador-g-spot-azul\/"]}]},{"@type":"ImageObject","inLanguage":"pt-PT","@id":"https:\/\/lovme.pt\/index.php\/produto\/we-vibe-rave-2-vibrador-g-spot-azul\/#primaryimage","url":"https:\/\/erki24nd3ub.exactdn.com\/wp-content\/uploads\/dream\/img\/img_210693_f945b8e367217539e864bc5f81692e3e_1.png?strip=all","contentUrl":"https:\/\/erki24nd3ub.exactdn.com\/wp-content\/uploads\/dream\/img\/img_210693_f945b8e367217539e864bc5f81692e3e_1.png?strip=all","width":900,"height":900},{"@type":"BreadcrumbList","@id":"https:\/\/lovme.pt\/index.php\/produto\/we-vibe-rave-2-vibrador-g-spot-azul\/#breadcrumb","itemListElement":[{"@type":"ListItem","position":1,"name":"In\u00edcio","item":"https:\/\/lovme.pt\/"},{"@type":"ListItem","position":2,"name":"Loja","item":"https:\/\/lovme.pt\/index.php\/loja\/"},{"@type":"ListItem","position":3,"name":"WE-VIBE &#8211; RAVE 2 VIBRADOR PUNTO G AZUL"}]},{"@type":"WebSite","@id":"https:\/\/lovme.pt\/#website","url":"https:\/\/lovme.pt\/","name":"Lovme Loja Er\u00f3tica N\u00ba1 em Portugal","description":"A melhor loja er\u00f3tica de Portugal.","alternateName":"Loja Er\u00f3tica Lovme","potentialAction":[{"@type":"SearchAction","target":{"@type":"EntryPoint","urlTemplate":"https:\/\/lovme.pt\/?s={search_term_string}"},"query-input":{"@type":"PropertyValueSpecification","valueRequired":true,"valueName":"search_term_string"}}],"inLanguage":"pt-PT"}]}},"_links":{"self":[{"href":"https:\/\/lovme.pt\/index.php\/wp-json\/wp\/v2\/product\/46906","targetHints":{"allow":["GET"]}}],"collection":[{"href":"https:\/\/lovme.pt\/index.php\/wp-json\/wp\/v2\/product"}],"about":[{"href":"https:\/\/lovme.pt\/index.php\/wp-json\/wp\/v2\/types\/product"}],"wp:featuredmedia":[{"embeddable":true,"href":"https:\/\/lovme.pt\/index.php\/wp-json\/wp\/v2\/media\/60843"}],"wp:attachment":[{"href":"https:\/\/lovme.pt\/index.php\/wp-json\/wp\/v2\/media?parent=46906"}],"wp:term":[{"taxonomy":"product_brand","embeddable":true,"href":"https:\/\/lovme.pt\/index.php\/wp-json\/wp\/v2\/product_brand?post=46906"},{"taxonomy":"product_cat","embeddable":true,"href":"https:\/\/lovme.pt\/index.php\/wp-json\/wp\/v2\/product_cat?post=46906"},{"taxonomy":"product_tag","embeddable":true,"href":"https:\/\/lovme.pt\/index.php\/wp-json\/wp\/v2\/product_tag?post=46906"}],"curies":[{"name":"wp","href":"https:\/\/api.w.org\/{rel}","templated":true}]}}