{"id":46774,"date":"2026-01-16T18:06:51","date_gmt":"2026-01-16T18:06:51","guid":{"rendered":"https:\/\/lovme.pt\/?post_type=product&p=46774"},"modified":"2026-02-19T20:23:04","modified_gmt":"2026-02-19T20:23:04","slug":"armony-vibrador-de-flor-delight-e-impulso-com-lingua-vermelha","status":"publish","type":"product","link":"https:\/\/lovme.pt\/index.php\/produto\/armony-vibrador-de-flor-delight-e-impulso-com-lingua-vermelha\/","title":{"rendered":"ARMONY &#8211; VIBRADOR DE FLOR DELIGHT E IMPULSO COM L\u00cdNGUA VERMELHA"},"content":{"rendered":"<p>O <strong>vibrador &#8220;Delight Flower&#8221;<\/strong> da marca Armony \u00e9 uma pe\u00e7a de tecnologia requintada projetada para oferecer prazer e satisfa\u00e7\u00e3o incompar\u00e1veis. Com caracter\u00edsticas inovadoras e design elegante, este vibrador est\u00e1 destinado a levar as suas experi\u00eancias \u00edntimas para o pr\u00f3ximo n\u00edvel.<\/p>\n<p> Uma das caracter\u00edsticas de destaque do Delight Flower \u00e9 sua capacidade de oferecer 10 modos diferentes de suc\u00e7\u00e3o e impulso. Esta versatilidade permite-lhe explorar um vasto leque de sensa\u00e7\u00f5es e encontrar em cada momento a combina\u00e7\u00e3o perfeita para os seus desejos e necessidades.<\/p>\n<p> Feita com materiais da mais alta qualidade, a Delight Flower \u00e9 feita principalmente de silicone premium e ABS, garantindo um toque sedoso e macio, al\u00e9m de durabilidade excepcional. A sua cor vermelha vibrante acrescenta um toque de paix\u00e3o e sensualidade ao seu design, tornando-o um complemento perfeito para os seus momentos \u00edntimos.<\/p>\n<p> Medindo 10,2 cm de comprimento e 5,3 cm de largura, a Delight Flower \u00e9 compacta o suficiente para ser discreta e port\u00e1til, mas poderosa o suficiente para oferecer experi\u00eancias sensoriais intensas. Seu design ergon\u00f4mico garante uma pegada confort\u00e1vel e f\u00e1cil manuseio, enquanto seu formato exclusivo foi projetado para estimular suas zonas er\u00f3genas de maneira precisa e eficaz.<\/p>\n<p> Esteja voc\u00ea explorando novas sensa\u00e7\u00f5es sozinho ou compartilhando momentos \u00edntimos com seu parceiro, Armonys Delight Flower foi projetado para satisfazer seus desejos mais profundos e levar seu prazer a novos patamares. Prepare-se para experimentar orgasmos mais intensos e uma conex\u00e3o mais profunda com o seu pr\u00f3prio corpo gra\u00e7as a este incr\u00edvel vibrador.<\/p>\n<\/p>\n<p> <strong>ARMONY<\/strong><br \/> Bem-vindo ao <strong>ARMONY<\/strong> , onde prazer e qualidade se fundem para criar uma experi\u00eancia \u00fanica no mundo dos brinquedos er\u00f3ticos. A nossa marca \u00e9 especializada no fabrico de vibradores e brinquedos de alta qualidade para homens e mulheres, meticulosamente concebidos para aumentar o prazer e a intimidade. De vibradores sofisticados a estimuladores sensuais, cada produto <strong>ARMONY<\/strong> \u00e9 projetado com aten\u00e7\u00e3o aos detalhes e com o compromisso de proporcionar uma experi\u00eancia de satisfa\u00e7\u00e3o incompar\u00e1vel. Orgulhamo-nos de oferecer uma gama diversificada de produtos que v\u00e3o do cl\u00e1ssico ao inovador, sempre com foco na qualidade, na seguran\u00e7a e na explora\u00e7\u00e3o do prazer. Descubra um mundo de sensa\u00e7\u00f5es er\u00f3ticas com <strong>ARMONY<\/strong> , onde o prazer se torna uma forma de arte.<\/p>\n","protected":false},"excerpt":{"rendered":"<p>ARMONY &#8211; VIBRADOR DE FLOR DELIGHT E IMPULSO COM L\u00cdNGUA VERMELHA<\/p>\n","protected":false},"featured_media":106088,"template":"","meta":{"_acf_changed":false},"product_brand":[],"product_cat":[17,61,64],"product_tag":[],"class_list":{"0":"post-46774","1":"product","2":"type-product","3":"status-publish","4":"has-post-thumbnail","6":"product_cat-brinquedos-de-bem-estar-sexual","7":"product_cat-para-elas","8":"product_cat-sugadores","9":"yith_product_brand-armony","10":"yith_product_brand-armonyarmony-stimulators","12":"first","13":"instock","14":"taxable","15":"shipping-taxable","16":"purchasable","17":"product-type-simple"},"acf":[],"yoast_head":"<!-- This site is optimized with the Yoast SEO plugin v27.4 - https:\/\/yoast.com\/product\/yoast-seo-wordpress\/ -->\n<title>ARMONY - VIBRADOR DE FLOR DELIGHT E IMPULSO COM L\u00cdNGUA VERMELHA - Lovme<\/title>\n<meta name=\"robots\" content=\"index, follow, max-snippet:-1, max-image-preview:large, max-video-preview:-1\" \/>\n<link rel=\"canonical\" href=\"https:\/\/lovme.pt\/index.php\/produto\/armony-vibrador-de-flor-delight-e-impulso-com-lingua-vermelha\/\" \/>\n<meta property=\"og:locale\" content=\"pt_PT\" \/>\n<meta property=\"og:type\" content=\"article\" \/>\n<meta property=\"og:title\" content=\"ARMONY - VIBRADOR DE FLOR DELIGHT E IMPULSO COM L\u00cdNGUA VERMELHA - Lovme\" \/>\n<meta property=\"og:description\" content=\"ARMONY - VIBRADOR DE FLOR DELIGHT E IMPULSO COM L\u00cdNGUA VERMELHA\" \/>\n<meta property=\"og:url\" content=\"https:\/\/lovme.pt\/index.php\/produto\/armony-vibrador-de-flor-delight-e-impulso-com-lingua-vermelha\/\" \/>\n<meta property=\"og:site_name\" content=\"Lovme\" \/>\n<meta property=\"article:modified_time\" content=\"2026-02-19T20:23:04+00:00\" \/>\n<meta property=\"og:image\" content=\"https:\/\/erki24nd3ub.exactdn.com\/wp-content\/uploads\/dream\/img\/img_165052_3ad3bc53b19e86a309f018c9eaaa0b1e_1.png?strip=all\" \/>\n\t<meta property=\"og:image:width\" content=\"750\" \/>\n\t<meta property=\"og:image:height\" content=\"750\" \/>\n\t<meta property=\"og:image:type\" content=\"image\/png\" \/>\n<meta name=\"twitter:card\" content=\"summary_large_image\" \/>\n<meta name=\"twitter:label1\" content=\"Tempo estimado de leitura\" \/>\n\t<meta name=\"twitter:data1\" content=\"2 minutos\" \/>\n<script type=\"application\/ld+json\" class=\"yoast-schema-graph\">{\"@context\":\"https:\\\/\\\/schema.org\",\"@graph\":[{\"@type\":\"WebPage\",\"@id\":\"https:\\\/\\\/lovme.pt\\\/index.php\\\/produto\\\/armony-vibrador-de-flor-delight-e-impulso-com-lingua-vermelha\\\/\",\"url\":\"https:\\\/\\\/lovme.pt\\\/index.php\\\/produto\\\/armony-vibrador-de-flor-delight-e-impulso-com-lingua-vermelha\\\/\",\"name\":\"ARMONY - VIBRADOR DE FLOR DELIGHT E IMPULSO COM L\u00cdNGUA VERMELHA - Lovme\",\"isPartOf\":{\"@id\":\"https:\\\/\\\/lovme.pt\\\/#website\"},\"primaryImageOfPage\":{\"@id\":\"https:\\\/\\\/lovme.pt\\\/index.php\\\/produto\\\/armony-vibrador-de-flor-delight-e-impulso-com-lingua-vermelha\\\/#primaryimage\"},\"image\":{\"@id\":\"https:\\\/\\\/lovme.pt\\\/index.php\\\/produto\\\/armony-vibrador-de-flor-delight-e-impulso-com-lingua-vermelha\\\/#primaryimage\"},\"thumbnailUrl\":\"https:\\\/\\\/erki24nd3ub.exactdn.com\\\/wp-content\\\/uploads\\\/dream\\\/img\\\/img_165052_3ad3bc53b19e86a309f018c9eaaa0b1e_1.png?strip=all\",\"datePublished\":\"2026-01-16T18:06:51+00:00\",\"dateModified\":\"2026-02-19T20:23:04+00:00\",\"breadcrumb\":{\"@id\":\"https:\\\/\\\/lovme.pt\\\/index.php\\\/produto\\\/armony-vibrador-de-flor-delight-e-impulso-com-lingua-vermelha\\\/#breadcrumb\"},\"inLanguage\":\"pt-PT\",\"potentialAction\":[{\"@type\":\"ReadAction\",\"target\":[\"https:\\\/\\\/lovme.pt\\\/index.php\\\/produto\\\/armony-vibrador-de-flor-delight-e-impulso-com-lingua-vermelha\\\/\"]}]},{\"@type\":\"ImageObject\",\"inLanguage\":\"pt-PT\",\"@id\":\"https:\\\/\\\/lovme.pt\\\/index.php\\\/produto\\\/armony-vibrador-de-flor-delight-e-impulso-com-lingua-vermelha\\\/#primaryimage\",\"url\":\"https:\\\/\\\/erki24nd3ub.exactdn.com\\\/wp-content\\\/uploads\\\/dream\\\/img\\\/img_165052_3ad3bc53b19e86a309f018c9eaaa0b1e_1.png?strip=all\",\"contentUrl\":\"https:\\\/\\\/erki24nd3ub.exactdn.com\\\/wp-content\\\/uploads\\\/dream\\\/img\\\/img_165052_3ad3bc53b19e86a309f018c9eaaa0b1e_1.png?strip=all\",\"width\":750,\"height\":750},{\"@type\":\"BreadcrumbList\",\"@id\":\"https:\\\/\\\/lovme.pt\\\/index.php\\\/produto\\\/armony-vibrador-de-flor-delight-e-impulso-com-lingua-vermelha\\\/#breadcrumb\",\"itemListElement\":[{\"@type\":\"ListItem\",\"position\":1,\"name\":\"In\u00edcio\",\"item\":\"https:\\\/\\\/lovme.pt\\\/\"},{\"@type\":\"ListItem\",\"position\":2,\"name\":\"Loja\",\"item\":\"https:\\\/\\\/lovme.pt\\\/index.php\\\/loja\\\/\"},{\"@type\":\"ListItem\",\"position\":3,\"name\":\"ARMONY &#8211; VIBRADOR DE FLOR DELIGHT E IMPULSO COM L\u00cdNGUA VERMELHA\"}]},{\"@type\":\"WebSite\",\"@id\":\"https:\\\/\\\/lovme.pt\\\/#website\",\"url\":\"https:\\\/\\\/lovme.pt\\\/\",\"name\":\"Lovme Loja Er\u00f3tica N\u00ba1 em Portugal\",\"description\":\"A melhor loja er\u00f3tica de Portugal.\",\"alternateName\":\"Loja Er\u00f3tica Lovme\",\"potentialAction\":[{\"@type\":\"SearchAction\",\"target\":{\"@type\":\"EntryPoint\",\"urlTemplate\":\"https:\\\/\\\/lovme.pt\\\/?s={search_term_string}\"},\"query-input\":{\"@type\":\"PropertyValueSpecification\",\"valueRequired\":true,\"valueName\":\"search_term_string\"}}],\"inLanguage\":\"pt-PT\"}]}<\/script>\n<!-- \/ Yoast SEO plugin. -->","yoast_head_json":{"title":"ARMONY - VIBRADOR DE FLOR DELIGHT E IMPULSO COM L\u00cdNGUA VERMELHA - Lovme","robots":{"index":"index","follow":"follow","max-snippet":"max-snippet:-1","max-image-preview":"max-image-preview:large","max-video-preview":"max-video-preview:-1"},"canonical":"https:\/\/lovme.pt\/index.php\/produto\/armony-vibrador-de-flor-delight-e-impulso-com-lingua-vermelha\/","og_locale":"pt_PT","og_type":"article","og_title":"ARMONY - VIBRADOR DE FLOR DELIGHT E IMPULSO COM L\u00cdNGUA VERMELHA - Lovme","og_description":"ARMONY - VIBRADOR DE FLOR DELIGHT E IMPULSO COM L\u00cdNGUA VERMELHA","og_url":"https:\/\/lovme.pt\/index.php\/produto\/armony-vibrador-de-flor-delight-e-impulso-com-lingua-vermelha\/","og_site_name":"Lovme","article_modified_time":"2026-02-19T20:23:04+00:00","og_image":[{"width":750,"height":750,"url":"https:\/\/erki24nd3ub.exactdn.com\/wp-content\/uploads\/dream\/img\/img_165052_3ad3bc53b19e86a309f018c9eaaa0b1e_1.png?strip=all","type":"image\/png"}],"twitter_card":"summary_large_image","twitter_misc":{"Tempo estimado de leitura":"2 minutos"},"schema":{"@context":"https:\/\/schema.org","@graph":[{"@type":"WebPage","@id":"https:\/\/lovme.pt\/index.php\/produto\/armony-vibrador-de-flor-delight-e-impulso-com-lingua-vermelha\/","url":"https:\/\/lovme.pt\/index.php\/produto\/armony-vibrador-de-flor-delight-e-impulso-com-lingua-vermelha\/","name":"ARMONY - VIBRADOR DE FLOR DELIGHT E IMPULSO COM L\u00cdNGUA VERMELHA - Lovme","isPartOf":{"@id":"https:\/\/lovme.pt\/#website"},"primaryImageOfPage":{"@id":"https:\/\/lovme.pt\/index.php\/produto\/armony-vibrador-de-flor-delight-e-impulso-com-lingua-vermelha\/#primaryimage"},"image":{"@id":"https:\/\/lovme.pt\/index.php\/produto\/armony-vibrador-de-flor-delight-e-impulso-com-lingua-vermelha\/#primaryimage"},"thumbnailUrl":"https:\/\/erki24nd3ub.exactdn.com\/wp-content\/uploads\/dream\/img\/img_165052_3ad3bc53b19e86a309f018c9eaaa0b1e_1.png?strip=all","datePublished":"2026-01-16T18:06:51+00:00","dateModified":"2026-02-19T20:23:04+00:00","breadcrumb":{"@id":"https:\/\/lovme.pt\/index.php\/produto\/armony-vibrador-de-flor-delight-e-impulso-com-lingua-vermelha\/#breadcrumb"},"inLanguage":"pt-PT","potentialAction":[{"@type":"ReadAction","target":["https:\/\/lovme.pt\/index.php\/produto\/armony-vibrador-de-flor-delight-e-impulso-com-lingua-vermelha\/"]}]},{"@type":"ImageObject","inLanguage":"pt-PT","@id":"https:\/\/lovme.pt\/index.php\/produto\/armony-vibrador-de-flor-delight-e-impulso-com-lingua-vermelha\/#primaryimage","url":"https:\/\/erki24nd3ub.exactdn.com\/wp-content\/uploads\/dream\/img\/img_165052_3ad3bc53b19e86a309f018c9eaaa0b1e_1.png?strip=all","contentUrl":"https:\/\/erki24nd3ub.exactdn.com\/wp-content\/uploads\/dream\/img\/img_165052_3ad3bc53b19e86a309f018c9eaaa0b1e_1.png?strip=all","width":750,"height":750},{"@type":"BreadcrumbList","@id":"https:\/\/lovme.pt\/index.php\/produto\/armony-vibrador-de-flor-delight-e-impulso-com-lingua-vermelha\/#breadcrumb","itemListElement":[{"@type":"ListItem","position":1,"name":"In\u00edcio","item":"https:\/\/lovme.pt\/"},{"@type":"ListItem","position":2,"name":"Loja","item":"https:\/\/lovme.pt\/index.php\/loja\/"},{"@type":"ListItem","position":3,"name":"ARMONY &#8211; VIBRADOR DE FLOR DELIGHT E IMPULSO COM L\u00cdNGUA VERMELHA"}]},{"@type":"WebSite","@id":"https:\/\/lovme.pt\/#website","url":"https:\/\/lovme.pt\/","name":"Lovme Loja Er\u00f3tica N\u00ba1 em Portugal","description":"A melhor loja er\u00f3tica de Portugal.","alternateName":"Loja Er\u00f3tica Lovme","potentialAction":[{"@type":"SearchAction","target":{"@type":"EntryPoint","urlTemplate":"https:\/\/lovme.pt\/?s={search_term_string}"},"query-input":{"@type":"PropertyValueSpecification","valueRequired":true,"valueName":"search_term_string"}}],"inLanguage":"pt-PT"}]}},"_links":{"self":[{"href":"https:\/\/lovme.pt\/index.php\/wp-json\/wp\/v2\/product\/46774","targetHints":{"allow":["GET"]}}],"collection":[{"href":"https:\/\/lovme.pt\/index.php\/wp-json\/wp\/v2\/product"}],"about":[{"href":"https:\/\/lovme.pt\/index.php\/wp-json\/wp\/v2\/types\/product"}],"wp:featuredmedia":[{"embeddable":true,"href":"https:\/\/lovme.pt\/index.php\/wp-json\/wp\/v2\/media\/106088"}],"wp:attachment":[{"href":"https:\/\/lovme.pt\/index.php\/wp-json\/wp\/v2\/media?parent=46774"}],"wp:term":[{"taxonomy":"product_brand","embeddable":true,"href":"https:\/\/lovme.pt\/index.php\/wp-json\/wp\/v2\/product_brand?post=46774"},{"taxonomy":"product_cat","embeddable":true,"href":"https:\/\/lovme.pt\/index.php\/wp-json\/wp\/v2\/product_cat?post=46774"},{"taxonomy":"product_tag","embeddable":true,"href":"https:\/\/lovme.pt\/index.php\/wp-json\/wp\/v2\/product_tag?post=46774"}],"curies":[{"name":"wp","href":"https:\/\/api.w.org\/{rel}","templated":true}]}}