{"id":46728,"date":"2025-10-01T03:18:10","date_gmt":"2025-10-01T03:18:10","guid":{"rendered":"https:\/\/lovme.pt\/?post_type=product&p=46728"},"modified":"2026-04-01T01:33:53","modified_gmt":"2026-04-01T01:33:53","slug":"alive-flex-masturbador-masculino-oral-tamanho-m","status":"publish","type":"product","link":"https:\/\/lovme.pt\/index.php\/produto\/alive-flex-masturbador-masculino-oral-tamanho-m\/","title":{"rendered":"ALIVE &#8211; FLEX MASTURBADOR MASCULINO ORAL TAMANHO M"},"content":{"rendered":"<p>Masturbador masculino super realista. O formato da sua boca ajuda a conseguir um sexo oral muito real. Flex\u00edvel e resistente, sua textura natural ir\u00e1 surpreend\u00ea-lo.<\/p>\n<p>Voc\u00ea n\u00e3o precisa mais apenas das m\u00e3os, vire o prazer e desfrute de novas sensa\u00e7\u00f5es.<\/p>\n<p>Voc\u00ea tem coragem? Outra forma de masturba\u00e7\u00e3o que apresenta vantagens, como penetra\u00e7\u00e3o mais firme com orgasmos mais intensos.<\/p>\n<p>\u00a0<\/p>\n<p><b><u>CUIDADOS E LIMPEZA<\/u><\/b> : O cuidado e a limpeza adequados s\u00e3o essenciais para garantir durabilidade e higiene. A limpeza adequada antes e depois de cada uso \u00e9 essencial para manter a sa\u00fade sexual e prevenir poss\u00edveis infec\u00e7\u00f5es.<\/p>\n<p>\u00a0<\/p>\n<p><b><u>CARACTER\u00cdSTICAS:<\/u><\/b><\/p>\n<ul>\n<li>Recipiente flex\u00edvel para poder aplicar press\u00e3o durante o uso<\/li>\n<li>Material TPE<\/li>\n<li>Cor de carne<\/li>\n<li>Comprimento 16cm<\/li>\n<li>Di\u00e2metro 6cm<\/li>\n<\/ul>\n<p>\u00a0<\/p>\n<p><strong><u>INSTRU\u00c7\u00d5ES:<\/u><\/strong><\/p>\n<p>Abra o recipiente pela parte indicada \u201cEasy Open\u201d. Aplique lubrificante \u00e0 base de \u00e1gua na entrada e no interior do furo. Ap\u00f3s o uso, limpe com \u00e1gua morna e sab\u00e3o e deixe secar.<\/p>\n<p>Aviso: N\u00e3o use em \u00e1reas inflamadas da pele. N\u00e3o compartilhe com outros parceiros sexuais.<\/p>\n","protected":false},"excerpt":{"rendered":"<p>ALIVE &#8211; FLEX MASTURBADOR MASCULINO ORAL TAMANHO M<\/p>\n","protected":false},"featured_media":102630,"template":"","meta":{"_acf_changed":false},"product_brand":[],"product_cat":[17,58,60],"product_tag":[],"class_list":{"0":"post-46728","1":"product","2":"type-product","3":"status-publish","4":"has-post-thumbnail","6":"product_cat-brinquedos-de-bem-estar-sexual","7":"product_cat-masturbadores-para-penis","8":"product_cat-para-eles","9":"yith_product_brand-alive","11":"first","12":"instock","13":"taxable","14":"shipping-taxable","15":"purchasable","16":"product-type-simple"},"acf":[],"yoast_head":"<!-- This site is optimized with the Yoast SEO plugin v27.4 - https:\/\/yoast.com\/product\/yoast-seo-wordpress\/ -->\n<title>ALIVE - FLEX MASTURBADOR MASCULINO ORAL TAMANHO M - Lovme<\/title>\n<meta name=\"robots\" content=\"index, follow, max-snippet:-1, max-image-preview:large, max-video-preview:-1\" \/>\n<link rel=\"canonical\" href=\"https:\/\/lovme.pt\/index.php\/produto\/alive-flex-masturbador-masculino-oral-tamanho-m\/\" \/>\n<meta property=\"og:locale\" content=\"pt_PT\" \/>\n<meta property=\"og:type\" content=\"article\" \/>\n<meta property=\"og:title\" content=\"ALIVE - FLEX MASTURBADOR MASCULINO ORAL TAMANHO M - Lovme\" \/>\n<meta property=\"og:description\" content=\"ALIVE - FLEX MASTURBADOR MASCULINO ORAL TAMANHO M\" \/>\n<meta property=\"og:url\" content=\"https:\/\/lovme.pt\/index.php\/produto\/alive-flex-masturbador-masculino-oral-tamanho-m\/\" \/>\n<meta property=\"og:site_name\" content=\"Lovme\" \/>\n<meta property=\"article:modified_time\" content=\"2026-04-01T01:33:53+00:00\" \/>\n<meta property=\"og:image\" content=\"https:\/\/erki24nd3ub.exactdn.com\/wp-content\/uploads\/dream\/img\/img_164791_f42c8f6c8929f9310380ea8928c96059_1.jpg?strip=all\" \/>\n\t<meta property=\"og:image:width\" content=\"800\" \/>\n\t<meta property=\"og:image:height\" content=\"800\" \/>\n\t<meta property=\"og:image:type\" content=\"image\/jpeg\" \/>\n<meta name=\"twitter:card\" content=\"summary_large_image\" \/>\n<meta name=\"twitter:label1\" content=\"Tempo estimado de leitura\" \/>\n\t<meta name=\"twitter:data1\" content=\"1 minuto\" \/>\n<script type=\"application\/ld+json\" class=\"yoast-schema-graph\">{\"@context\":\"https:\\\/\\\/schema.org\",\"@graph\":[{\"@type\":\"WebPage\",\"@id\":\"https:\\\/\\\/lovme.pt\\\/index.php\\\/produto\\\/alive-flex-masturbador-masculino-oral-tamanho-m\\\/\",\"url\":\"https:\\\/\\\/lovme.pt\\\/index.php\\\/produto\\\/alive-flex-masturbador-masculino-oral-tamanho-m\\\/\",\"name\":\"ALIVE - FLEX MASTURBADOR MASCULINO ORAL TAMANHO M - Lovme\",\"isPartOf\":{\"@id\":\"https:\\\/\\\/lovme.pt\\\/#website\"},\"primaryImageOfPage\":{\"@id\":\"https:\\\/\\\/lovme.pt\\\/index.php\\\/produto\\\/alive-flex-masturbador-masculino-oral-tamanho-m\\\/#primaryimage\"},\"image\":{\"@id\":\"https:\\\/\\\/lovme.pt\\\/index.php\\\/produto\\\/alive-flex-masturbador-masculino-oral-tamanho-m\\\/#primaryimage\"},\"thumbnailUrl\":\"https:\\\/\\\/erki24nd3ub.exactdn.com\\\/wp-content\\\/uploads\\\/dream\\\/img\\\/img_164791_f42c8f6c8929f9310380ea8928c96059_1.jpg?strip=all\",\"datePublished\":\"2025-10-01T03:18:10+00:00\",\"dateModified\":\"2026-04-01T01:33:53+00:00\",\"breadcrumb\":{\"@id\":\"https:\\\/\\\/lovme.pt\\\/index.php\\\/produto\\\/alive-flex-masturbador-masculino-oral-tamanho-m\\\/#breadcrumb\"},\"inLanguage\":\"pt-PT\",\"potentialAction\":[{\"@type\":\"ReadAction\",\"target\":[\"https:\\\/\\\/lovme.pt\\\/index.php\\\/produto\\\/alive-flex-masturbador-masculino-oral-tamanho-m\\\/\"]}]},{\"@type\":\"ImageObject\",\"inLanguage\":\"pt-PT\",\"@id\":\"https:\\\/\\\/lovme.pt\\\/index.php\\\/produto\\\/alive-flex-masturbador-masculino-oral-tamanho-m\\\/#primaryimage\",\"url\":\"https:\\\/\\\/erki24nd3ub.exactdn.com\\\/wp-content\\\/uploads\\\/dream\\\/img\\\/img_164791_f42c8f6c8929f9310380ea8928c96059_1.jpg?strip=all\",\"contentUrl\":\"https:\\\/\\\/erki24nd3ub.exactdn.com\\\/wp-content\\\/uploads\\\/dream\\\/img\\\/img_164791_f42c8f6c8929f9310380ea8928c96059_1.jpg?strip=all\",\"width\":800,\"height\":800},{\"@type\":\"BreadcrumbList\",\"@id\":\"https:\\\/\\\/lovme.pt\\\/index.php\\\/produto\\\/alive-flex-masturbador-masculino-oral-tamanho-m\\\/#breadcrumb\",\"itemListElement\":[{\"@type\":\"ListItem\",\"position\":1,\"name\":\"In\u00edcio\",\"item\":\"https:\\\/\\\/lovme.pt\\\/\"},{\"@type\":\"ListItem\",\"position\":2,\"name\":\"Loja\",\"item\":\"https:\\\/\\\/lovme.pt\\\/index.php\\\/loja\\\/\"},{\"@type\":\"ListItem\",\"position\":3,\"name\":\"ALIVE &#8211; FLEX MASTURBADOR MASCULINO ORAL TAMANHO M\"}]},{\"@type\":\"WebSite\",\"@id\":\"https:\\\/\\\/lovme.pt\\\/#website\",\"url\":\"https:\\\/\\\/lovme.pt\\\/\",\"name\":\"Lovme Loja Er\u00f3tica N\u00ba1 em Portugal\",\"description\":\"A melhor loja er\u00f3tica de Portugal.\",\"alternateName\":\"Loja Er\u00f3tica Lovme\",\"potentialAction\":[{\"@type\":\"SearchAction\",\"target\":{\"@type\":\"EntryPoint\",\"urlTemplate\":\"https:\\\/\\\/lovme.pt\\\/?s={search_term_string}\"},\"query-input\":{\"@type\":\"PropertyValueSpecification\",\"valueRequired\":true,\"valueName\":\"search_term_string\"}}],\"inLanguage\":\"pt-PT\"}]}<\/script>\n<!-- \/ Yoast SEO plugin. -->","yoast_head_json":{"title":"ALIVE - FLEX MASTURBADOR MASCULINO ORAL TAMANHO M - Lovme","robots":{"index":"index","follow":"follow","max-snippet":"max-snippet:-1","max-image-preview":"max-image-preview:large","max-video-preview":"max-video-preview:-1"},"canonical":"https:\/\/lovme.pt\/index.php\/produto\/alive-flex-masturbador-masculino-oral-tamanho-m\/","og_locale":"pt_PT","og_type":"article","og_title":"ALIVE - FLEX MASTURBADOR MASCULINO ORAL TAMANHO M - Lovme","og_description":"ALIVE - FLEX MASTURBADOR MASCULINO ORAL TAMANHO M","og_url":"https:\/\/lovme.pt\/index.php\/produto\/alive-flex-masturbador-masculino-oral-tamanho-m\/","og_site_name":"Lovme","article_modified_time":"2026-04-01T01:33:53+00:00","og_image":[{"width":800,"height":800,"url":"https:\/\/erki24nd3ub.exactdn.com\/wp-content\/uploads\/dream\/img\/img_164791_f42c8f6c8929f9310380ea8928c96059_1.jpg?strip=all","type":"image\/jpeg"}],"twitter_card":"summary_large_image","twitter_misc":{"Tempo estimado de leitura":"1 minuto"},"schema":{"@context":"https:\/\/schema.org","@graph":[{"@type":"WebPage","@id":"https:\/\/lovme.pt\/index.php\/produto\/alive-flex-masturbador-masculino-oral-tamanho-m\/","url":"https:\/\/lovme.pt\/index.php\/produto\/alive-flex-masturbador-masculino-oral-tamanho-m\/","name":"ALIVE - FLEX MASTURBADOR MASCULINO ORAL TAMANHO M - Lovme","isPartOf":{"@id":"https:\/\/lovme.pt\/#website"},"primaryImageOfPage":{"@id":"https:\/\/lovme.pt\/index.php\/produto\/alive-flex-masturbador-masculino-oral-tamanho-m\/#primaryimage"},"image":{"@id":"https:\/\/lovme.pt\/index.php\/produto\/alive-flex-masturbador-masculino-oral-tamanho-m\/#primaryimage"},"thumbnailUrl":"https:\/\/erki24nd3ub.exactdn.com\/wp-content\/uploads\/dream\/img\/img_164791_f42c8f6c8929f9310380ea8928c96059_1.jpg?strip=all","datePublished":"2025-10-01T03:18:10+00:00","dateModified":"2026-04-01T01:33:53+00:00","breadcrumb":{"@id":"https:\/\/lovme.pt\/index.php\/produto\/alive-flex-masturbador-masculino-oral-tamanho-m\/#breadcrumb"},"inLanguage":"pt-PT","potentialAction":[{"@type":"ReadAction","target":["https:\/\/lovme.pt\/index.php\/produto\/alive-flex-masturbador-masculino-oral-tamanho-m\/"]}]},{"@type":"ImageObject","inLanguage":"pt-PT","@id":"https:\/\/lovme.pt\/index.php\/produto\/alive-flex-masturbador-masculino-oral-tamanho-m\/#primaryimage","url":"https:\/\/erki24nd3ub.exactdn.com\/wp-content\/uploads\/dream\/img\/img_164791_f42c8f6c8929f9310380ea8928c96059_1.jpg?strip=all","contentUrl":"https:\/\/erki24nd3ub.exactdn.com\/wp-content\/uploads\/dream\/img\/img_164791_f42c8f6c8929f9310380ea8928c96059_1.jpg?strip=all","width":800,"height":800},{"@type":"BreadcrumbList","@id":"https:\/\/lovme.pt\/index.php\/produto\/alive-flex-masturbador-masculino-oral-tamanho-m\/#breadcrumb","itemListElement":[{"@type":"ListItem","position":1,"name":"In\u00edcio","item":"https:\/\/lovme.pt\/"},{"@type":"ListItem","position":2,"name":"Loja","item":"https:\/\/lovme.pt\/index.php\/loja\/"},{"@type":"ListItem","position":3,"name":"ALIVE &#8211; FLEX MASTURBADOR MASCULINO ORAL TAMANHO M"}]},{"@type":"WebSite","@id":"https:\/\/lovme.pt\/#website","url":"https:\/\/lovme.pt\/","name":"Lovme Loja Er\u00f3tica N\u00ba1 em Portugal","description":"A melhor loja er\u00f3tica de Portugal.","alternateName":"Loja Er\u00f3tica Lovme","potentialAction":[{"@type":"SearchAction","target":{"@type":"EntryPoint","urlTemplate":"https:\/\/lovme.pt\/?s={search_term_string}"},"query-input":{"@type":"PropertyValueSpecification","valueRequired":true,"valueName":"search_term_string"}}],"inLanguage":"pt-PT"}]}},"_links":{"self":[{"href":"https:\/\/lovme.pt\/index.php\/wp-json\/wp\/v2\/product\/46728","targetHints":{"allow":["GET"]}}],"collection":[{"href":"https:\/\/lovme.pt\/index.php\/wp-json\/wp\/v2\/product"}],"about":[{"href":"https:\/\/lovme.pt\/index.php\/wp-json\/wp\/v2\/types\/product"}],"wp:featuredmedia":[{"embeddable":true,"href":"https:\/\/lovme.pt\/index.php\/wp-json\/wp\/v2\/media\/102630"}],"wp:attachment":[{"href":"https:\/\/lovme.pt\/index.php\/wp-json\/wp\/v2\/media?parent=46728"}],"wp:term":[{"taxonomy":"product_brand","embeddable":true,"href":"https:\/\/lovme.pt\/index.php\/wp-json\/wp\/v2\/product_brand?post=46728"},{"taxonomy":"product_cat","embeddable":true,"href":"https:\/\/lovme.pt\/index.php\/wp-json\/wp\/v2\/product_cat?post=46728"},{"taxonomy":"product_tag","embeddable":true,"href":"https:\/\/lovme.pt\/index.php\/wp-json\/wp\/v2\/product_tag?post=46728"}],"curies":[{"name":"wp","href":"https:\/\/api.w.org\/{rel}","templated":true}]}}