{"id":46630,"date":"2025-09-30T10:12:42","date_gmt":"2025-09-30T10:12:42","guid":{"rendered":"https:\/\/lovme.pt\/?post_type=product&p=46630"},"modified":"2026-03-31T22:53:19","modified_gmt":"2026-03-31T22:53:19","slug":"tenga-dedal-masturbador-uni-esmeralda","status":"publish","type":"product","link":"https:\/\/lovme.pt\/index.php\/produto\/tenga-dedal-masturbador-uni-esmeralda\/","title":{"rendered":"TENGA &#8211; DEDAL MASTURBADOR UNI ESMERALDA"},"content":{"rendered":"<p><font style=vertical-align: inherit;><font style=vertical-align: inherit;><strong>EMERALDA:<\/strong> Estimula\u00e7\u00e3o que vai al\u00e9m de um grande corte. Aproveite o est\u00edmulo de trabalhar nos detalhes de grandes passos que se conectam horizontalmente.<\/font><\/font><\/p>\n<p> <font style=vertical-align: inherit;><font style=vertical-align: inherit;><strong>UNIssexo e UNIversal.<\/strong> Para homens e mulheres, sozinhos ou juntos.<\/font><\/font> <font style=vertical-align: inherit;><font style=vertical-align: inherit;><strong>TENGA UNI<\/strong> \u00e9 um item de prazer de \u00faltima gera\u00e7\u00e3o que qualquer pessoa pode desfrutar, independente de g\u00eanero ou sexualidade. Aproveite sua vida prazerosa com mais facilidade e liberdade!<\/p>\n<p> <strong>TENGA UNI<\/strong> \u00e9 feito de um material macio e el\u00e1stico, ent\u00e3o voc\u00ea pode us\u00e1-lo no dedo e coloc\u00e1-lo sobre os \u00f3rg\u00e3os genitais femininos ou vir\u00e1-lo e envolv\u00ea-lo nos \u00f3rg\u00e3os genitais masculinos. Al\u00e9m disso, \u00e9 um <strong>TENGA<\/strong> completamente novo com um design unissex e universal que voc\u00ea poder\u00e1 desfrutar n\u00e3o s\u00f3 para voc\u00ea, mas tamb\u00e9m para o seu parceiro.<\/font><\/font><\/p>\n<\/p>\n<p> <u><strong>CARACTER\u00cdSTICAS<\/strong><\/u> :<\/p>\n<p> <strong>1 &#8211; USO PESSOAL<\/strong> : Usabilidade sem g\u00eanero para prazer pessoal. O UNI pode ser usado para melhorar a estimula\u00e7\u00e3o dos dedos ou pode ser virado do avesso para ser usado como uma manga estimulante el\u00e1stica, para um produto verdadeiramente unissex!<\/p>\n<p> <strong>2 &#8211; USO EM CASAL<\/strong> : Para prazer a dois de qualquer orienta\u00e7\u00e3o. Podendo ser utilizado por qualquer pessoa, o UNI tamb\u00e9m pode ser utilizado em jogos de parceiros! Al\u00e9m disso, a UNI \u00e9 um produto \u00fanico na sua capacidade de ser utilizado por qualquer associa\u00e7\u00e3o de correspond\u00eancia de g\u00e9nero.<\/p>\n<p> <strong>3 &#8211; MATERIAL<\/strong> : Desenhos baseados em pedras preciosas, pois s\u00e3o tudo menos dif\u00edceis de tocar. O UNI \u00e9 criado a partir de um material macio e flex\u00edvel.<\/p>\n<p> <strong>4 &#8211; SUSTENTABILIDADE<\/strong> : Grande parte do inv\u00f3lucro do produto \u00e9 feita de papel com polpa semelhante a caixas de ovos para reduzir nosso perfil de res\u00edduos pl\u00e1sticos.<\/p>\n<\/p>\n<p> <strong>TENGA<\/strong> vem do Jap\u00e3o e \u00e9 exatamente o que voc\u00ea imagina: absolutamente estranho! S\u00e3o sem d\u00favida l\u00edderes na rela\u00e7\u00e3o design-qualidade e s\u00e3o os brinquedos preferidos dos homens que valorizam a discri\u00e7\u00e3o. Os produtos <strong>TENGA<\/strong> parecem ovos ou embalagens de produtos cosm\u00e9ticos masculinos: modernos, discretos e, acima de tudo, eficazes! Mas n\u00e3o se deixe enganar pelo design: o interior do masturbador <strong>TENGA<\/strong> \u00e9 feito de um material excepcionalmente macio que apenas toc\u00e1-lo provoca arrepios na espinha e outras coisas que o fazem levantar. Esta \u00e9 uma s\u00e9rie de masturbadores fabricados pensando no prazer do homem moderno e contempor\u00e2neo. Eles recriam a sensa\u00e7\u00e3o do sexo vaginal, oral, anal e outras pr\u00e1ticas er\u00f3ticas perversas que vivem nas fantasias masculinas. A cada ano que passa, a TENGA oferece algo novo e ainda mais louco que o anterior, para que os homens de todo o mundo tenham a variedade que precisam.<\/p>\n","protected":false},"excerpt":{"rendered":"<p>TENGA &#8211; DEDAL MASTURBADOR UNI ESMERALDA<\/p>\n","protected":false},"featured_media":64104,"template":"","meta":{"_acf_changed":false},"product_brand":[],"product_cat":[17,58,115,60],"product_tag":[],"class_list":{"0":"post-46630","1":"product","2":"type-product","3":"status-publish","4":"has-post-thumbnail","6":"product_cat-brinquedos-de-bem-estar-sexual","7":"product_cat-masturbadores-para-penis","8":"product_cat-ofertas","9":"product_cat-para-eles","10":"yith_product_brand-tenga","12":"first","13":"instock","14":"taxable","15":"shipping-taxable","16":"purchasable","17":"product-type-simple"},"acf":[],"yoast_head":"<!-- This site is optimized with the Yoast SEO plugin v27.4 - https:\/\/yoast.com\/product\/yoast-seo-wordpress\/ -->\n<title>TENGA - DEDAL MASTURBADOR UNI ESMERALDA - Lovme<\/title>\n<meta name=\"robots\" content=\"index, follow, max-snippet:-1, max-image-preview:large, max-video-preview:-1\" \/>\n<link rel=\"canonical\" href=\"https:\/\/lovme.pt\/index.php\/produto\/tenga-dedal-masturbador-uni-esmeralda\/\" \/>\n<meta property=\"og:locale\" content=\"pt_PT\" \/>\n<meta property=\"og:type\" content=\"article\" \/>\n<meta property=\"og:title\" content=\"TENGA - DEDAL MASTURBADOR UNI ESMERALDA - Lovme\" \/>\n<meta property=\"og:description\" content=\"TENGA - DEDAL MASTURBADOR UNI ESMERALDA\" \/>\n<meta property=\"og:url\" content=\"https:\/\/lovme.pt\/index.php\/produto\/tenga-dedal-masturbador-uni-esmeralda\/\" \/>\n<meta property=\"og:site_name\" content=\"Lovme\" \/>\n<meta property=\"article:modified_time\" content=\"2026-03-31T22:53:19+00:00\" \/>\n<meta property=\"og:image\" content=\"https:\/\/erki24nd3ub.exactdn.com\/wp-content\/uploads\/dream\/img\/img_163852_efd0384137f6391bd8e878047b7fd6f1_1.jpg?strip=all\" \/>\n\t<meta property=\"og:image:width\" content=\"800\" \/>\n\t<meta property=\"og:image:height\" content=\"800\" \/>\n\t<meta property=\"og:image:type\" content=\"image\/jpeg\" \/>\n<meta name=\"twitter:card\" content=\"summary_large_image\" \/>\n<meta name=\"twitter:label1\" content=\"Tempo estimado de leitura\" \/>\n\t<meta name=\"twitter:data1\" content=\"2 minutos\" \/>\n<script type=\"application\/ld+json\" class=\"yoast-schema-graph\">{\"@context\":\"https:\\\/\\\/schema.org\",\"@graph\":[{\"@type\":\"WebPage\",\"@id\":\"https:\\\/\\\/lovme.pt\\\/index.php\\\/produto\\\/tenga-dedal-masturbador-uni-esmeralda\\\/\",\"url\":\"https:\\\/\\\/lovme.pt\\\/index.php\\\/produto\\\/tenga-dedal-masturbador-uni-esmeralda\\\/\",\"name\":\"TENGA - DEDAL MASTURBADOR UNI ESMERALDA - Lovme\",\"isPartOf\":{\"@id\":\"https:\\\/\\\/lovme.pt\\\/#website\"},\"primaryImageOfPage\":{\"@id\":\"https:\\\/\\\/lovme.pt\\\/index.php\\\/produto\\\/tenga-dedal-masturbador-uni-esmeralda\\\/#primaryimage\"},\"image\":{\"@id\":\"https:\\\/\\\/lovme.pt\\\/index.php\\\/produto\\\/tenga-dedal-masturbador-uni-esmeralda\\\/#primaryimage\"},\"thumbnailUrl\":\"https:\\\/\\\/erki24nd3ub.exactdn.com\\\/wp-content\\\/uploads\\\/dream\\\/img\\\/img_163852_efd0384137f6391bd8e878047b7fd6f1_1.jpg?strip=all\",\"datePublished\":\"2025-09-30T10:12:42+00:00\",\"dateModified\":\"2026-03-31T22:53:19+00:00\",\"breadcrumb\":{\"@id\":\"https:\\\/\\\/lovme.pt\\\/index.php\\\/produto\\\/tenga-dedal-masturbador-uni-esmeralda\\\/#breadcrumb\"},\"inLanguage\":\"pt-PT\",\"potentialAction\":[{\"@type\":\"ReadAction\",\"target\":[\"https:\\\/\\\/lovme.pt\\\/index.php\\\/produto\\\/tenga-dedal-masturbador-uni-esmeralda\\\/\"]}]},{\"@type\":\"ImageObject\",\"inLanguage\":\"pt-PT\",\"@id\":\"https:\\\/\\\/lovme.pt\\\/index.php\\\/produto\\\/tenga-dedal-masturbador-uni-esmeralda\\\/#primaryimage\",\"url\":\"https:\\\/\\\/erki24nd3ub.exactdn.com\\\/wp-content\\\/uploads\\\/dream\\\/img\\\/img_163852_efd0384137f6391bd8e878047b7fd6f1_1.jpg?strip=all\",\"contentUrl\":\"https:\\\/\\\/erki24nd3ub.exactdn.com\\\/wp-content\\\/uploads\\\/dream\\\/img\\\/img_163852_efd0384137f6391bd8e878047b7fd6f1_1.jpg?strip=all\",\"width\":800,\"height\":800},{\"@type\":\"BreadcrumbList\",\"@id\":\"https:\\\/\\\/lovme.pt\\\/index.php\\\/produto\\\/tenga-dedal-masturbador-uni-esmeralda\\\/#breadcrumb\",\"itemListElement\":[{\"@type\":\"ListItem\",\"position\":1,\"name\":\"In\u00edcio\",\"item\":\"https:\\\/\\\/lovme.pt\\\/\"},{\"@type\":\"ListItem\",\"position\":2,\"name\":\"Loja\",\"item\":\"https:\\\/\\\/lovme.pt\\\/index.php\\\/loja\\\/\"},{\"@type\":\"ListItem\",\"position\":3,\"name\":\"TENGA &#8211; DEDAL MASTURBADOR UNI ESMERALDA\"}]},{\"@type\":\"WebSite\",\"@id\":\"https:\\\/\\\/lovme.pt\\\/#website\",\"url\":\"https:\\\/\\\/lovme.pt\\\/\",\"name\":\"Lovme Loja Er\u00f3tica N\u00ba1 em Portugal\",\"description\":\"A melhor loja er\u00f3tica de Portugal.\",\"alternateName\":\"Loja Er\u00f3tica Lovme\",\"potentialAction\":[{\"@type\":\"SearchAction\",\"target\":{\"@type\":\"EntryPoint\",\"urlTemplate\":\"https:\\\/\\\/lovme.pt\\\/?s={search_term_string}\"},\"query-input\":{\"@type\":\"PropertyValueSpecification\",\"valueRequired\":true,\"valueName\":\"search_term_string\"}}],\"inLanguage\":\"pt-PT\"}]}<\/script>\n<!-- \/ Yoast SEO plugin. -->","yoast_head_json":{"title":"TENGA - DEDAL MASTURBADOR UNI ESMERALDA - Lovme","robots":{"index":"index","follow":"follow","max-snippet":"max-snippet:-1","max-image-preview":"max-image-preview:large","max-video-preview":"max-video-preview:-1"},"canonical":"https:\/\/lovme.pt\/index.php\/produto\/tenga-dedal-masturbador-uni-esmeralda\/","og_locale":"pt_PT","og_type":"article","og_title":"TENGA - DEDAL MASTURBADOR UNI ESMERALDA - Lovme","og_description":"TENGA - DEDAL MASTURBADOR UNI ESMERALDA","og_url":"https:\/\/lovme.pt\/index.php\/produto\/tenga-dedal-masturbador-uni-esmeralda\/","og_site_name":"Lovme","article_modified_time":"2026-03-31T22:53:19+00:00","og_image":[{"width":800,"height":800,"url":"https:\/\/erki24nd3ub.exactdn.com\/wp-content\/uploads\/dream\/img\/img_163852_efd0384137f6391bd8e878047b7fd6f1_1.jpg?strip=all","type":"image\/jpeg"}],"twitter_card":"summary_large_image","twitter_misc":{"Tempo estimado de leitura":"2 minutos"},"schema":{"@context":"https:\/\/schema.org","@graph":[{"@type":"WebPage","@id":"https:\/\/lovme.pt\/index.php\/produto\/tenga-dedal-masturbador-uni-esmeralda\/","url":"https:\/\/lovme.pt\/index.php\/produto\/tenga-dedal-masturbador-uni-esmeralda\/","name":"TENGA - DEDAL MASTURBADOR UNI ESMERALDA - Lovme","isPartOf":{"@id":"https:\/\/lovme.pt\/#website"},"primaryImageOfPage":{"@id":"https:\/\/lovme.pt\/index.php\/produto\/tenga-dedal-masturbador-uni-esmeralda\/#primaryimage"},"image":{"@id":"https:\/\/lovme.pt\/index.php\/produto\/tenga-dedal-masturbador-uni-esmeralda\/#primaryimage"},"thumbnailUrl":"https:\/\/erki24nd3ub.exactdn.com\/wp-content\/uploads\/dream\/img\/img_163852_efd0384137f6391bd8e878047b7fd6f1_1.jpg?strip=all","datePublished":"2025-09-30T10:12:42+00:00","dateModified":"2026-03-31T22:53:19+00:00","breadcrumb":{"@id":"https:\/\/lovme.pt\/index.php\/produto\/tenga-dedal-masturbador-uni-esmeralda\/#breadcrumb"},"inLanguage":"pt-PT","potentialAction":[{"@type":"ReadAction","target":["https:\/\/lovme.pt\/index.php\/produto\/tenga-dedal-masturbador-uni-esmeralda\/"]}]},{"@type":"ImageObject","inLanguage":"pt-PT","@id":"https:\/\/lovme.pt\/index.php\/produto\/tenga-dedal-masturbador-uni-esmeralda\/#primaryimage","url":"https:\/\/erki24nd3ub.exactdn.com\/wp-content\/uploads\/dream\/img\/img_163852_efd0384137f6391bd8e878047b7fd6f1_1.jpg?strip=all","contentUrl":"https:\/\/erki24nd3ub.exactdn.com\/wp-content\/uploads\/dream\/img\/img_163852_efd0384137f6391bd8e878047b7fd6f1_1.jpg?strip=all","width":800,"height":800},{"@type":"BreadcrumbList","@id":"https:\/\/lovme.pt\/index.php\/produto\/tenga-dedal-masturbador-uni-esmeralda\/#breadcrumb","itemListElement":[{"@type":"ListItem","position":1,"name":"In\u00edcio","item":"https:\/\/lovme.pt\/"},{"@type":"ListItem","position":2,"name":"Loja","item":"https:\/\/lovme.pt\/index.php\/loja\/"},{"@type":"ListItem","position":3,"name":"TENGA &#8211; DEDAL MASTURBADOR UNI ESMERALDA"}]},{"@type":"WebSite","@id":"https:\/\/lovme.pt\/#website","url":"https:\/\/lovme.pt\/","name":"Lovme Loja Er\u00f3tica N\u00ba1 em Portugal","description":"A melhor loja er\u00f3tica de Portugal.","alternateName":"Loja Er\u00f3tica Lovme","potentialAction":[{"@type":"SearchAction","target":{"@type":"EntryPoint","urlTemplate":"https:\/\/lovme.pt\/?s={search_term_string}"},"query-input":{"@type":"PropertyValueSpecification","valueRequired":true,"valueName":"search_term_string"}}],"inLanguage":"pt-PT"}]}},"_links":{"self":[{"href":"https:\/\/lovme.pt\/index.php\/wp-json\/wp\/v2\/product\/46630","targetHints":{"allow":["GET"]}}],"collection":[{"href":"https:\/\/lovme.pt\/index.php\/wp-json\/wp\/v2\/product"}],"about":[{"href":"https:\/\/lovme.pt\/index.php\/wp-json\/wp\/v2\/types\/product"}],"wp:featuredmedia":[{"embeddable":true,"href":"https:\/\/lovme.pt\/index.php\/wp-json\/wp\/v2\/media\/64104"}],"wp:attachment":[{"href":"https:\/\/lovme.pt\/index.php\/wp-json\/wp\/v2\/media?parent=46630"}],"wp:term":[{"taxonomy":"product_brand","embeddable":true,"href":"https:\/\/lovme.pt\/index.php\/wp-json\/wp\/v2\/product_brand?post=46630"},{"taxonomy":"product_cat","embeddable":true,"href":"https:\/\/lovme.pt\/index.php\/wp-json\/wp\/v2\/product_cat?post=46630"},{"taxonomy":"product_tag","embeddable":true,"href":"https:\/\/lovme.pt\/index.php\/wp-json\/wp\/v2\/product_tag?post=46630"}],"curies":[{"name":"wp","href":"https:\/\/api.w.org\/{rel}","templated":true}]}}